{"id":6,"date":"2016-09-27T22:42:29","date_gmt":"2016-09-28T01:42:29","guid":{"rendered":"http:\/\/ultimato.com.br\/sites\/leituras-diarias-cronicas-narnia\/?page_id=6"},"modified":"2016-09-27T22:45:20","modified_gmt":"2016-09-28T01:45:20","slug":"o-livro","status":"publish","type":"page","link":"https:\/\/ultimato.com.br\/sites\/leituras-diarias-cronicas-narnia\/","title":{"rendered":"O Livro"},"content":{"rendered":"<blockquote><p>C. S. Lewis combina a vis\u00e3o de um romancista com uma profunda compreens\u00e3o religiosa.<\/p><\/blockquote>\n<p><em>\u2013 The New York Times Book Review<\/em><\/p>\n<p><strong>\u00a0<\/strong><\/p>\n<p><strong>Leituras Di\u00e1rias das Cr\u00f4nicas de N\u00e1rnia \u2013 Um Ano com Aslam<\/strong> re\u00fane uma sele\u00e7\u00e3o preciosa de 365 trechos dos sete livros mais amados de C. S. Lewis \u2013 <em>As Cr\u00f4nicas de N\u00e1rnia<\/em> \u2013, que se tornaram cl\u00e1ssicos da literatura mundial e tamb\u00e9m ganharam o cinema:<\/p>\n<p><em>&#8211; O Le\u00e3o, a Feiticeira e o Guarda-Roupa<\/em><\/p>\n<p><em>&#8211; O Sobrinho do Mago<\/em><\/p>\n<p><em>&#8211; O Cavalo e Seu Menino<\/em><\/p>\n<p><em>&#8211; Pr\u00edncipe Caspian<\/em><\/p>\n<p><em>&#8211; A Viagem do Peregrino da Alvorada<\/em><\/p>\n<p><em>&#8211; A Cadeira de Prata<\/em><\/p>\n<p><em>&#8211; A \u00daltima Batalha<\/em><\/p>\n<p>&nbsp;<\/p>\n<p>Ao longo de um ano inteiro, as perguntas e reflex\u00f5es no final de cada leitura di\u00e1ria nos ajudam a conhecer o mundo de N\u00e1rnia e compreender melhor o nosso pr\u00f3prio mundo. Em meio a aventuras encantadoras, encontramos tamb\u00e9m inspira\u00e7\u00e3o, sabedoria e orienta\u00e7\u00e3o sobre o verdadeiro significado da vida.<\/p>\n<p>Uma leitura fascinante.<\/p>\n","protected":false},"excerpt":{"rendered":"<p>C. S. Lewis combina a vis\u00e3o de um romancista com uma profunda compreens\u00e3o religiosa. \u2013 The New York Times Book Review \u00a0 Leituras Di\u00e1rias das Cr\u00f4nicas de N\u00e1rnia \u2013 Um Ano com Aslam re\u00fane uma sele\u00e7\u00e3o preciosa de 365 trechos dos sete livros mais amados de C. S. Lewis \u2013 As Cr\u00f4nicas de N\u00e1rnia \u2013, [&hellip;]<\/p>\n","protected":false},"author":24,"featured_media":0,"parent":0,"menu_order":1,"comment_status":"closed","ping_status":"closed","template":"","meta":{"ngg_post_thumbnail":0,"footnotes":""},"class_list":["post-6","page","type-page","status-publish","hentry"],"_links":{"self":[{"href":"https:\/\/ultimato.com.br\/sites\/leituras-diarias-cronicas-narnia\/wp-json\/wp\/v2\/pages\/6","targetHints":{"allow":["GET"]}}],"collection":[{"href":"https:\/\/ultimato.com.br\/sites\/leituras-diarias-cronicas-narnia\/wp-json\/wp\/v2\/pages"}],"about":[{"href":"https:\/\/ultimato.com.br\/sites\/leituras-diarias-cronicas-narnia\/wp-json\/wp\/v2\/types\/page"}],"author":[{"embeddable":true,"href":"https:\/\/ultimato.com.br\/sites\/leituras-diarias-cronicas-narnia\/wp-json\/wp\/v2\/users\/24"}],"replies":[{"embeddable":true,"href":"https:\/\/ultimato.com.br\/sites\/leituras-diarias-cronicas-narnia\/wp-json\/wp\/v2\/comments?post=6"}],"version-history":[{"count":3,"href":"https:\/\/ultimato.com.br\/sites\/leituras-diarias-cronicas-narnia\/wp-json\/wp\/v2\/pages\/6\/revisions"}],"predecessor-version":[{"id":29,"href":"https:\/\/ultimato.com.br\/sites\/leituras-diarias-cronicas-narnia\/wp-json\/wp\/v2\/pages\/6\/revisions\/29"}],"wp:attachment":[{"href":"https:\/\/ultimato.com.br\/sites\/leituras-diarias-cronicas-narnia\/wp-json\/wp\/v2\/media?parent=6"}],"curies":[{"name":"wp","href":"https:\/\/api.w.org\/{rel}","templated":true}]}}