{"id":418,"date":"2023-11-17T16:20:15","date_gmt":"2023-11-17T19:20:15","guid":{"rendered":"https:\/\/ultimato.com.br\/sites\/filosofia-fe-crista\/?page_id=418"},"modified":"2024-07-11T14:29:26","modified_gmt":"2024-07-11T17:29:26","slug":"natureza-sanguinaria","status":"publish","type":"page","link":"https:\/\/ultimato.com.br\/sites\/filosofia-fe-crista\/tituloslivros\/natureza-sanguinaria\/","title":{"rendered":"NATUREZA SANGUIN\u00c1RIA"},"content":{"rendered":"<hr \/>\n<h3 style=\"text-align: center;\">&#8220;Os te\u00edstas que hesitam ante a qualquer tentativa de explicar o mal s\u00e3o for\u00e7ados a encarar o fato de que os escritos sagrados das principais tradi\u00e7\u00f5es te\u00edstas muitas vezes fornecem tais explica\u00e7\u00f5es.&#8221;<\/h3>\n<hr \/>\n<p><a href=\"https:\/\/loja.ultimato.com.br\/livros\/natureza-sanguinaria\"><img loading=\"lazy\" decoding=\"async\" class=\"alignleft wp-image-426 size-full\" style=\"border: 1px solid #555;\" src=\"http:\/\/ultimato.com.br\/sites\/filosofia-fe-crista\/files\/2023\/11\/capa_natureza_sanguinaria_frente-1.jpg\" alt=\"\" width=\"209\" height=\"300\" \/><\/a><\/p>\n<h4><\/h4>\n<h4 style=\"font-family: minion pro;\">Como explicar o sofrimento evit\u00e1vel \u2013 e que n\u00e3o serve a prop\u00f3sito algum \u2013 de um animal?<br \/>\nO mal continua sendo um desafio para os que creem. Como lidar com os argumentos em favor do ate\u00edsmo, tendo em vista o sofrimento animal e tamb\u00e9m a aus\u00eancia de respostas da f\u00e9 crist\u00e3? Como lidar com o aparente con\u00adflito entre a tese te\u00edsta de que existe um Deus criador, amoroso e onisciente, e a realidade da exist\u00eancia do mal no mundo?<\/h4>\n<h4 style=\"font-family: minion pro;\">Natureza Sanguin\u00e1ria \u2013 Deus e o problema do sofrimento animal explora o desafio especial dos crist\u00e3os levantado pela dor e pelo sofrimento dos animais, oferecendo explica\u00e7\u00f5es abrangentes como resposta.<\/h4>\n<p style=\"color: white;\">\u00a0 COMPRE <strong>AGOR<a href=\"https:\/\/loja.ultimato.com.br\/livros\/natureza-sanguinaria\"><img loading=\"lazy\" decoding=\"async\" class=\"alignleft wp-image-372 size-full\" src=\"http:\/\/ultimato.com.br\/sites\/filosofia-fe-crista\/files\/2023\/06\/Capturar.jpg\" alt=\"\" width=\"177\" height=\"73\" \/><\/a>A<\/strong><\/p>\n<p>&nbsp;<\/p>\n<p>&nbsp;<\/p>\n<p>&nbsp;<\/p>\n<p style=\"font-size: 16px; font-family: AEONIK;\">FORMATO <strong>DIGITAL <\/strong>(EBOOK): <a href=\"https:\/\/www.amazon.com.br\/Natureza-Sanguin%C3%A1ria-problema-sofrimento-Filosofia-ebook\/dp\/B0CLS2CHWR\/ref=sr_1_1?crid=3RHBQQGGDZ8HW&amp;keywords=natureza+sanguin%C3%A1ria&amp;qid=1699036324&amp;s=digital-text&amp;sprefix=natureza+sangui%2Cdigital-text%2C203&amp;sr=1-1\"><button> <strong>AMAZON<\/strong> <\/button><\/a> <a href=\"https:\/\/books.apple.com\/us\/book\/natureza-sanguin%C3%A1ria\/id6470372131\"><button>APPLE<\/button><\/a> <a href=\"https:\/\/www.kobo.com\/br\/pt\/ebook\/natureza-sanguinaria\"><button><strong>KOBO<\/strong><\/button><\/a><\/p>\n<p>&nbsp;<\/p>\n<hr \/>\n<h2 style=\"text-align: center; font-family: AEONIK light;\"><strong>VIDEO<\/strong>-RESENHA<\/h2>\n<hr \/>\n<p align=\"center\"><iframe loading=\"lazy\" title=\"NATUREZA SANGUIN\u00c1RIA [com Dafne Reis] | V\u00cdDEO-RESENHA\" src=\"https:\/\/www.youtube.com\/embed\/WrOnukC5fIg\" width=\"962\" height=\"541\" frameborder=\"0\" allowfullscreen=\"allowfullscreen\"><span data-mce-type=\"bookmark\" style=\"display: inline-block; width: 0px; overflow: hidden; line-height: 0;\" class=\"mce_SELRES_start\">\ufeff<\/span><\/iframe><\/p>\n<hr \/>\n<h2 style=\"text-align: center; font-family: AEONIK light;\"><strong>GUIA DE <\/strong>ESTUDOS<\/h2>\n<hr \/>\n<blockquote><p><a href=\"https:\/\/drive.google.com\/file\/d\/1VzkxW5u3hN4xd6b-dMZNcomSJ3bQymV0\/view?usp=sharing\"><img loading=\"lazy\" decoding=\"async\" class=\"alignleft wp-image-476 size-full\" src=\"http:\/\/ultimato.com.br\/sites\/filosofia-fe-crista\/files\/2024\/02\/1707246731647-729ad1f5-90ca-4547-9ba1-0fceb5c9b8e7_1.jpg\" alt=\"\" width=\"211\" height=\"300\" \/><\/a><\/p>\n<p>&nbsp;<\/p>\n<p>O <a href=\"https:\/\/drive.google.com\/file\/d\/1VzkxW5u3hN4xd6b-dMZNcomSJ3bQymV0\/view?usp=sharing\"><strong>Guia de Estudos &#8211; Natureza Sanguin\u00e1ria<\/strong><\/a> apresenta um rico material de apoio, al\u00e9m de perguntas para discuss\u00e3o do livro <a href=\"https:\/\/loja.ultimato.com.br\/livros\/natureza-sanguinaria\">Natureza Sanguin\u00e1ria \u2013 Deus e o problema do sofrimento animal<\/a>, quinto volume da s\u00e9rie Filosofia e F\u00e9 Crist\u00e3.<\/p>\n<p>&nbsp;<\/p>\n<p>Dafne O. Reis e Gabriel R. de Oliveira oferecem uma breve apresenta\u00e7\u00e3o do livro, bem como um gloss\u00e1rio explicativo sobre alguns termos t\u00e9cnicos. Um excelente recurso tanto para a leitura individual, como tamb\u00e9m para o estudo em grupo dessa obra que vem inaugurar a teologia anal\u00edtica no Brasil.<\/p>\n<p>&nbsp;<\/p>\n<p><a href=\"https:\/\/drive.google.com\/file\/d\/1VzkxW5u3hN4xd6b-dMZNcomSJ3bQymV0\/view?usp=sharing\"><img loading=\"lazy\" decoding=\"async\" class=\"alignleft wp-image-370 size-full\" src=\"http:\/\/ultimato.com.br\/sites\/filosofia-fe-crista\/files\/2023\/06\/Copia-de-Ultimato_Modelo-Twitter-2-2.png\" alt=\"\" width=\"85\" height=\"50\" \/><\/a><\/p>\n<p>&nbsp;<\/p>\n<p>&nbsp;<\/p>\n<p>&nbsp;<\/p>\n<p>&nbsp;<\/p><\/blockquote>\n<hr \/>\n<h2 style=\"text-align: center; font-family: AEONIK light;\"><strong>MINI<\/strong>CURSO<\/h2>\n<hr \/>\n<blockquote><p><img loading=\"lazy\" decoding=\"async\" class=\"alignleft wp-image-475 size-full\" src=\"http:\/\/ultimato.com.br\/sites\/filosofia-fe-crista\/files\/2024\/02\/natureza_sanguinaria_583_1_1c87669717d93d3217f1382762a55c54.jpg\" alt=\"\" width=\"200\" height=\"287\" \/><\/p>\n<p>&nbsp;<\/p>\n<p><a href=\"https:\/\/www.youtube.com\/watch?v=9T-dCL0fXZY&amp;list=PLtez-CeNd8izDhh2Vhfwv3DmW1QXy-2Mr\">Aula 1 &#8211; Deus e o sofrimento animal<\/a><\/p>\n<p>&nbsp;<\/p>\n<p><a href=\"https:\/\/www.youtube.com\/watch?v=F90MdETYIrw&amp;list=PLtez-CeNd8izDhh2Vhfwv3DmW1QXy-2Mr&amp;index=2\">Aula 2 &#8211; O argumento evidencial do mal, o te\u00edsmo c\u00e9tico e o padr\u00e3o epist\u00eamico<\/a><\/p>\n<p>&nbsp;<\/p>\n<p><a href=\"https:\/\/www.youtube.com\/watch?v=J_Jid_Dtyks&amp;list=PLtez-CeNd8izDhh2Vhfwv3DmW1QXy-2Mr&amp;index=3\">Aula 3 &#8211; Uma avalia\u00e7\u00e3o do neocartesianismo<\/a><\/p>\n<p>&nbsp;<\/p>\n<p><a href=\"https:\/\/www.youtube.com\/watch?v=GXdv4ABk66Y&amp;list=PLtez-CeNd8izDhh2Vhfwv3DmW1QXy-2Mr&amp;index=4\">Aula 4 &#8211; Teodiceia baseada na queda de Ad\u00e3o<\/a><\/p>\n<p>&nbsp;<\/p>\n<p><a href=\"https:\/\/www.youtube.com\/watch?v=vXS5fyiid_4&amp;list=PLtez-CeNd8izDhh2Vhfwv3DmW1QXy-2Mr&amp;index=5\">Aula 5 &#8211; A cria\u00e7\u00e3o, a teoria da evolu\u00e7\u00e3o e as raz\u00f5es de Deus<\/a><\/p>\n<p>&nbsp;<\/p>\n<p>&nbsp;<\/p><\/blockquote>\n<hr \/>\n<h2 style=\"text-align: center; font-family: AEONIK light;\"><strong>POD<\/strong>CAST<\/h2>\n<hr \/>\n<p align=\"center\"><iframe loading=\"lazy\" title=\"Natureza Sanguin\u00e1ria - BTCast ABC2 065\" src=\"https:\/\/www.youtube.com\/embed\/wzhRmPce7B0\" width=\"953\" height=\"536\" frameborder=\"0\" allowfullscreen=\"allowfullscreen\"><\/iframe><\/p>\n<hr \/>\n<h2 style=\"text-align: center; font-family: AEONIK light;\"><strong>EN<\/strong>DOSSOS<\/h2>\n<hr \/>\n<blockquote><p>Uma obra cuidadosamente argumentada, historicamente fundamentada e perspicaz.<strong><br \/>\n\u2013 American Catholic Philosophical Quarterly<\/strong><\/p><\/blockquote>\n<blockquote><p>O \u00fanico livro em ingl\u00eas sobre teodiceia e sofrimento animal na filosofia da religi\u00e3o. Murray estabelece o padr\u00e3o para a discuss\u00e3o da dor animal como um problema na teodiceia.<strong><br \/>\n\u2013 Gary Chartier<\/strong><\/p><\/blockquote>\n<blockquote><p><strong>Natureza Sanguin\u00e1ria \u2013 Deus e o problema do sofrimento animal<\/strong>\u00a0foi escrito com clareza e seria um acr\u00e9scimo \u00fatil aos cursos de filosofia da religi\u00e3o, especialmente aqueles que enfocam o problema do mal.<br \/>\n<strong>\u2013 Mylan Engel Jr<\/strong><\/p><\/blockquote>\n<hr \/>\n<h2 style=\"text-align: center; font-family: AEONIK light;\"><strong>OUTROS <\/strong>LINKS<\/h2>\n<hr \/>\n<p style=\"text-align: center;\">EM <strong>BREVE<\/strong><\/p>\n","protected":false},"excerpt":{"rendered":"<p>&#8220;Os te\u00edstas que hesitam ante a qualquer tentativa de explicar o mal s\u00e3o for\u00e7ados a encarar o fato de que os escritos sagrados das principais tradi\u00e7\u00f5es te\u00edstas muitas vezes fornecem tais explica\u00e7\u00f5es.&#8221; Como explicar o sofrimento evit\u00e1vel \u2013 e que n\u00e3o serve a prop\u00f3sito algum \u2013 de um animal? O mal continua sendo um desafio [&hellip;]<\/p>\n","protected":false},"author":54,"featured_media":0,"parent":2,"menu_order":4,"comment_status":"closed","ping_status":"closed","template":"page-full-width.php","meta":{"ngg_post_thumbnail":0,"footnotes":""},"class_list":["post-418","page","type-page","status-publish","hentry"],"_links":{"self":[{"href":"https:\/\/ultimato.com.br\/sites\/filosofia-fe-crista\/wp-json\/wp\/v2\/pages\/418","targetHints":{"allow":["GET"]}}],"collection":[{"href":"https:\/\/ultimato.com.br\/sites\/filosofia-fe-crista\/wp-json\/wp\/v2\/pages"}],"about":[{"href":"https:\/\/ultimato.com.br\/sites\/filosofia-fe-crista\/wp-json\/wp\/v2\/types\/page"}],"author":[{"embeddable":true,"href":"https:\/\/ultimato.com.br\/sites\/filosofia-fe-crista\/wp-json\/wp\/v2\/users\/54"}],"replies":[{"embeddable":true,"href":"https:\/\/ultimato.com.br\/sites\/filosofia-fe-crista\/wp-json\/wp\/v2\/comments?post=418"}],"version-history":[{"count":14,"href":"https:\/\/ultimato.com.br\/sites\/filosofia-fe-crista\/wp-json\/wp\/v2\/pages\/418\/revisions"}],"predecessor-version":[{"id":511,"href":"https:\/\/ultimato.com.br\/sites\/filosofia-fe-crista\/wp-json\/wp\/v2\/pages\/418\/revisions\/511"}],"up":[{"embeddable":true,"href":"https:\/\/ultimato.com.br\/sites\/filosofia-fe-crista\/wp-json\/wp\/v2\/pages\/2"}],"wp:attachment":[{"href":"https:\/\/ultimato.com.br\/sites\/filosofia-fe-crista\/wp-json\/wp\/v2\/media?parent=418"}],"curies":[{"name":"wp","href":"https:\/\/api.w.org\/{rel}","templated":true}]}}