{"id":27,"date":"2023-06-12T09:00:23","date_gmt":"2023-06-12T12:00:23","guid":{"rendered":"https:\/\/ultimato.com.br\/sites\/serie-ciencia-e-fe\/?page_id=27"},"modified":"2025-03-14T15:35:15","modified_gmt":"2025-03-14T18:35:15","slug":"guias-de-estudos","status":"publish","type":"page","link":"https:\/\/ultimato.com.br\/sites\/filosofia-fe-crista\/guias-de-estudos\/","title":{"rendered":"GUIAS DE ESTUDOS"},"content":{"rendered":"<div id=\"attachment_171\" style=\"width: 221px\" class=\"wp-caption alignleft\"><a href=\"https:\/\/drive.google.com\/file\/d\/1ANIU7D8117-4Q5ocBTOq47G5c0xmPorm\/view?usp=drive_link\"><img loading=\"lazy\" decoding=\"async\" aria-describedby=\"caption-attachment-171\" class=\"wp-image-171 size-medium\" src=\"http:\/\/ultimato.com.br\/sites\/filosofia-fe-crista\/files\/2023\/05\/guiacer-211x300.jpg\" alt=\"\" width=\"211\" height=\"300\" srcset=\"https:\/\/ultimato.com.br\/sites\/filosofia-fe-crista\/files\/2023\/05\/guiacer-211x300.jpg 211w, https:\/\/ultimato.com.br\/sites\/filosofia-fe-crista\/files\/2023\/05\/guiacer.jpg 340w\" sizes=\"auto, (max-width: 211px) 100vw, 211px\" \/><\/a><p id=\"caption-attachment-171\" class=\"wp-caption-text\">Ci\u00eancia e Religi\u00e3o<\/p><\/div>\n<div id=\"attachment_172\" style=\"width: 221px\" class=\"wp-caption alignleft\"><a href=\"https:\/\/drive.google.com\/file\/d\/1u232rtrZXs_brqDvZLWqFOyO5r_NqF5k\/view?usp=drive_link\"><img loading=\"lazy\" decoding=\"async\" aria-describedby=\"caption-attachment-172\" class=\"wp-image-172 size-medium\" src=\"http:\/\/ultimato.com.br\/sites\/filosofia-fe-crista\/files\/2023\/05\/capa_guia_teologia_analitica-211x300.jpg\" alt=\"\" width=\"211\" height=\"300\" srcset=\"https:\/\/ultimato.com.br\/sites\/filosofia-fe-crista\/files\/2023\/05\/capa_guia_teologia_analitica-211x300.jpg 211w, https:\/\/ultimato.com.br\/sites\/filosofia-fe-crista\/files\/2023\/05\/capa_guia_teologia_analitica.jpg 340w\" sizes=\"auto, (max-width: 211px) 100vw, 211px\" \/><\/a><p id=\"caption-attachment-172\" class=\"wp-caption-text\">Teologia Anal\u00edtica<\/p><\/div>\n<div id=\"attachment_356\" style=\"width: 221px\" class=\"wp-caption alignleft\"><a href=\"https:\/\/drive.google.com\/file\/d\/1TM20XxW-mrtlzZEHCU5ZeK6bGY6a1w0x\/view?usp=drive_link\"><img loading=\"lazy\" decoding=\"async\" aria-describedby=\"caption-attachment-356\" class=\"wp-image-356 size-full\" src=\"http:\/\/ultimato.com.br\/sites\/filosofia-fe-crista\/files\/2023\/06\/capa_guia_dd-1.jpg\" alt=\"\" width=\"211\" height=\"300\" \/><\/a><p id=\"caption-attachment-356\" class=\"wp-caption-text\">Discurso Divino<\/p><\/div>\n<div id=\"attachment_466\" style=\"width: 221px\" class=\"wp-caption alignleft\"><a href=\"https:\/\/drive.google.com\/file\/d\/1xOXShe3Tsif7AW1D8mpIa8ar4MuXpeay\/view?usp=drive_link\"><img loading=\"lazy\" decoding=\"async\" aria-describedby=\"caption-attachment-466\" class=\"wp-image-466 size-full\" src=\"http:\/\/ultimato.com.br\/sites\/filosofia-fe-crista\/files\/2024\/01\/1704996283190-530ae085-267a-4bd8-b84b-a7bcc6afe668_1.jpg\" alt=\"\" width=\"211\" height=\"300\" \/><\/a><p id=\"caption-attachment-466\" class=\"wp-caption-text\">Filosofia da Religi\u00e3o<\/p><\/div>\n<div id=\"attachment_465\" style=\"width: 221px\" class=\"wp-caption alignleft\"><a href=\"https:\/\/drive.google.com\/file\/d\/1VzkxW5u3hN4xd6b-dMZNcomSJ3bQymV0\/view?usp=drive_link\"><img loading=\"lazy\" decoding=\"async\" aria-describedby=\"caption-attachment-465\" class=\"wp-image-465 size-full\" src=\"http:\/\/ultimato.com.br\/sites\/filosofia-fe-crista\/files\/2024\/01\/1704996006378-ddfd1d5c-741b-4942-96f9-f917d6ccc90e_1.jpg\" alt=\"\" width=\"211\" height=\"300\" \/><\/a><p id=\"caption-attachment-465\" class=\"wp-caption-text\">Natureza Sanguin\u00e1ria<\/p><\/div>\n<div id=\"attachment_497\" style=\"width: 221px\" class=\"wp-caption alignleft\"><a href=\"https:\/\/drive.google.com\/file\/d\/1lRLLCr7Ss23jBaeoEWiub-9hXOVSPdYY\/view?usp=sharing\"><img loading=\"lazy\" decoding=\"async\" aria-describedby=\"caption-attachment-497\" class=\"size-full wp-image-497\" src=\"http:\/\/ultimato.com.br\/sites\/filosofia-fe-crista\/files\/2024\/03\/Guia-de-Estudo_Petitionary-Prayer-1_page-0001.jpg\" alt=\"\" width=\"211\" height=\"300\" \/><\/a><p id=\"caption-attachment-497\" class=\"wp-caption-text\">Ora\u00e7\u00e3o de Peti\u00e7\u00e3o<\/p><\/div>\n<div id=\"attachment_534\" style=\"width: 221px\" class=\"wp-caption alignleft\"><a href=\"https:\/\/drive.google.com\/file\/d\/1fU2b5P1Sm_wpxY2e0OLdD-KIw5w80VtP\/view?usp=sharing\"><img loading=\"lazy\" decoding=\"async\" aria-describedby=\"caption-attachment-534\" class=\"wp-image-534 size-full\" src=\"http:\/\/ultimato.com.br\/sites\/filosofia-fe-crista\/files\/2024\/11\/Capturar.png\" alt=\"\" width=\"211\" height=\"300\" \/><\/a><p id=\"caption-attachment-534\" class=\"wp-caption-text\">F\u00e9 Ritualizada<\/p><\/div>\n<div id=\"attachment_557\" style=\"width: 221px\" class=\"wp-caption alignleft\"><a href=\"https:\/\/drive.google.com\/file\/d\/1JnUdezRGDBB-tDDJ7gFtpX1qIJCvoK4r\/view?usp=sharing\"><img loading=\"lazy\" decoding=\"async\" aria-describedby=\"caption-attachment-557\" class=\"wp-image-557 size-full\" src=\"http:\/\/ultimato.com.br\/sites\/filosofia-fe-crista\/files\/2025\/02\/Capturar.png\" alt=\"\" width=\"211\" height=\"300\" \/><\/a><p id=\"caption-attachment-557\" class=\"wp-caption-text\">Manual Oxford<\/p><\/div>\n<div id=\"attachment_569\" style=\"width: 220px\" class=\"wp-caption alignleft\"><a href=\"https:\/\/drive.google.com\/file\/d\/1eDr0luqZTsTWmv21_4llrkkqwjSXiRge\/view?usp=sharing\"><img loading=\"lazy\" decoding=\"async\" aria-describedby=\"caption-attachment-569\" class=\"wp-image-569 size-full\" src=\"http:\/\/ultimato.com.br\/sites\/filosofia-fe-crista\/files\/2025\/03\/Capturar.png\" alt=\"\" width=\"210\" height=\"300\" \/><\/a><p id=\"caption-attachment-569\" class=\"wp-caption-text\">Pessoas: Humanas e Divinas<\/p><\/div>\n<div id=\"attachment_570\" style=\"width: 220px\" class=\"wp-caption alignleft\"><a href=\"https:\/\/drive.google.com\/file\/d\/1pTQfRlft1MjoAazv7vs-Oj1u7hROhJzj\/view?usp=sharing\"><img loading=\"lazy\" decoding=\"async\" aria-describedby=\"caption-attachment-570\" class=\"wp-image-570 size-full\" src=\"http:\/\/ultimato.com.br\/sites\/filosofia-fe-crista\/files\/2025\/03\/Capturar-1.png\" alt=\"\" width=\"210\" height=\"300\" \/><\/a><p id=\"caption-attachment-570\" class=\"wp-caption-text\">Expia\u00e7\u00e3o<\/p><\/div>\n","protected":false},"excerpt":{"rendered":"","protected":false},"author":1,"featured_media":0,"parent":0,"menu_order":0,"comment_status":"closed","ping_status":"closed","template":"page-full-width.php","meta":{"ngg_post_thumbnail":0,"footnotes":""},"class_list":["post-27","page","type-page","status-publish","hentry"],"_links":{"self":[{"href":"https:\/\/ultimato.com.br\/sites\/filosofia-fe-crista\/wp-json\/wp\/v2\/pages\/27","targetHints":{"allow":["GET"]}}],"collection":[{"href":"https:\/\/ultimato.com.br\/sites\/filosofia-fe-crista\/wp-json\/wp\/v2\/pages"}],"about":[{"href":"https:\/\/ultimato.com.br\/sites\/filosofia-fe-crista\/wp-json\/wp\/v2\/types\/page"}],"author":[{"embeddable":true,"href":"https:\/\/ultimato.com.br\/sites\/filosofia-fe-crista\/wp-json\/wp\/v2\/users\/1"}],"replies":[{"embeddable":true,"href":"https:\/\/ultimato.com.br\/sites\/filosofia-fe-crista\/wp-json\/wp\/v2\/comments?post=27"}],"version-history":[{"count":17,"href":"https:\/\/ultimato.com.br\/sites\/filosofia-fe-crista\/wp-json\/wp\/v2\/pages\/27\/revisions"}],"predecessor-version":[{"id":571,"href":"https:\/\/ultimato.com.br\/sites\/filosofia-fe-crista\/wp-json\/wp\/v2\/pages\/27\/revisions\/571"}],"wp:attachment":[{"href":"https:\/\/ultimato.com.br\/sites\/filosofia-fe-crista\/wp-json\/wp\/v2\/media?parent=27"}],"curies":[{"name":"wp","href":"https:\/\/api.w.org\/{rel}","templated":true}]}}