{"id":8,"date":"2018-03-20T09:38:34","date_gmt":"2018-03-20T12:38:34","guid":{"rendered":"http:\/\/ultimato.com.br\/sites\/filosofia-da-tecnologia\/?page_id=8"},"modified":"2018-03-20T10:15:59","modified_gmt":"2018-03-20T13:15:59","slug":"o-que-disseram","status":"publish","type":"page","link":"https:\/\/ultimato.com.br\/sites\/filosofia-da-tecnologia\/o-que-disseram\/","title":{"rendered":"O que disseram"},"content":{"rendered":"<blockquote><p><span style=\"color: #333333;\"><strong>Filosofia da Tecnologia<\/strong>\u00a0aprofundou especialmente minha aprecia\u00e7\u00e3o pelo trabalho dos autores Verkerk, van der Stoep, Hoogland e De Vries. Suas contribui\u00e7\u00f5es perspicazes \u00e0 reflex\u00e3o cr\u00edtica filos\u00f3fica sobre tecnologia merecem plenamente a audi\u00eancia mais ampla que esta publica\u00e7\u00e3o ir\u00e1 promover.\u201d<\/span><br \/>\n<span style=\"color: #333333;\"> \u00a0<\/span><br \/>\n<span style=\"color: #333333;\"> <em>\u2014Carl Mitcham, PhD, cadeira Hans Jonas na European Graduate School EGS e professor de artes liberais e estudos internacionais na Escola de Minas do Colorado, Estados Unidos.<\/em><\/span><\/p><\/blockquote>\n<blockquote><p><span style=\"color: #333333;\">Este livro \u00e9 uma interessante leitura para todos os interessados em como os fil\u00f3sofos t\u00eam analisado e interpretado a influ\u00eancia da tecnologia na condi\u00e7\u00e3o humana moderna.<\/span><br \/>\n<span style=\"color: #333333;\"> \u00a0<\/span><br \/>\n<span style=\"color: #333333;\"> <em>\u2014 Peter Kroes, Universidade Delft de Tecnologia, Holanda.<\/em><\/span><\/p><\/blockquote>\n","protected":false},"excerpt":{"rendered":"<p>Filosofia da Tecnologia\u00a0aprofundou especialmente minha aprecia\u00e7\u00e3o pelo trabalho dos autores Verkerk, van der Stoep, Hoogland e De Vries. Suas contribui\u00e7\u00f5es perspicazes \u00e0 reflex\u00e3o cr\u00edtica filos\u00f3fica sobre tecnologia merecem plenamente a audi\u00eancia mais ampla que esta publica\u00e7\u00e3o ir\u00e1 promover.\u201d \u00a0 \u2014Carl Mitcham, PhD, cadeira Hans Jonas na European Graduate School EGS e professor de artes liberais [&hellip;]<\/p>\n","protected":false},"author":24,"featured_media":0,"parent":0,"menu_order":2,"comment_status":"closed","ping_status":"closed","template":"","meta":{"footnotes":""},"class_list":["post-8","page","type-page","status-publish","hentry"],"_links":{"self":[{"href":"https:\/\/ultimato.com.br\/sites\/filosofia-da-tecnologia\/wp-json\/wp\/v2\/pages\/8","targetHints":{"allow":["GET"]}}],"collection":[{"href":"https:\/\/ultimato.com.br\/sites\/filosofia-da-tecnologia\/wp-json\/wp\/v2\/pages"}],"about":[{"href":"https:\/\/ultimato.com.br\/sites\/filosofia-da-tecnologia\/wp-json\/wp\/v2\/types\/page"}],"author":[{"embeddable":true,"href":"https:\/\/ultimato.com.br\/sites\/filosofia-da-tecnologia\/wp-json\/wp\/v2\/users\/24"}],"replies":[{"embeddable":true,"href":"https:\/\/ultimato.com.br\/sites\/filosofia-da-tecnologia\/wp-json\/wp\/v2\/comments?post=8"}],"version-history":[{"count":3,"href":"https:\/\/ultimato.com.br\/sites\/filosofia-da-tecnologia\/wp-json\/wp\/v2\/pages\/8\/revisions"}],"predecessor-version":[{"id":37,"href":"https:\/\/ultimato.com.br\/sites\/filosofia-da-tecnologia\/wp-json\/wp\/v2\/pages\/8\/revisions\/37"}],"wp:attachment":[{"href":"https:\/\/ultimato.com.br\/sites\/filosofia-da-tecnologia\/wp-json\/wp\/v2\/media?parent=8"}],"curies":[{"name":"wp","href":"https:\/\/api.w.org\/{rel}","templated":true}]}}