{"id":6,"date":"2018-08-29T09:12:29","date_gmt":"2018-08-29T12:12:29","guid":{"rendered":"http:\/\/ultimato.com.br\/sites\/fe-crista-acao-politica\/?page_id=6"},"modified":"2018-08-30T08:55:29","modified_gmt":"2018-08-30T11:55:29","slug":"o-livro","status":"publish","type":"page","link":"https:\/\/ultimato.com.br\/sites\/fe-crista-acao-politica\/","title":{"rendered":"O Livro"},"content":{"rendered":"<blockquote><p><span style=\"color: #333333;\"><strong><em>F\u00e9 Crist\u00e3 e A\u00e7\u00e3o Pol\u00edtica \u2013 A relev\u00e2ncia p\u00fablica da espiritualidade crist\u00e3<\/em><\/strong><em> representa uma nova fase de tradu\u00e7\u00e3o e globaliza\u00e7\u00e3o da teologia p\u00fablica neocalvinista no s\u00e9culo 21.<\/em><\/span><br \/>\n&nbsp;<br \/>\n<span style=\"color: #333333;\">\u2014 James K. A. Smith<\/span><\/p><\/blockquote>\n<blockquote><p><span style=\"color: #333333;\"><em>Com s\u00f3lido arcabou\u00e7o b\u00edblico-teol\u00f3gico e ampla percep\u00e7\u00e3o dos impasses filos\u00f3ficos atuais,\u00a0Pedro Dulci demonstra a for\u00e7a da f\u00e9 crist\u00e3 para a transforma\u00e7\u00e3o social.\u00a0<\/em><\/span><br \/>\n&nbsp;<br \/>\n<span style=\"color: #333333;\">\u2014 Davi Lago<\/span><\/p><\/blockquote>\n<p>Por que falar da relev\u00e2ncia p\u00fablica da espiritualidade em vez de falar da atua\u00e7\u00e3o pol\u00edtica da igreja?<\/p>\n<p>O que os pensadores do passado e tamb\u00e9m do presente sugerem e quais as possibilidades de atua\u00e7\u00e3o da igreja local para o bem p\u00fablico da sociedade?<\/p>\n<p>Dizer que \u201cIgreja\u201d e \u201cEstado\u201d s\u00e3o espa\u00e7os independentes e regidos por leis pr\u00f3prias n\u00e3o \u00e9 o mesmo que dizer que a religi\u00e3o se limita aos templos, ao domingo e aos crist\u00e3os, nem que a esfera pol\u00edtica \u00e9 restrita aos partidos, \u00e0 C\u00e2mara Municipal ou \u00e0 Assembleia Legislativa.<\/p>\n<p>Para Pedro Dulci, as institui\u00e7\u00f5es sociais s\u00e3o \u201cincubadoras de virtudes\u201d: elas nos mostram o poder pol\u00edtico da fam\u00edlia, da escola, da empresa e, acima de tudo, da igreja. E, mais do que ocupar determinado espa\u00e7o, a presen\u00e7a p\u00fablica crist\u00e3 diz respeito \u00e0s nossas a\u00e7\u00f5es, diante de Deus, em tudo o que fazemos para o bem comum e o florescimento do ser humano.<\/p>\n<p><strong>F\u00e9 Crist\u00e3 e A\u00e7\u00e3o Pol\u00edtica <\/strong>apresenta as mais recentes contribui\u00e7\u00f5es para a participa\u00e7\u00e3o e presen\u00e7a p\u00fablica dos crist\u00e3os, bem como aponta para a milit\u00e2ncia pol\u00edtica centrada no discipulado.<\/p>\n","protected":false},"excerpt":{"rendered":"<p>F\u00e9 Crist\u00e3 e A\u00e7\u00e3o Pol\u00edtica \u2013 A relev\u00e2ncia p\u00fablica da espiritualidade crist\u00e3 representa uma nova fase de tradu\u00e7\u00e3o e globaliza\u00e7\u00e3o da teologia p\u00fablica neocalvinista no s\u00e9culo 21. &nbsp; \u2014 James K. A. Smith Com s\u00f3lido arcabou\u00e7o b\u00edblico-teol\u00f3gico e ampla percep\u00e7\u00e3o dos impasses filos\u00f3ficos atuais,\u00a0Pedro Dulci demonstra a for\u00e7a da f\u00e9 crist\u00e3 para a transforma\u00e7\u00e3o social.\u00a0 [&hellip;]<\/p>\n","protected":false},"author":24,"featured_media":0,"parent":0,"menu_order":1,"comment_status":"closed","ping_status":"closed","template":"","meta":{"footnotes":""},"class_list":["post-6","page","type-page","status-publish","hentry"],"_links":{"self":[{"href":"https:\/\/ultimato.com.br\/sites\/fe-crista-acao-politica\/wp-json\/wp\/v2\/pages\/6","targetHints":{"allow":["GET"]}}],"collection":[{"href":"https:\/\/ultimato.com.br\/sites\/fe-crista-acao-politica\/wp-json\/wp\/v2\/pages"}],"about":[{"href":"https:\/\/ultimato.com.br\/sites\/fe-crista-acao-politica\/wp-json\/wp\/v2\/types\/page"}],"author":[{"embeddable":true,"href":"https:\/\/ultimato.com.br\/sites\/fe-crista-acao-politica\/wp-json\/wp\/v2\/users\/24"}],"replies":[{"embeddable":true,"href":"https:\/\/ultimato.com.br\/sites\/fe-crista-acao-politica\/wp-json\/wp\/v2\/comments?post=6"}],"version-history":[{"count":3,"href":"https:\/\/ultimato.com.br\/sites\/fe-crista-acao-politica\/wp-json\/wp\/v2\/pages\/6\/revisions"}],"predecessor-version":[{"id":35,"href":"https:\/\/ultimato.com.br\/sites\/fe-crista-acao-politica\/wp-json\/wp\/v2\/pages\/6\/revisions\/35"}],"wp:attachment":[{"href":"https:\/\/ultimato.com.br\/sites\/fe-crista-acao-politica\/wp-json\/wp\/v2\/media?parent=6"}],"curies":[{"name":"wp","href":"https:\/\/api.w.org\/{rel}","templated":true}]}}