{"id":46,"date":"2018-10-26T12:37:33","date_gmt":"2018-10-26T14:37:33","guid":{"rendered":"http:\/\/ultimato.com.br\/sites\/fe-crista-acao-politica\/?page_id=46"},"modified":"2018-10-26T12:38:38","modified_gmt":"2018-10-26T14:38:38","slug":"release","status":"publish","type":"page","link":"https:\/\/ultimato.com.br\/sites\/fe-crista-acao-politica\/extras\/release\/","title":{"rendered":"Release"},"content":{"rendered":"<p>Aqui est\u00e1 o press-release do livro\u00a0<strong>F\u00e9 Crist\u00e3 e A\u00e7\u00e3o Pol\u00edtica<\/strong>\u00a0para voc\u00ea divulgar no seu site, blog, jornal ou outro meio de comunica\u00e7\u00e3o do seu acesso. Ajude-nos a espalhar este conte\u00fado!<\/p>\n<p>\u2013 Arquivo em\u00a0<a href=\"http:\/\/ultimato.com.br\/sites\/fe-crista-acao-politica\/files\/Release_A\u00e7\u00e3o_Politica.pdf\" target=\"_blank\" rel=\"noopener\">PDF<\/a>.<\/p>\n","protected":false},"excerpt":{"rendered":"<p>Aqui est\u00e1 o press-release do livro\u00a0F\u00e9 Crist\u00e3 e A\u00e7\u00e3o Pol\u00edtica\u00a0para voc\u00ea divulgar no seu site, blog, jornal ou outro meio de comunica\u00e7\u00e3o do seu acesso. Ajude-nos a espalhar este conte\u00fado! \u2013 Arquivo em\u00a0PDF.<\/p>\n","protected":false},"author":24,"featured_media":0,"parent":12,"menu_order":3,"comment_status":"closed","ping_status":"closed","template":"","meta":{"footnotes":""},"class_list":["post-46","page","type-page","status-publish","hentry"],"_links":{"self":[{"href":"https:\/\/ultimato.com.br\/sites\/fe-crista-acao-politica\/wp-json\/wp\/v2\/pages\/46","targetHints":{"allow":["GET"]}}],"collection":[{"href":"https:\/\/ultimato.com.br\/sites\/fe-crista-acao-politica\/wp-json\/wp\/v2\/pages"}],"about":[{"href":"https:\/\/ultimato.com.br\/sites\/fe-crista-acao-politica\/wp-json\/wp\/v2\/types\/page"}],"author":[{"embeddable":true,"href":"https:\/\/ultimato.com.br\/sites\/fe-crista-acao-politica\/wp-json\/wp\/v2\/users\/24"}],"replies":[{"embeddable":true,"href":"https:\/\/ultimato.com.br\/sites\/fe-crista-acao-politica\/wp-json\/wp\/v2\/comments?post=46"}],"version-history":[{"count":2,"href":"https:\/\/ultimato.com.br\/sites\/fe-crista-acao-politica\/wp-json\/wp\/v2\/pages\/46\/revisions"}],"predecessor-version":[{"id":49,"href":"https:\/\/ultimato.com.br\/sites\/fe-crista-acao-politica\/wp-json\/wp\/v2\/pages\/46\/revisions\/49"}],"up":[{"embeddable":true,"href":"https:\/\/ultimato.com.br\/sites\/fe-crista-acao-politica\/wp-json\/wp\/v2\/pages\/12"}],"wp:attachment":[{"href":"https:\/\/ultimato.com.br\/sites\/fe-crista-acao-politica\/wp-json\/wp\/v2\/media?parent=46"}],"curies":[{"name":"wp","href":"https:\/\/api.w.org\/{rel}","templated":true}]}}