{"id":186,"date":"2010-09-23T12:18:33","date_gmt":"2010-09-23T15:18:33","guid":{"rendered":"http:\/\/ultimato.com.br\/sites\/fatosecorrelatos\/"},"modified":"2023-07-24T15:25:49","modified_gmt":"2023-07-24T18:25:49","slug":"bio","status":"publish","type":"page","link":"https:\/\/ultimato.com.br\/sites\/fatosecorrelatos\/bio\/","title":{"rendered":"Bio"},"content":{"rendered":"<p><a href=\"http:\/\/ultimato.com.br\/sites\/fatosecorrelatos\/files\/2010\/09\/IMG_1579_reduz.jpg\" class=\"lightview\" data-lightview-group=\"group-186\" data-lightview-options=\"skin: 'dark', controls: 'relative', padding: '10', shadow: { color: '#000000', opacity: 0.08, blur: 3 }\"><img loading=\"lazy\" decoding=\"async\" class=\"alignright size-medium wp-image-1636\" src=\"http:\/\/ultimato.com.br\/sites\/fatosecorrelatos\/files\/2010\/09\/IMG_1579_reduz-300x219.jpg\" alt=\"\" width=\"300\" height=\"219\" srcset=\"https:\/\/ultimato.com.br\/sites\/fatosecorrelatos\/files\/2010\/09\/IMG_1579_reduz-300x219.jpg 300w, https:\/\/ultimato.com.br\/sites\/fatosecorrelatos\/files\/2010\/09\/IMG_1579_reduz-768x560.jpg 768w, https:\/\/ultimato.com.br\/sites\/fatosecorrelatos\/files\/2010\/09\/IMG_1579_reduz-1024x747.jpg 1024w, https:\/\/ultimato.com.br\/sites\/fatosecorrelatos\/files\/2010\/09\/IMG_1579_reduz-732x534.jpg 732w, https:\/\/ultimato.com.br\/sites\/fatosecorrelatos\/files\/2010\/09\/IMG_1579_reduz-1140x831.jpg 1140w\" sizes=\"auto, (max-width: 300px) 100vw, 300px\" \/><\/a>Gosto de livros &#8211; n\u00e3o importa o formato.<\/p>\n<p>Gosto de fotografia &#8211; colorida ou preto&amp;branco, digital ou impressa.<\/p>\n<p>Gosto de frases curtas, do texto direto, mas com um toque do impl\u00edcito. N\u00e3o precisamos dizer tudo; apenas o suficiente.<\/p>\n<p>Gosto do cotidiano, do olhar que n\u00e3o foge ao dia a dia, ao jeito comum de se viver. Se os milagres surgirem, que eles me surpreendam positivamente. Se os grande eventos acontecerem, tentarei aproveitar o melhor dos fatos. Mas se o milagre e o grande evento n\u00e3o aparecerem, tudo bem. A vida \u00e9 por demais rica para eu acreditar que n\u00e3o seja interessante do jeito que ela \u00e9.<\/p>\n<p>Gosto de poesia. Ela me faz enxergar melhor o (quase) invis\u00edvel e me faz n\u00e3o perder a sensibilidade.<\/p>\n<p>Gosto do jornalismo. Sobretudo para quebrar barreiras e aplainar montes. Hist\u00f3rias, fatos, educa\u00e7\u00e3o&#8230; tudo \u00e9 poss\u00edvel no jornalismo.<\/p>\n<p><strong>Pequena biografia<\/strong><\/p>\n<p>Nasci em Bel\u00e9m do Par\u00e1 em 15 de janeiro de 1979. Sou filho de m\u00e3e fluminense e de pai ribeirinho. Eu, minha esposa Kelen e nosso Miguel moramos desde outubro de 2016 em Maring\u00e1 (PR). Aqui trabalhei at\u00e9 2022 como assessor editorial na <a href=\"https:\/\/www.unicesumar.edu.br\/\">Unicesumar<\/a>. Antes disso, por 15 anos, vivemos em Vi\u00e7osa (MG), onde trabalhei na <a href=\"http:\/\/www.maosdadas.org\">Rede M\u00e3os Dadas<\/a> e na <a href=\"http:\/\/www.ultimato.com.br\">Editora Ultimato<\/a>.<\/p>\n<p>Em 2022, lancei o meu primeiro livro de cr\u00f4nicas <a href=\"https:\/\/www.amazon.com.br\/cotidiano-extraordin%C3%A1rio-vida-pequenas-cr%C3%B4nicas\/dp\/6587009182\/ref=sr_1_1?__mk_pt_BR=%C3%85M%C3%85%C5%BD%C3%95%C3%91&amp;crid=3RYVQIN4B5NQB&amp;keywords=o+cotidiano+extraordinario&amp;qid=1690222353&amp;sprefix=o+cotidiano+extraordinario%2Caps%2C199&amp;sr=8-1\">&#8220;O Cotidiano Extraordin\u00e1rio &#8211; a vida em pequenas cr\u00f4nicas&#8221;<\/a> pela W4 Editora em parceria com a Editora Ultimato.<\/p>\n<p><em>Forma\u00e7\u00e3o<\/em><\/p>\n<p>Em 2000 me formei em Jornalismo pela Universidade Federal do Par\u00e1 (UFPA). Trabalhei no ramo do radiojornalismo como pauteiro e rep\u00f3rter na R\u00e1dio Cultura do Par\u00e1 e na R\u00e1dio Liberal FM\/AM. De 2001 a 2002, cursei missiologia no <a href=\"http:\/\/www.cem.org.br\" target=\"_blank\" rel=\"noopener noreferrer\">Centro Evang\u00e9lico de Miss\u00f5es<\/a> (CEM) em Vi\u00e7osa (MG).<\/p>\n<p>Por 10 anos (2001-2011) trabalhei com a <a href=\"http:\/\/www.maosdadas.org\" target=\"_blank\" rel=\"noopener noreferrer\">Rede M\u00e3os Dadas<\/a>. De 2011 a 2016 trabalhei como editor do Portal Ultimato. Minha viv\u00eancia comunit\u00e1ria em Vi\u00e7osa se deu na Igreja Presbiteriana de Vi\u00e7osa, na qual fui l\u00edder dos jovens (2011-2012) e presb\u00edtero (2013-2016).<\/p>\n<p>Tamb\u00e9m fui envolvido com a <a href=\"http:\/\/renas.org.br\" target=\"_blank\" rel=\"noopener noreferrer\">RENAS<\/a> (Rede Evang\u00e9lica Nacional de A\u00e7\u00e3o Social), desde o seu nascimento, em 2003.<\/p>\n<p>Minha caminhada \u00e9 fascinante porque Cristo \u00e9 meu companheiro e Senhor do caminho. Enquanto sonho com &#8220;novos c\u00e9us e nova terra&#8221;, me uno a um infind\u00e1vel n\u00famero de irm\u00e3os e irm\u00e3s na disposi\u00e7\u00e3o de anunciar com palavras e a\u00e7\u00f5es a alegria, a beleza e a justi\u00e7a do Reino de Deus.<\/p>\n<p>&#8220;Seja feita a tua vontade, assim na terra como no c\u00e9u&#8221;.<\/p>\n","protected":false},"excerpt":{"rendered":"<p>Gosto de livros &#8211; n\u00e3o importa o formato. Gosto de fotografia &#8211; colorida ou preto&amp;branco, digital ou impressa. Gosto de frases curtas, do texto direto, mas com um toque do impl\u00edcito. N\u00e3o precisamos dizer tudo; apenas o suficiente. Gosto do cotidiano, do olhar que n\u00e3o foge ao dia a dia, ao jeito comum de se [&hellip;]<\/p>\n","protected":false},"author":1,"featured_media":0,"parent":0,"menu_order":0,"comment_status":"open","ping_status":"open","template":"","meta":{"ngg_post_thumbnail":0,"footnotes":""},"class_list":["post-186","page","type-page","status-publish","hentry"],"_links":{"self":[{"href":"https:\/\/ultimato.com.br\/sites\/fatosecorrelatos\/wp-json\/wp\/v2\/pages\/186","targetHints":{"allow":["GET"]}}],"collection":[{"href":"https:\/\/ultimato.com.br\/sites\/fatosecorrelatos\/wp-json\/wp\/v2\/pages"}],"about":[{"href":"https:\/\/ultimato.com.br\/sites\/fatosecorrelatos\/wp-json\/wp\/v2\/types\/page"}],"author":[{"embeddable":true,"href":"https:\/\/ultimato.com.br\/sites\/fatosecorrelatos\/wp-json\/wp\/v2\/users\/1"}],"replies":[{"embeddable":true,"href":"https:\/\/ultimato.com.br\/sites\/fatosecorrelatos\/wp-json\/wp\/v2\/comments?post=186"}],"version-history":[{"count":14,"href":"https:\/\/ultimato.com.br\/sites\/fatosecorrelatos\/wp-json\/wp\/v2\/pages\/186\/revisions"}],"predecessor-version":[{"id":2305,"href":"https:\/\/ultimato.com.br\/sites\/fatosecorrelatos\/wp-json\/wp\/v2\/pages\/186\/revisions\/2305"}],"wp:attachment":[{"href":"https:\/\/ultimato.com.br\/sites\/fatosecorrelatos\/wp-json\/wp\/v2\/media?parent=186"}],"curies":[{"name":"wp","href":"https:\/\/api.w.org\/{rel}","templated":true}]}}

<p><a href="http://ultimato.com.br/sites/fatosecorrelatos/files/2010/09/IMG_1579_reduz.jpg" class="lightview" data-lightview-group="group-186" data-lightview-options="skin: 'dark', controls: 'relative', padding: '10', shadow: { color: '#000000', opacity: 0.08, blur: 3 }"><img loading="lazy" decoding="async" class="alignright size-medium wp-image-1636" src="http://ultimato.com.br/sites/fatosecorrelatos/files/2010/09/IMG_1579_reduz-300x219.jpg" alt="" width="300" height="219" srcset="https://ultimato.com.br/sites/fatosecorrelatos/files/2010/09/IMG_1579_reduz-300x219.jpg 300w, https://ultimato.com.br/sites/fatosecorrelatos/files/2010/09/IMG_1579_reduz-768x560.jpg 768w, https://ultimato.com.br/sites/fatosecorrelatos/files/2010/09/IMG_1579_reduz-1024x747.jpg 1024w, https://ultimato.com.br/sites/fatosecorrelatos/files/2010/09/IMG_1579_reduz-732x534.jpg 732w, https://ultimato.com.br/sites/fatosecorrelatos/files/2010/09/IMG_1579_reduz-1140x831.jpg 1140w" sizes="auto, (max-width: 300px) 100vw, 300px" /></a>Gosto de livros &#8211; não importa o formato.</p>
<p>Gosto de fotografia &#8211; colorida ou preto&amp;branco, digital ou impressa.</p>
<p>Gosto de frases curtas, do texto direto, mas com um toque do implícito. Não precisamos dizer tudo; apenas o suficiente.</p>
<p>Gosto do cotidiano, do olhar que não foge ao dia a dia, ao jeito comum de se viver. Se os milagres surgirem, que eles me surpreendam positivamente. Se os grande eventos acontecerem, tentarei aproveitar o melhor dos fatos. Mas se o milagre e o grande evento não aparecerem, tudo bem. A vida é por demais rica para eu acreditar que não seja interessante do jeito que ela é.</p>
<p>Gosto de poesia. Ela me faz enxergar melhor o (quase) invisível e me faz não perder a sensibilidade.</p>
<p>Gosto do jornalismo. Sobretudo para quebrar barreiras e aplainar montes. Histórias, fatos, educação&#8230; tudo é possível no jornalismo.</p>
<p><strong>Pequena biografia</strong></p>
<p>Nasci em Belém do Pará em 15 de janeiro de 1979. Sou filho de mãe fluminense e de pai ribeirinho. Eu, minha esposa Kelen e nosso Miguel moramos desde outubro de 2016 em Maringá (PR). Aqui trabalhei até 2022 como assessor editorial na <a href="https://www.unicesumar.edu.br/">Unicesumar</a>. Antes disso, por 15 anos, vivemos em Viçosa (MG), onde trabalhei na <a href="http://www.maosdadas.org">Rede Mãos Dadas</a> e na <a href="http://www.ultimato.com.br">Editora Ultimato</a>.</p>
<p>Em 2022, lancei o meu primeiro livro de crônicas <a href="https://www.amazon.com.br/cotidiano-extraordin%C3%A1rio-vida-pequenas-cr%C3%B4nicas/dp/6587009182/ref=sr_1_1?__mk_pt_BR=%C3%85M%C3%85%C5%BD%C3%95%C3%91&amp;crid=3RYVQIN4B5NQB&amp;keywords=o+cotidiano+extraordinario&amp;qid=1690222353&amp;sprefix=o+cotidiano+extraordinario%2Caps%2C199&amp;sr=8-1">&#8220;O Cotidiano Extraordinário &#8211; a vida em pequenas crônicas&#8221;</a> pela W4 Editora em parceria com a Editora Ultimato.</p>
<p><em>Formação</em></p>
<p>Em 2000 me formei em Jornalismo pela Universidade Federal do Pará (UFPA). Trabalhei no ramo do radiojornalismo como pauteiro e repórter na Rádio Cultura do Pará e na Rádio Liberal FM/AM. De 2001 a 2002, cursei missiologia no <a href="http://www.cem.org.br" target="_blank" rel="noopener noreferrer">Centro Evangélico de Missões</a> (CEM) em Viçosa (MG).</p>
<p>Por 10 anos (2001-2011) trabalhei com a <a href="http://www.maosdadas.org" target="_blank" rel="noopener noreferrer">Rede Mãos Dadas</a>. De 2011 a 2016 trabalhei como editor do Portal Ultimato. Minha vivência comunitária em Viçosa se deu na Igreja Presbiteriana de Viçosa, na qual fui líder dos jovens (2011-2012) e presbítero (2013-2016).</p>
<p>Também fui envolvido com a <a href="http://renas.org.br" target="_blank" rel="noopener noreferrer">RENAS</a> (Rede Evangélica Nacional de Ação Social), desde o seu nascimento, em 2003.</p>
<p>Minha caminhada é fascinante porque Cristo é meu companheiro e Senhor do caminho. Enquanto sonho com &#8220;novos céus e nova terra&#8221;, me uno a um infindável número de irmãos e irmãs na disposição de anunciar com palavras e ações a alegria, a beleza e a justiça do Reino de Deus.</p>
<p>&#8220;Seja feita a tua vontade, assim na terra como no céu&#8221;.</p>

<p>Gosto de livros &#8211; não importa o formato. Gosto de fotografia &#8211; colorida ou preto&amp;branco, digital ou impressa. Gosto de frases curtas, do texto direto, mas com um toque do implícito. Não precisamos dizer tudo; apenas o suficiente. Gosto do cotidiano, do olhar que não foge ao dia a dia, ao jeito comum de se [&hellip;]</p>
