{"id":13,"date":"2012-08-20T11:41:21","date_gmt":"2012-08-20T14:41:21","guid":{"rendered":"http:\/\/ultimato.com.br\/sites\/eu-creio-e-agora\/?page_id=13"},"modified":"2012-08-20T11:41:21","modified_gmt":"2012-08-20T14:41:21","slug":"o-que-disseram","status":"publish","type":"page","link":"https:\/\/ultimato.com.br\/sites\/eu-creio-e-agora\/o-que-disseram\/","title":{"rendered":"O que disseram"},"content":{"rendered":"<blockquote><p><span style=\"color: #000000;\">N. T. Wright, como sempre s\u00e1bio e erudito, mostra que o estudo das virtudes \u00e9 compat\u00edvel com o que significa ser crist\u00e3o. O Novo Testamento requer esse entendimento. Espero que tanto te\u00f3logos quanto n\u00e3o-te\u00f3logos leiam este livro.\u201d<\/span><\/p><\/blockquote>\n<p><span style=\"color: #000000;\"><strong>STANLEY HAUERWAS<\/strong>, professor de \u00e9tica teol\u00f3gica, Duke Divinity School<\/span><\/p>\n<p><span style=\"color: #000000;\">\u00a0<\/span><\/p>\n<blockquote><p><span style=\"color: #000000;\">\u201cEu Creio, E Agora?\u00a0nos convoca para uma vida moral que vai al\u00e9m dos difundidos paradigmas de \u2018ser feliz\u2019 e \u2018seguir as regras\u2019. Excelente livro para todos que desejam conhecer Jesus e entender o que significa segui-lo.\u201d<\/span><\/p><\/blockquote>\n<p><span style=\"color: #000000;\"><strong>TIMOTHY GEORGE<\/strong>, editor s\u00eanior de\u00a0Christianity Today<\/span><\/p>\n<p><span style=\"color: #000000;\">\u00a0<\/span><\/p>\n<blockquote><p><span style=\"color: #000000;\">\u201cUm livro belo e importante, escrito por um guia confi\u00e1vel. N. T. Wright combina um texto claro com discernimento b\u00edblico e julgamento s\u00e1bio. Uma vis\u00e3o ao mesmo tempo suave e radical.\u201d<\/span><\/p><\/blockquote>\n<p><span style=\"color: #000000;\"><strong>L. GREGORY JONES<\/strong>, Duke Divinity School<\/span><\/p>\n","protected":false},"excerpt":{"rendered":"<p>N. T. Wright, como sempre s\u00e1bio e erudito, mostra que o estudo das virtudes \u00e9 compat\u00edvel com o que significa ser crist\u00e3o. O Novo Testamento requer esse entendimento. Espero que tanto te\u00f3logos quanto n\u00e3o-te\u00f3logos leiam este livro.\u201d STANLEY HAUERWAS, professor de \u00e9tica teol\u00f3gica, Duke Divinity School \u00a0 \u201cEu Creio, E Agora?\u00a0nos convoca para uma vida [&hellip;]<\/p>\n","protected":false},"author":24,"featured_media":0,"parent":0,"menu_order":3,"comment_status":"open","ping_status":"open","template":"","meta":{"footnotes":""},"class_list":["post-13","page","type-page","status-publish","hentry"],"_links":{"self":[{"href":"https:\/\/ultimato.com.br\/sites\/eu-creio-e-agora\/wp-json\/wp\/v2\/pages\/13","targetHints":{"allow":["GET"]}}],"collection":[{"href":"https:\/\/ultimato.com.br\/sites\/eu-creio-e-agora\/wp-json\/wp\/v2\/pages"}],"about":[{"href":"https:\/\/ultimato.com.br\/sites\/eu-creio-e-agora\/wp-json\/wp\/v2\/types\/page"}],"author":[{"embeddable":true,"href":"https:\/\/ultimato.com.br\/sites\/eu-creio-e-agora\/wp-json\/wp\/v2\/users\/24"}],"replies":[{"embeddable":true,"href":"https:\/\/ultimato.com.br\/sites\/eu-creio-e-agora\/wp-json\/wp\/v2\/comments?post=13"}],"version-history":[{"count":1,"href":"https:\/\/ultimato.com.br\/sites\/eu-creio-e-agora\/wp-json\/wp\/v2\/pages\/13\/revisions"}],"predecessor-version":[{"id":14,"href":"https:\/\/ultimato.com.br\/sites\/eu-creio-e-agora\/wp-json\/wp\/v2\/pages\/13\/revisions\/14"}],"wp:attachment":[{"href":"https:\/\/ultimato.com.br\/sites\/eu-creio-e-agora\/wp-json\/wp\/v2\/media?parent=13"}],"curies":[{"name":"wp","href":"https:\/\/api.w.org\/{rel}","templated":true}]}}