{"id":9,"date":"2010-08-13T10:59:21","date_gmt":"2010-08-13T13:59:21","guid":{"rendered":"http:\/\/ultimato.com.br\/sites\/espiritualidade\/"},"modified":"2010-08-19T11:17:51","modified_gmt":"2010-08-19T14:17:51","slug":"autor","status":"publish","type":"page","link":"https:\/\/ultimato.com.br\/sites\/espiritualidade\/autor\/","title":{"rendered":"Autor"},"content":{"rendered":"<p><strong><img loading=\"lazy\" decoding=\"async\" class=\"alignleft size-full wp-image-64\" title=\"Harold Segura\" src=\"http:\/\/ultimato.com.br\/sites\/espiritualidade\/files\/2010\/08\/haroldsegura_2.jpg\" alt=\"\" width=\"100\" height=\"130\" \/>Harold Segura Carmona<\/strong>, te\u00f3logo colombiano, pastor evang\u00e9lico e educador, \u00e9 o atual coordenador de compromisso crist\u00e3o e diretor de rela\u00e7\u00f5es eclesi\u00e1sticas da Vis\u00e3o Mundial Internacional. Ex-reitor do Semin\u00e1rio Teol\u00f3gico Batista Internacional de Cali, na Col\u00f4mbia, \u00e9 membro da Junta Diretora da Fraternidade Teol\u00f3gica Latinoamericana.<\/p>\n<p>Leia tamb\u00e9m uma <a href=\"http:\/\/ultimato.com.br\/sites\/espiritualidade\/extras\/entrevista\/\" target=\"_self\">entrevista com o autor<\/a>.<\/p>\n","protected":false},"excerpt":{"rendered":"<p>Harold Segura Carmona, te\u00f3logo colombiano, pastor evang\u00e9lico e educador, \u00e9 o atual coordenador de compromisso crist\u00e3o e diretor de rela\u00e7\u00f5es eclesi\u00e1sticas da Vis\u00e3o Mundial Internacional. Ex-reitor do Semin\u00e1rio Teol\u00f3gico Batista Internacional de Cali, na Col\u00f4mbia, \u00e9 membro da Junta Diretora da Fraternidade Teol\u00f3gica Latinoamericana. Leia tamb\u00e9m uma entrevista com o autor.<\/p>\n","protected":false},"author":4,"featured_media":0,"parent":0,"menu_order":2,"comment_status":"open","ping_status":"open","template":"","meta":{"footnotes":""},"class_list":["post-9","page","type-page","status-publish","hentry"],"_links":{"self":[{"href":"https:\/\/ultimato.com.br\/sites\/espiritualidade\/wp-json\/wp\/v2\/pages\/9","targetHints":{"allow":["GET"]}}],"collection":[{"href":"https:\/\/ultimato.com.br\/sites\/espiritualidade\/wp-json\/wp\/v2\/pages"}],"about":[{"href":"https:\/\/ultimato.com.br\/sites\/espiritualidade\/wp-json\/wp\/v2\/types\/page"}],"author":[{"embeddable":true,"href":"https:\/\/ultimato.com.br\/sites\/espiritualidade\/wp-json\/wp\/v2\/users\/4"}],"replies":[{"embeddable":true,"href":"https:\/\/ultimato.com.br\/sites\/espiritualidade\/wp-json\/wp\/v2\/comments?post=9"}],"version-history":[{"count":12,"href":"https:\/\/ultimato.com.br\/sites\/espiritualidade\/wp-json\/wp\/v2\/pages\/9\/revisions"}],"predecessor-version":[{"id":15,"href":"https:\/\/ultimato.com.br\/sites\/espiritualidade\/wp-json\/wp\/v2\/pages\/9\/revisions\/15"}],"wp:attachment":[{"href":"https:\/\/ultimato.com.br\/sites\/espiritualidade\/wp-json\/wp\/v2\/media?parent=9"}],"curies":[{"name":"wp","href":"https:\/\/api.w.org\/{rel}","templated":true}]}}