{"id":12,"date":"2014-05-26T23:33:55","date_gmt":"2014-05-26T23:33:55","guid":{"rendered":"http:\/\/ultimato.com.br\/sites\/engolidos-cultura-pop\/?page_id=12"},"modified":"2014-05-27T00:14:54","modified_gmt":"2014-05-27T00:14:54","slug":"o-autor","status":"publish","type":"page","link":"https:\/\/ultimato.com.br\/sites\/engolidos-cultura-pop\/o-autor\/","title":{"rendered":"O autor"},"content":{"rendered":"<p>&nbsp;<\/p>\n<p><a href=\"http:\/\/ultimato.com.br\/sites\/engolidos-cultura-pop\/files\/2014\/05\/foto_hs_epcp.jpg\"><img loading=\"lazy\" decoding=\"async\" class=\"alignleft size-thumbnail wp-image-13\" alt=\"foto_hs_epcp\" src=\"http:\/\/ultimato.com.br\/sites\/engolidos-cultura-pop\/files\/2014\/05\/foto_hs_epcp-150x150.jpg\" width=\"150\" height=\"150\" \/><\/a>Steve Turner \u00e9 jornalista, poeta e escritor e mora em Londres, Inglaterra. \u00c9 cr\u00edtico musical e colaborador das revistas <i>Rolling Stone<\/i> e <i>Christianity Today<\/i>, e do jornal <i>The Times<\/i>. Entre seus v\u00e1rios livros est\u00e3o <i>Cristianismo Criativo?<\/i> (W4 Editora), <i>Imagine<\/i>, <i>Conversation with Eric Clapton<\/i>, <i>U2 \u2013 Rattle and Hum<\/i> e <i>The Beatles \u2013 a hist\u00f3ria por tr\u00e1s de todas as can\u00e7\u00f5es<\/i> (Editora Cosac Naify).<i><\/i><\/p>\n<p>&nbsp;<\/p>\n","protected":false},"excerpt":{"rendered":"<p>&nbsp; Steve Turner \u00e9 jornalista, poeta e escritor e mora em Londres, Inglaterra. \u00c9 cr\u00edtico musical e colaborador das revistas Rolling Stone e Christianity Today, e do jornal The Times. Entre seus v\u00e1rios livros est\u00e3o Cristianismo Criativo? (W4 Editora), Imagine, Conversation with Eric Clapton, U2 \u2013 Rattle and Hum e The Beatles \u2013 a hist\u00f3ria [&hellip;]<\/p>\n","protected":false},"author":24,"featured_media":0,"parent":0,"menu_order":2,"comment_status":"closed","ping_status":"open","template":"","meta":{"footnotes":""},"class_list":["post-12","page","type-page","status-publish","hentry"],"_links":{"self":[{"href":"https:\/\/ultimato.com.br\/sites\/engolidos-cultura-pop\/wp-json\/wp\/v2\/pages\/12","targetHints":{"allow":["GET"]}}],"collection":[{"href":"https:\/\/ultimato.com.br\/sites\/engolidos-cultura-pop\/wp-json\/wp\/v2\/pages"}],"about":[{"href":"https:\/\/ultimato.com.br\/sites\/engolidos-cultura-pop\/wp-json\/wp\/v2\/types\/page"}],"author":[{"embeddable":true,"href":"https:\/\/ultimato.com.br\/sites\/engolidos-cultura-pop\/wp-json\/wp\/v2\/users\/24"}],"replies":[{"embeddable":true,"href":"https:\/\/ultimato.com.br\/sites\/engolidos-cultura-pop\/wp-json\/wp\/v2\/comments?post=12"}],"version-history":[{"count":1,"href":"https:\/\/ultimato.com.br\/sites\/engolidos-cultura-pop\/wp-json\/wp\/v2\/pages\/12\/revisions"}],"predecessor-version":[{"id":14,"href":"https:\/\/ultimato.com.br\/sites\/engolidos-cultura-pop\/wp-json\/wp\/v2\/pages\/12\/revisions\/14"}],"wp:attachment":[{"href":"https:\/\/ultimato.com.br\/sites\/engolidos-cultura-pop\/wp-json\/wp\/v2\/media?parent=12"}],"curies":[{"name":"wp","href":"https:\/\/api.w.org\/{rel}","templated":true}]}}