{"id":8,"date":"2011-02-03T13:37:36","date_gmt":"2011-02-03T16:37:36","guid":{"rendered":"http:\/\/ultimato.com.br\/sites\/discipulo-radical\/"},"modified":"2011-02-15T13:46:38","modified_gmt":"2011-02-15T16:46:38","slug":"o-autor","status":"publish","type":"page","link":"https:\/\/ultimato.com.br\/sites\/discipulo-radical\/o-autor\/","title":{"rendered":"O autor"},"content":{"rendered":"<blockquote>\n<p lang=\"pt-BR\">Ao baixar minha caneta pela \u00faltima vez, literalmente \u2014 confesso n\u00e3o usar computador \u2014, aventuro-me a enviar essa mensagem de despedida aos meus leitores. Sou muito grato pelo encorajamento.<\/p>\n<\/blockquote>\n<p lang=\"pt-BR\"><a href=\"http:\/\/ultimato.com.br\/sites\/discipulo-radical\/files\/2011\/02\/stott_menor.jpg\" class=\"lightview\" data-lightview-group=\"group-8\" data-lightview-options=\"skin: 'dark', controls: 'relative', padding: '10', shadow: { color: '#000000', opacity: 0.08, blur: 3 }\" data-lightview-title=\"stott_menor\"><img loading=\"lazy\" decoding=\"async\" class=\"alignright size-full wp-image-15\" title=\"stott_menor\" src=\"http:\/\/ultimato.com.br\/sites\/discipulo-radical\/files\/2011\/02\/stott_menor.jpg\" alt=\"\" width=\"150\" height=\"180\" \/><\/a>John Stott \u00e9 umas das pessoas mais influentes do mundo, segundo a revista \u201cTime\u201d. Foi pastor da All Souls Church, em Londres, capel\u00e3o da rainha Elizabeth II e presidente do London Institute for Contemporary Christianity. Redigiu o <a href=\"http:\/\/www.ultimato.com.br\/pagina\/pacto-de-lausanne\" target=\"_blank\">pacto de Lausanne<\/a>, o mais importante documento de missiologia do s\u00e9culo 20, e \u00e9 o pregador e escritor mais cristoc\u00eantrico da atualidade. Essa rela\u00e7\u00e3o pessoal com o Senhor come\u00e7ou em fevereiro de 1938, h\u00e1 72 anos, quando Stott abriu a porta para Jesus, com a idade de 17 anos. Para ele, Jesus \u201c\u00e9 o nosso destino e tamb\u00e9m o nosso predecessor, nosso acompanhante e a nossa senda\u201d. John Stott \u00e9 autor de mais de 40 livros, traduzidos em dezenas de pa\u00edses, sendo os mais conhecidos\u00a0<a href=\"http:\/\/www.ultimato.com.br\/loja\/produtos\/cristianismo-basico\" target=\"_blank\">Cristianismo B\u00e1sico<\/a> e\u00a0<a href=\"http:\/\/www.ultimato.com.br\/loja\/produtos\/por-que-sou-cristao\" target=\"_blank\">Por que Sou Crist\u00e3o<\/a>, al\u00e9m de\u00a0<a href=\"http:\/\/www.ultimato.com.br\/loja\/produtos\/a-biblia-toda-o-ano-todo\" target=\"_blank\">A B\u00edblia Toda, O Ano Todo<\/a> e\u00a0<a href=\"http:\/\/www.ultimato.com.br\/loja\/produtos\/a-missao-crista-no-mundo-moderno\" target=\"_blank\">A Miss\u00e3o Crist\u00e3 no Mundo Moderno<\/a>, todos publicados pela Editora Ultimato.\u00a0<strong>O Disc\u00edpulo Radical<\/strong>, lan\u00e7amento mundial do \u00faltimo livro escrito por John Stott, chega ao Brasil na primeira semana de mar\u00e7o de 2011.<strong> <\/strong>Em abril, Ultimato quer celebrar com os leitores os 90 anos de vida do autor.<\/p>\n<blockquote>\n<p lang=\"pt-BR\">Deixe-me encoraj\u00e1-lo tamb\u00e9m a continuar lendo e a incentivar outros a fazer o mesmo. Pois esse \u00e9 um meio de gra\u00e7a. N\u00e3o \u00e9 estranho o fato de manusearmos, riscarmos e at\u00e9 cheirarmos os livros como s\u00edmbolo de nossa estima e afei\u00e7\u00e3o? H\u00e1 algo singular a respeito deles. Nossos livros favoritos se tornam preciosos para n\u00f3s e at\u00e9 desenvolvemos com eles um relacionamento quase intenso e afetuoso. \u00c9 claro que, ao olhar para frente, nenhum de n\u00f3s sabe qual ser\u00e1 o futuro do livro impresso. Por\u00e9m, estou confiante de que o futuro dos livros est\u00e1 assegurado e de que, apesar de serem complementados, eles nunca ser\u00e3o totalmente substitu\u00eddos.<\/p>\n<\/blockquote>\n<p lang=\"pt-BR\">\n","protected":false},"excerpt":{"rendered":"<p>Ao baixar minha caneta pela \u00faltima vez, literalmente \u2014 confesso n\u00e3o usar computador \u2014, aventuro-me a enviar essa mensagem de despedida aos meus leitores. Sou muito grato pelo encorajamento. John Stott \u00e9 umas das pessoas mais influentes do mundo, segundo a revista \u201cTime\u201d. Foi pastor da All Souls Church, em Londres, capel\u00e3o da rainha Elizabeth [&hellip;]<\/p>\n","protected":false},"author":8,"featured_media":0,"parent":0,"menu_order":2,"comment_status":"open","ping_status":"open","template":"","meta":{"footnotes":""},"class_list":["post-8","page","type-page","status-publish","hentry"],"_links":{"self":[{"href":"https:\/\/ultimato.com.br\/sites\/discipulo-radical\/wp-json\/wp\/v2\/pages\/8","targetHints":{"allow":["GET"]}}],"collection":[{"href":"https:\/\/ultimato.com.br\/sites\/discipulo-radical\/wp-json\/wp\/v2\/pages"}],"about":[{"href":"https:\/\/ultimato.com.br\/sites\/discipulo-radical\/wp-json\/wp\/v2\/types\/page"}],"author":[{"embeddable":true,"href":"https:\/\/ultimato.com.br\/sites\/discipulo-radical\/wp-json\/wp\/v2\/users\/8"}],"replies":[{"embeddable":true,"href":"https:\/\/ultimato.com.br\/sites\/discipulo-radical\/wp-json\/wp\/v2\/comments?post=8"}],"version-history":[{"count":13,"href":"https:\/\/ultimato.com.br\/sites\/discipulo-radical\/wp-json\/wp\/v2\/pages\/8\/revisions"}],"predecessor-version":[{"id":14,"href":"https:\/\/ultimato.com.br\/sites\/discipulo-radical\/wp-json\/wp\/v2\/pages\/8\/revisions\/14"}],"wp:attachment":[{"href":"https:\/\/ultimato.com.br\/sites\/discipulo-radical\/wp-json\/wp\/v2\/media?parent=8"}],"curies":[{"name":"wp","href":"https:\/\/api.w.org\/{rel}","templated":true}]}}