{"id":11,"date":"2011-02-03T13:43:32","date_gmt":"2011-02-03T16:43:32","guid":{"rendered":"http:\/\/ultimato.com.br\/sites\/discipulo-radical\/"},"modified":"2011-02-04T10:31:15","modified_gmt":"2011-02-04T13:31:15","slug":"o-que-disseram","status":"publish","type":"page","link":"https:\/\/ultimato.com.br\/sites\/discipulo-radical\/o-que-disseram\/","title":{"rendered":"O que disseram"},"content":{"rendered":"<blockquote>\n<p lang=\"pt-BR\">Por quarenta anos John Stott tem me ensinado o que significa ser um seguidor de Jesus Cristo, examinando cuidadosamente as Escrituras e aplicando-as aos v\u00e1rios problemas que enfrento e outros que eu deveria enfrentar, mas n\u00e3o o fa\u00e7o. Ele faz exatamente isso em\u00a0<strong>O Disc\u00edpulo Radical<\/strong>.<em> <\/em>Recomendo-o especialmente a crist\u00e3os jovens que se perguntam como \u00e9 poss\u00edvel viver a vida crist\u00e3 com integridade, ainda mais quando se \u00e9 famoso. Acredito que a combina\u00e7\u00e3o de integridade na vida e no ensino \u00e9 o que faz de John Stott uma das personalidades mais influentes da hist\u00f3ria recente.<\/p>\n<\/blockquote>\n<p style=\"text-align: right;\" lang=\"pt-BR\"><em>Ajith Fernando, <\/em>diretor nacional da Mocidade para Cristo no Sri Lanka<\/p>\n<blockquote>\n<p lang=\"pt-BR\">O t\u00edtulo e o conte\u00fado expressam a pr\u00f3pria pessoa, em vida e minist\u00e9rio, do autor. John Stott tem sido a encarna\u00e7\u00e3o de um disc\u00edpulo radical, um exemplo para gera\u00e7\u00f5es, o que refor\u00e7a a import\u00e2ncia desta obra.<\/p>\n<\/blockquote>\n<p style=\"text-align: right;\" lang=\"pt-BR\"><em>Robinson Cavalcanti<\/em>,<em> <\/em>bispo anglicano<\/p>\n<blockquote>\n<p lang=\"pt-BR\">Um livro de despedida de um dos gigantes da nossa gera\u00e7\u00e3o. John Stott destaca oito aspectos-chave do discipulado com muita clareza. Os cap\u00edtulos finais, sobre seguran\u00e7a e morte, s\u00e3o especialmente profundos e tocantes.<\/p>\n<\/blockquote>\n<p style=\"text-align: right;\" lang=\"pt-BR\"><em>Amy Boucher Pye<\/em>, editora e colunista<\/p>\n<blockquote>\n<p lang=\"pt-BR\">Como o legado de um tio-av\u00f4 favorito, essa colet\u00e2nea de mensagens de despedida nos traz verdadeiros tesouros, com a costumeira simplicidade, clareza e fidelidade \u00e0s Escrituras.<\/p>\n<\/blockquote>\n<p style=\"text-align: right;\" lang=\"pt-BR\"><em>Richard Coekin, <\/em>pastor titular da<em> <\/em>Co-Mission Iniciative<em>, <\/em>em Londres<\/p>\n<blockquote>\n<p lang=\"pt-BR\">John Stott captura a ess\u00eancia do que significa ser um disc\u00edpulo radical e escreve com leveza, mostrando que a ess\u00eancia n\u00e3o \u00e9 algo complexo ou intimidador. N\u00e3o conhe\u00e7o leitura melhor nem mais atrativa sobre como viver. Somos desafiados a carregar a cruz diariamente \u2014 e a andar no caminho estreito \u2014 e, ao mesmo tempo, recebemos a promessa de que o jugo de Cristo \u00e9 suave e o seu fardo \u00e9 leve.<\/p>\n<\/blockquote>\n<p style=\"text-align: right;\" lang=\"pt-BR\"><em>Brian Draper, <\/em>autor de<em> Spiritual Intelligence<\/em> e palestrante associado no<em> <\/em>London Institute for Contemporary Christianity<\/p>\n<blockquote>\n<p lang=\"pt-BR\">Quem melhor do que John Stott, com seu compromisso de viver como seguidor de Jesus, para fazer esse chamado de levar o ensino de Cristo a s\u00e9rio? O mundo precisa desesperadamente perceber que n\u00e3o existem outras formas de viver. E com muita frequ\u00eancia os crist\u00e3os tendem a se conformar com os padr\u00f5es da sociedade em vez de fazer a diferen\u00e7a que Jesus pede de n\u00f3s. Se atendido, esse chamado pode revitalizar o testemunho da igreja.<\/p>\n<\/blockquote>\n<p style=\"text-align: right;\" lang=\"pt-BR\"><em>John Grayston, <\/em>diretor de teologia da Scripture Union<\/p>\n<blockquote>\n<p lang=\"pt-BR\">Por mais de sessenta anos o discernimento b\u00edblico e penetrante de John Stott tem lan\u00e7ado luz sobre muitas quest\u00f5es desafiadoras para a igreja mundial.<strong> O Disc\u00edpulo Radical<\/strong> traz todos aqueles anos de experi\u00eancia, reflex\u00e3o e estudo aplicados a quest\u00f5es que, para Stott, estamos negligenciando. S\u00f3 isso j\u00e1 deveria nos levar a ouvi-lo com cuidado especial, mesmo se ele n\u00e3o nos tivesse dito que essa \u00e9 a sua \u00faltima mensagem publicada.<\/p>\n<\/blockquote>\n<p style=\"text-align: right;\" lang=\"pt-BR\"><em>Peter Harris<\/em>, fundador de A Rocha<\/p>\n<blockquote>\n<p lang=\"pt-BR\">Recomendo entusiasticamente esse livro \u00edmpar, cheio de reminisc\u00eancias fascinantes acumuladas durante toda uma exist\u00eancia de sabedoria combinada com profundo amor pelo Corpo de Cristo em todo o mundo.<\/p>\n<\/blockquote>\n<p style=\"text-align: right;\" lang=\"pt-BR\"><em>Amy Orr-Ewing<\/em>, autora de<em> Por Que Confiar na B\u00edblia?<\/em><\/p>\n<blockquote>\n<p lang=\"pt-BR\"><em> <\/em><strong>O Disc\u00edpulo Radical<\/strong><em> <\/em>\u00e9 um convite para restaurarmos a vida verdadeiramente convertida em meio a uma subcultura crist\u00e3 contempor\u00e2nea dilu\u00edda pelo egocentrismo. Este \u00e9 John Stott em suas melhores reflex\u00f5es. Seu pensamento \u00e9 sucinto, incisivo e descreve como os aut\u00eanticos seguidores de Cristo vivem. Jesus n\u00e3o belisca as nossas vidas simplesmente, mas as reconstr\u00f3i desde a funda\u00e7\u00e3o. Este \u00e9 um livro que nos inspira a abra\u00e7ar a convers\u00e3o profunda.<\/p>\n<\/blockquote>\n<p style=\"text-align: right;\" lang=\"pt-BR\"><em>Dominic Smart<\/em><em>, <\/em>pastor na Gilcomston South Church of Scotland, Aberdeen<\/p>\n<blockquote>\n<p lang=\"en-US\">Um livro fielmente b\u00edblico, atrativo, desafiador e tocante de um perito em um assunto que negligenciamos com facilidade. N\u00e3o consigo pensar em um mestre melhor nesse tema do que John Stott, cuja vida de compromisso pessoal com um discipulado radical brilha em cada p\u00e1gina.<\/p>\n<\/blockquote>\n<p style=\"text-align: right;\" lang=\"pt-BR\"><em>David Stone<\/em>, da equipe de reitores de Newbury<\/p>\n","protected":false},"excerpt":{"rendered":"<p>Por quarenta anos John Stott tem me ensinado o que significa ser um seguidor de Jesus Cristo, examinando cuidadosamente as Escrituras e aplicando-as aos v\u00e1rios problemas que enfrento e outros que eu deveria enfrentar, mas n\u00e3o o fa\u00e7o. Ele faz exatamente isso em\u00a0O Disc\u00edpulo Radical. Recomendo-o especialmente a crist\u00e3os jovens que se perguntam como \u00e9 [&hellip;]<\/p>\n","protected":false},"author":8,"featured_media":0,"parent":0,"menu_order":3,"comment_status":"open","ping_status":"open","template":"","meta":{"footnotes":""},"class_list":["post-11","page","type-page","status-publish","hentry"],"_links":{"self":[{"href":"https:\/\/ultimato.com.br\/sites\/discipulo-radical\/wp-json\/wp\/v2\/pages\/11","targetHints":{"allow":["GET"]}}],"collection":[{"href":"https:\/\/ultimato.com.br\/sites\/discipulo-radical\/wp-json\/wp\/v2\/pages"}],"about":[{"href":"https:\/\/ultimato.com.br\/sites\/discipulo-radical\/wp-json\/wp\/v2\/types\/page"}],"author":[{"embeddable":true,"href":"https:\/\/ultimato.com.br\/sites\/discipulo-radical\/wp-json\/wp\/v2\/users\/8"}],"replies":[{"embeddable":true,"href":"https:\/\/ultimato.com.br\/sites\/discipulo-radical\/wp-json\/wp\/v2\/comments?post=11"}],"version-history":[{"count":9,"href":"https:\/\/ultimato.com.br\/sites\/discipulo-radical\/wp-json\/wp\/v2\/pages\/11\/revisions"}],"predecessor-version":[{"id":23,"href":"https:\/\/ultimato.com.br\/sites\/discipulo-radical\/wp-json\/wp\/v2\/pages\/11\/revisions\/23"}],"wp:attachment":[{"href":"https:\/\/ultimato.com.br\/sites\/discipulo-radical\/wp-json\/wp\/v2\/media?parent=11"}],"curies":[{"name":"wp","href":"https:\/\/api.w.org\/{rel}","templated":true}]}}