{"id":7,"date":"2012-07-24T19:00:36","date_gmt":"2012-07-24T19:00:36","guid":{"rendered":"http:\/\/ultimato.com.br\/sites\/discipulo-radical-premium\/?page_id=7"},"modified":"2012-09-05T12:00:19","modified_gmt":"2012-09-05T12:00:19","slug":"o-livro","status":"publish","type":"page","link":"https:\/\/ultimato.com.br\/sites\/discipulo-radical-premium\/","title":{"rendered":"O livro"},"content":{"rendered":"<p>A edi\u00e7\u00e3o Premium de O Disc\u00edpulo Radical, \u00faltimo livro escrito por John Stott, \u00e9 muito mais do que uma \u2018embalagem\u2019 nova.<\/p>\n<p>Al\u00e9m do cuidado e rigor editorial, a edi\u00e7\u00e3o Premium conta com novo projeto gr\u00e1fico, nova capa e caixa produzidas com excel\u00eancia gr\u00e1fica e muito bom gosto. Tamb\u00e9m est\u00e1 acompanhada de um livreto com duas pequenas biografias do autor, assinadas pelo te\u00f3logo latino-americano Samuel Escobar e pelo escritor Ajith Fernando, diretor\u00a0da Mocidade para Cristo em Sri Lanka, bem como a cronologia da vida e do minist\u00e9rio de John Stott, publicadas pelo Movimento Lausanne.<\/p>\n<p>Lan\u00e7ado no Brasil imediatamente ap\u00f3s a sua publica\u00e7\u00e3o na Inglaterra e nos Estados Unidos, O Disc\u00edpulo Radical bateu todos os recordes de tiragem e venda da Editora Ultimato.<\/p>\n<p>Agora, com a publica\u00e7\u00e3o da Edi\u00e7\u00e3o Premium, queremos celebrar junto com diferentes gera\u00e7\u00f5es de leitores o legado e a vida do not\u00e1vel te\u00f3logo e escritor ingl\u00eas. N\u00e3o poder\u00edamos fazer nada menos do que uma edi\u00e7\u00e3o muito especial, primorosa, \u2018premium\u2019.<\/p>\n<p>***<\/p>\n<p style=\"text-align: center;\"><a href=\"http:\/\/ultimato.com.br\/sites\/discipulo-radical-premium\/files\/2012\/07\/odr.jpg\"><img loading=\"lazy\" decoding=\"async\" class=\"aligncenter size-full wp-image-101\" title=\"My beautiful picture\" src=\"http:\/\/ultimato.com.br\/sites\/discipulo-radical-premium\/files\/2012\/07\/odr.jpg\" alt=\"\" width=\"600\" height=\"779\" srcset=\"https:\/\/ultimato.com.br\/sites\/discipulo-radical-premium\/files\/2012\/07\/odr.jpg 600w, https:\/\/ultimato.com.br\/sites\/discipulo-radical-premium\/files\/2012\/07\/odr-231x300.jpg 231w\" sizes=\"auto, (max-width: 600px) 100vw, 600px\" \/><\/a><\/p>\n","protected":false},"excerpt":{"rendered":"<p>A edi\u00e7\u00e3o Premium de O Disc\u00edpulo Radical, \u00faltimo livro escrito por John Stott, \u00e9 muito mais do que uma \u2018embalagem\u2019 nova. Al\u00e9m do cuidado e rigor editorial, a edi\u00e7\u00e3o Premium conta com novo projeto gr\u00e1fico, nova capa e caixa produzidas com excel\u00eancia gr\u00e1fica e muito bom gosto. Tamb\u00e9m est\u00e1 acompanhada de um livreto com duas [&hellip;]<\/p>\n","protected":false},"author":8,"featured_media":0,"parent":0,"menu_order":1,"comment_status":"open","ping_status":"open","template":"","meta":{"footnotes":""},"class_list":["post-7","page","type-page","status-publish","hentry"],"_links":{"self":[{"href":"https:\/\/ultimato.com.br\/sites\/discipulo-radical-premium\/wp-json\/wp\/v2\/pages\/7","targetHints":{"allow":["GET"]}}],"collection":[{"href":"https:\/\/ultimato.com.br\/sites\/discipulo-radical-premium\/wp-json\/wp\/v2\/pages"}],"about":[{"href":"https:\/\/ultimato.com.br\/sites\/discipulo-radical-premium\/wp-json\/wp\/v2\/types\/page"}],"author":[{"embeddable":true,"href":"https:\/\/ultimato.com.br\/sites\/discipulo-radical-premium\/wp-json\/wp\/v2\/users\/8"}],"replies":[{"embeddable":true,"href":"https:\/\/ultimato.com.br\/sites\/discipulo-radical-premium\/wp-json\/wp\/v2\/comments?post=7"}],"version-history":[{"count":17,"href":"https:\/\/ultimato.com.br\/sites\/discipulo-radical-premium\/wp-json\/wp\/v2\/pages\/7\/revisions"}],"predecessor-version":[{"id":46,"href":"https:\/\/ultimato.com.br\/sites\/discipulo-radical-premium\/wp-json\/wp\/v2\/pages\/7\/revisions\/46"}],"wp:attachment":[{"href":"https:\/\/ultimato.com.br\/sites\/discipulo-radical-premium\/wp-json\/wp\/v2\/media?parent=7"}],"curies":[{"name":"wp","href":"https:\/\/api.w.org\/{rel}","templated":true}]}}