{"id":23,"date":"2017-08-07T13:41:32","date_gmt":"2017-08-07T16:41:32","guid":{"rendered":"http:\/\/ultimato.com.br\/sites\/discipulado-igreja-local\/?page_id=23"},"modified":"2017-08-16T08:49:57","modified_gmt":"2017-08-16T11:49:57","slug":"release","status":"publish","type":"page","link":"https:\/\/ultimato.com.br\/sites\/discipulado-igreja-local\/extras\/release\/","title":{"rendered":"Release"},"content":{"rendered":"<p>Aqui est\u00e1 o press-release do livro <em>O Discipulado na Igreja Local<\/em>\u00a0para voc\u00ea divulgar no seu site, blog, jornal ou outro meio de comunica\u00e7\u00e3o do seu acesso. Ajude-nos a espalhar este conte\u00fado!<\/p>\n<p>\u2013 Arquivo em <a href=\"http:\/\/ultimato.com.br\/sites\/discipulado-igreja-local\/files\/2017\/08\/Release_dil.pdf\" target=\"_blank\" rel=\"noopener\">PDF<\/a>.<\/p>\n","protected":false},"excerpt":{"rendered":"<p>Aqui est\u00e1 o press-release do livro O Discipulado na Igreja Local\u00a0para voc\u00ea divulgar no seu site, blog, jornal ou outro meio de comunica\u00e7\u00e3o do seu acesso. Ajude-nos a espalhar este conte\u00fado! \u2013 Arquivo em PDF.<\/p>\n","protected":false},"author":24,"featured_media":0,"parent":13,"menu_order":3,"comment_status":"closed","ping_status":"closed","template":"","meta":{"footnotes":""},"class_list":["post-23","page","type-page","status-publish","hentry"],"_links":{"self":[{"href":"https:\/\/ultimato.com.br\/sites\/discipulado-igreja-local\/wp-json\/wp\/v2\/pages\/23","targetHints":{"allow":["GET"]}}],"collection":[{"href":"https:\/\/ultimato.com.br\/sites\/discipulado-igreja-local\/wp-json\/wp\/v2\/pages"}],"about":[{"href":"https:\/\/ultimato.com.br\/sites\/discipulado-igreja-local\/wp-json\/wp\/v2\/types\/page"}],"author":[{"embeddable":true,"href":"https:\/\/ultimato.com.br\/sites\/discipulado-igreja-local\/wp-json\/wp\/v2\/users\/24"}],"replies":[{"embeddable":true,"href":"https:\/\/ultimato.com.br\/sites\/discipulado-igreja-local\/wp-json\/wp\/v2\/comments?post=23"}],"version-history":[{"count":3,"href":"https:\/\/ultimato.com.br\/sites\/discipulado-igreja-local\/wp-json\/wp\/v2\/pages\/23\/revisions"}],"predecessor-version":[{"id":59,"href":"https:\/\/ultimato.com.br\/sites\/discipulado-igreja-local\/wp-json\/wp\/v2\/pages\/23\/revisions\/59"}],"up":[{"embeddable":true,"href":"https:\/\/ultimato.com.br\/sites\/discipulado-igreja-local\/wp-json\/wp\/v2\/pages\/13"}],"wp:attachment":[{"href":"https:\/\/ultimato.com.br\/sites\/discipulado-igreja-local\/wp-json\/wp\/v2\/media?parent=23"}],"curies":[{"name":"wp","href":"https:\/\/api.w.org\/{rel}","templated":true}]}}