{"id":8,"date":"2010-09-24T11:06:38","date_gmt":"2010-09-24T14:06:38","guid":{"rendered":"http:\/\/ultimato.com.br\/sites\/devocionario-jesus\/"},"modified":"2010-09-24T11:16:42","modified_gmt":"2010-09-24T14:16:42","slug":"o-autor","status":"publish","type":"page","link":"https:\/\/ultimato.com.br\/sites\/devocionario-jesus\/o-autor\/","title":{"rendered":"O autor"},"content":{"rendered":"<p><a href=\"http:\/\/ultimato.com.br\/sites\/devocionario-jesus\/files\/2010\/09\/ultimato_elben_cesar.jpg\" class=\"lightview\" data-lightview-group=\"group-8\" data-lightview-options=\"skin: 'dark', controls: 'relative', padding: '10', shadow: { color: '#000000', opacity: 0.08, blur: 3 }\" data-lightview-title=\"Elben C\u00e9sar\"><img loading=\"lazy\" decoding=\"async\" class=\"alignleft size-medium wp-image-24\" title=\"Elben C\u00e9sar\" src=\"http:\/\/ultimato.com.br\/sites\/devocionario-jesus\/files\/2010\/09\/ultimato_elben_cesar-225x300.jpg\" alt=\"\" width=\"125\" height=\"180\" \/><\/a>Diretor-fundador da Editora Ultimato e redator da revista Ultimato, Elben C\u00e9sar \u00e9 autor de, entre outros, <a href=\"http:\/\/www.ultimato.com.br\/loja\/produtos\/conversas-com-lutero\" target=\"_blank\">Conversas com Lutero<\/a>, <a href=\"http:\/\/www.ultimato.com.br\/loja\/produtos\/a-pessoa-mais-importante-do-mundo\" target=\"_blank\">A Pessoa Mais Importante do Mundo<\/a>, <a href=\"http:\/\/www.ultimato.com.br\/loja\/produtos\/historia-da-evangelizacao-do-brasil\" target=\"_blank\">Hist\u00f3ria da Evangeliza\u00e7\u00e3o do Brasil<\/a> e <a href=\"http:\/\/www.ultimato.com.br\/loja\/produtos\/praticas-devocionais-edicao-ampliada\" target=\"_blank\">Pr\u00e1ticas Devocionais<\/a>. Ex-presidente da Associa\u00e7\u00e3o de Miss\u00f5es do Terceiro Mundo e fundador do Centro Evang\u00e9lico de Miss\u00f5es, do qual \u00e9 presidente de honra, \u00e9 tamb\u00e9m jornalista e pastor em\u00e9rito da Igreja Presbiteriana de Vi\u00e7osa.<\/p>\n<p>Confira outros devocion\u00e1rios deste autor:<br \/>\n\u2022 <a href=\"http:\/\/www.ultimato.com.br\/loja\/produtos\/refeicoes-diarias-com-os-profetas-menores\" target=\"_blank\">Refei\u00e7\u00f5es Di\u00e1rias com os Profetas Menores<br \/>\n<\/a>\u2022 <a href=\"http:\/\/www.ultimato.com.br\/loja\/produtos\/refeicoes-diarias-com-o-sabor-dos-salmos-2-edicao\" target=\"_blank\">Refei\u00e7\u00f5es Di\u00e1rias com o Sabor dos Salmos<\/a><br \/>\n\u2022 <a href=\"http:\/\/www.ultimato.com.br\/loja\/produtos\/devocionais-para-todas-as-estacoes-edicao-de-bolso\" target=\"_blank\">Devocionais Para Todas as Esta\u00e7\u00f5es<\/a><\/p>\n","protected":false},"excerpt":{"rendered":"<p>Diretor-fundador da Editora Ultimato e redator da revista Ultimato, Elben C\u00e9sar \u00e9 autor de, entre outros, Conversas com Lutero, A Pessoa Mais Importante do Mundo, Hist\u00f3ria da Evangeliza\u00e7\u00e3o do Brasil e Pr\u00e1ticas Devocionais. Ex-presidente da Associa\u00e7\u00e3o de Miss\u00f5es do Terceiro Mundo e fundador do Centro Evang\u00e9lico de Miss\u00f5es, do qual \u00e9 presidente de honra, \u00e9 [&hellip;]<\/p>\n","protected":false},"author":4,"featured_media":0,"parent":0,"menu_order":2,"comment_status":"open","ping_status":"open","template":"","meta":{"ngg_post_thumbnail":0,"footnotes":""},"class_list":["post-8","page","type-page","status-publish","hentry"],"_links":{"self":[{"href":"https:\/\/ultimato.com.br\/sites\/devocionario-jesus\/wp-json\/wp\/v2\/pages\/8","targetHints":{"allow":["GET"]}}],"collection":[{"href":"https:\/\/ultimato.com.br\/sites\/devocionario-jesus\/wp-json\/wp\/v2\/pages"}],"about":[{"href":"https:\/\/ultimato.com.br\/sites\/devocionario-jesus\/wp-json\/wp\/v2\/types\/page"}],"author":[{"embeddable":true,"href":"https:\/\/ultimato.com.br\/sites\/devocionario-jesus\/wp-json\/wp\/v2\/users\/4"}],"replies":[{"embeddable":true,"href":"https:\/\/ultimato.com.br\/sites\/devocionario-jesus\/wp-json\/wp\/v2\/comments?post=8"}],"version-history":[{"count":6,"href":"https:\/\/ultimato.com.br\/sites\/devocionario-jesus\/wp-json\/wp\/v2\/pages\/8\/revisions"}],"predecessor-version":[{"id":20,"href":"https:\/\/ultimato.com.br\/sites\/devocionario-jesus\/wp-json\/wp\/v2\/pages\/8\/revisions\/20"}],"wp:attachment":[{"href":"https:\/\/ultimato.com.br\/sites\/devocionario-jesus\/wp-json\/wp\/v2\/media?parent=8"}],"curies":[{"name":"wp","href":"https:\/\/api.w.org\/{rel}","templated":true}]}}