{"id":80,"date":"2011-12-12T11:53:16","date_gmt":"2011-12-12T11:53:16","guid":{"rendered":"http:\/\/ultimato.com.br\/sites\/deus-que-nao-entendo\/?page_id=80"},"modified":"2011-12-12T11:53:16","modified_gmt":"2011-12-12T11:53:16","slug":"forum","status":"publish","type":"page","link":"https:\/\/ultimato.com.br\/sites\/deus-que-nao-entendo\/forum\/","title":{"rendered":"Forum"},"content":{"rendered":"<p><strong>Qual \u00e9 o seu sentimento diante de coisas que voc\u00ea n\u00e3o entende sobre Deus?<\/strong><\/p>\n<p>Chris Wright \u00e9 visto como \u201chonesto e humilde\u201d por John Stott ao escrever o livro <strong>O Deus que Eu N\u00e3o Entendo<\/strong>. Algumas coisas que s\u00e3o poss\u00edveis de serem entendidas por meio da B\u00edblia, Wright as faz conhecidas, mas n\u00e3o se atreve a arrumar explica\u00e7\u00f5es mirabolantes para assuntos obscuros. Ele chega a dizer:<\/p>\n<blockquote><p>\u201cConforme a vida passa, a confian\u00e7a cresce, mas minha luta com o que Deus faz ou permite tamb\u00e9m cresce.\u201d<\/p><\/blockquote>\n<p>Apesar disso, a incompreens\u00e3o do autor diante dos mist\u00e9rios n\u00e3o revelados por Deus n\u00e3o o impede de se sentir consolado em saber que \u201cest\u00e1 tudo bem. No final<br \/>\nDeus est\u00e1 no controle e eu posso confiar que ele vai colocar tudo no lugar. Enquanto isso, ficarei perto de Deus, farei dele o meu ref\u00fagio, e continuarei declarando seus feitos\u201d (Salmo 73.28 \u2013 citado por Chris Wright).<\/p>\n<p><em>Participe do f\u00f3rum compartilhando alguma de suas experi\u00eancias de coisas que voc\u00ea n\u00e3o entende sobre Deus. Os participantes ir\u00e3o concorrer a um exemplar do livro.<\/em><\/p>\n","protected":false},"excerpt":{"rendered":"<p>Qual \u00e9 o seu sentimento diante de coisas que voc\u00ea n\u00e3o entende sobre Deus? Chris Wright \u00e9 visto como \u201chonesto e humilde\u201d por John Stott ao escrever o livro O Deus que Eu N\u00e3o Entendo. Algumas coisas que s\u00e3o poss\u00edveis de serem entendidas por meio da B\u00edblia, Wright as faz conhecidas, mas n\u00e3o se atreve [&hellip;]<\/p>\n","protected":false},"author":8,"featured_media":0,"parent":0,"menu_order":5,"comment_status":"open","ping_status":"open","template":"","meta":{"footnotes":""},"class_list":["post-80","page","type-page","status-publish","hentry"],"_links":{"self":[{"href":"https:\/\/ultimato.com.br\/sites\/deus-que-nao-entendo\/wp-json\/wp\/v2\/pages\/80","targetHints":{"allow":["GET"]}}],"collection":[{"href":"https:\/\/ultimato.com.br\/sites\/deus-que-nao-entendo\/wp-json\/wp\/v2\/pages"}],"about":[{"href":"https:\/\/ultimato.com.br\/sites\/deus-que-nao-entendo\/wp-json\/wp\/v2\/types\/page"}],"author":[{"embeddable":true,"href":"https:\/\/ultimato.com.br\/sites\/deus-que-nao-entendo\/wp-json\/wp\/v2\/users\/8"}],"replies":[{"embeddable":true,"href":"https:\/\/ultimato.com.br\/sites\/deus-que-nao-entendo\/wp-json\/wp\/v2\/comments?post=80"}],"version-history":[{"count":1,"href":"https:\/\/ultimato.com.br\/sites\/deus-que-nao-entendo\/wp-json\/wp\/v2\/pages\/80\/revisions"}],"predecessor-version":[{"id":81,"href":"https:\/\/ultimato.com.br\/sites\/deus-que-nao-entendo\/wp-json\/wp\/v2\/pages\/80\/revisions\/81"}],"wp:attachment":[{"href":"https:\/\/ultimato.com.br\/sites\/deus-que-nao-entendo\/wp-json\/wp\/v2\/media?parent=80"}],"curies":[{"name":"wp","href":"https:\/\/api.w.org\/{rel}","templated":true}]}}