{"id":6,"date":"2016-08-30T10:48:10","date_gmt":"2016-08-30T13:48:10","guid":{"rendered":"http:\/\/ultimato.com.br\/sites\/deus-e-darwin\/?page_id=6"},"modified":"2016-08-30T10:48:10","modified_gmt":"2016-08-30T13:48:10","slug":"o-que-disseram","status":"publish","type":"page","link":"https:\/\/ultimato.com.br\/sites\/deus-e-darwin\/o-que-disseram\/","title":{"rendered":"O que disseram"},"content":{"rendered":"<blockquote><p>\u201c<strong>Deus e Darwin<\/strong> ocupa um lugar de destaque como um trabalho apolog\u00e9tico para o te\u00edsmo crist\u00e3o em seu di\u00e1logo com a comunidade cient\u00edfica mais ampla.\u201d<\/p><\/blockquote>\n<p><em>\u2013 International Journal of Public Theology<\/em><\/p>\n<p>&nbsp;<\/p>\n<blockquote><p>\u00a0\u201cUm livro para todo interessado em saber como os debates sobre o darwinismo se relacionam com os objetivos e m\u00e9todos da teologia natural.\u201d<\/p><\/blockquote>\n<p><em>\u2013 The Way<\/em><\/p>\n<p>&nbsp;<\/p>\n<blockquote><p>\u201cEste livro pode ser lido do in\u00edcio ao fim de uma forma direta e envolvente, mas tamb\u00e9m pode ser usado como um guia, de modo a permitir um estudo mais detalhado dos v\u00e1rios aspectos deste tema t\u00e3o relevante.\u201d<\/p><\/blockquote>\n<p><em>\u2013 Evangelical Quarterly<\/em><\/p>\n<p>&nbsp;<\/p>\n<blockquote><p>\u201cCom novas ideias para uma discuss\u00e3o sobre a rela\u00e7\u00e3o entre ci\u00eancia e religi\u00e3o, este livro \u00e9 \u00fatil para todos os estudiosos da ci\u00eancia e da religi\u00e3o.\u201d<\/p><\/blockquote>\n<p><em>\u2013 Journal of the History of Biology<\/em><\/p>\n<p>&nbsp;<\/p>\n<blockquote><p>\u201cUma obra recomendada tanto para estudantes universit\u00e1rios, como para leitores com interesses gerais.\u201d<\/p><\/blockquote>\n<p><em>\u2013 Choice<\/em><\/p>\n<p>&nbsp;<\/p>\n<blockquote><p>\u201cTanto o especialista quanto o iniciante podem se beneficiar com a leitura de <strong>Deus e Darwin<\/strong>. Numa \u00e9poca em que extremistas de todos os tipos evitam falar sobre as quest\u00f5es importantes, ter um conhecimento que realmente fa\u00e7a o debate avan\u00e7ar \u00e9 algo muito bem-vindo.\u201d<\/p><\/blockquote>\n<p>\u2013 <em>Michael Ruse<\/em>, The Florida State University<\/p>\n","protected":false},"excerpt":{"rendered":"<p>\u201cDeus e Darwin ocupa um lugar de destaque como um trabalho apolog\u00e9tico para o te\u00edsmo crist\u00e3o em seu di\u00e1logo com a comunidade cient\u00edfica mais ampla.\u201d \u2013 International Journal of Public Theology &nbsp; \u00a0\u201cUm livro para todo interessado em saber como os debates sobre o darwinismo se relacionam com os objetivos e m\u00e9todos da teologia natural.\u201d [&hellip;]<\/p>\n","protected":false},"author":24,"featured_media":0,"parent":0,"menu_order":2,"comment_status":"closed","ping_status":"closed","template":"","meta":{"footnotes":""},"class_list":["post-6","page","type-page","status-publish","hentry"],"_links":{"self":[{"href":"https:\/\/ultimato.com.br\/sites\/deus-e-darwin\/wp-json\/wp\/v2\/pages\/6","targetHints":{"allow":["GET"]}}],"collection":[{"href":"https:\/\/ultimato.com.br\/sites\/deus-e-darwin\/wp-json\/wp\/v2\/pages"}],"about":[{"href":"https:\/\/ultimato.com.br\/sites\/deus-e-darwin\/wp-json\/wp\/v2\/types\/page"}],"author":[{"embeddable":true,"href":"https:\/\/ultimato.com.br\/sites\/deus-e-darwin\/wp-json\/wp\/v2\/users\/24"}],"replies":[{"embeddable":true,"href":"https:\/\/ultimato.com.br\/sites\/deus-e-darwin\/wp-json\/wp\/v2\/comments?post=6"}],"version-history":[{"count":1,"href":"https:\/\/ultimato.com.br\/sites\/deus-e-darwin\/wp-json\/wp\/v2\/pages\/6\/revisions"}],"predecessor-version":[{"id":11,"href":"https:\/\/ultimato.com.br\/sites\/deus-e-darwin\/wp-json\/wp\/v2\/pages\/6\/revisions\/11"}],"wp:attachment":[{"href":"https:\/\/ultimato.com.br\/sites\/deus-e-darwin\/wp-json\/wp\/v2\/media?parent=6"}],"curies":[{"name":"wp","href":"https:\/\/api.w.org\/{rel}","templated":true}]}}