{"id":7,"date":"2016-04-27T23:42:21","date_gmt":"2016-04-27T23:42:21","guid":{"rendered":"http:\/\/ultimato.com.br\/sites\/desafios-lideranca-crista\/?page_id=7"},"modified":"2016-04-28T14:02:51","modified_gmt":"2016-04-28T14:02:51","slug":"o-livro","status":"publish","type":"page","link":"https:\/\/ultimato.com.br\/sites\/desafios-lideranca-crista\/","title":{"rendered":"O Livro"},"content":{"rendered":"<p>ERA O QUE FALTAVA:<br \/>\nUM LIVRO DE JOHN STOTT SOBRE LIDERAN\u00c7A.<\/p>\n<p><strong>N\u00e3o falta mais. <\/strong><\/p>\n<p><strong>Desafios da Lideran\u00e7a Crist\u00e3 <\/strong>\u00e9 um raro livro sobre lideran\u00e7a de leitura f\u00e1cil e profunda, devocional e pr\u00e1tico.<\/p>\n<p>Todos sabemos que os l\u00edderes crist\u00e3os enfrentam novos desafios a cada dia. E John Stott, com sua costumeira sabedoria b\u00edblica, n\u00e3o precisa de rodeios para cham\u00e1-los de \u201cproblemas\u201d.<\/p>\n<p>Des\u00e2nimo, disciplina, relacionamentos e inexperi\u00eancia. Em outras palavras, <strong>Desafios da Lideran\u00e7a Crist\u00e3<\/strong> responde algumas perguntas essenciais para os l\u00edderes crist\u00e3os: como perseverar sob press\u00e3o, como manter o frescor espiritual, como lidar com as pessoas e como ser l\u00edder quando se \u00e9 relativamente jovem.<\/p>\n<p>E, melhor, escrito por dos mais not\u00e1veis e reconhecidos l\u00edderes do s\u00e9culo 20.<\/p>\n","protected":false},"excerpt":{"rendered":"<p>ERA O QUE FALTAVA: UM LIVRO DE JOHN STOTT SOBRE LIDERAN\u00c7A. N\u00e3o falta mais. Desafios da Lideran\u00e7a Crist\u00e3 \u00e9 um raro livro sobre lideran\u00e7a de leitura f\u00e1cil e profunda, devocional e pr\u00e1tico. Todos sabemos que os l\u00edderes crist\u00e3os enfrentam novos desafios a cada dia. E John Stott, com sua costumeira sabedoria b\u00edblica, n\u00e3o precisa de [&hellip;]<\/p>\n","protected":false},"author":24,"featured_media":0,"parent":0,"menu_order":1,"comment_status":"closed","ping_status":"closed","template":"","meta":{"footnotes":""},"class_list":["post-7","page","type-page","status-publish","hentry"],"_links":{"self":[{"href":"https:\/\/ultimato.com.br\/sites\/desafios-lideranca-crista\/wp-json\/wp\/v2\/pages\/7","targetHints":{"allow":["GET"]}}],"collection":[{"href":"https:\/\/ultimato.com.br\/sites\/desafios-lideranca-crista\/wp-json\/wp\/v2\/pages"}],"about":[{"href":"https:\/\/ultimato.com.br\/sites\/desafios-lideranca-crista\/wp-json\/wp\/v2\/types\/page"}],"author":[{"embeddable":true,"href":"https:\/\/ultimato.com.br\/sites\/desafios-lideranca-crista\/wp-json\/wp\/v2\/users\/24"}],"replies":[{"embeddable":true,"href":"https:\/\/ultimato.com.br\/sites\/desafios-lideranca-crista\/wp-json\/wp\/v2\/comments?post=7"}],"version-history":[{"count":3,"href":"https:\/\/ultimato.com.br\/sites\/desafios-lideranca-crista\/wp-json\/wp\/v2\/pages\/7\/revisions"}],"predecessor-version":[{"id":42,"href":"https:\/\/ultimato.com.br\/sites\/desafios-lideranca-crista\/wp-json\/wp\/v2\/pages\/7\/revisions\/42"}],"wp:attachment":[{"href":"https:\/\/ultimato.com.br\/sites\/desafios-lideranca-crista\/wp-json\/wp\/v2\/media?parent=7"}],"curies":[{"name":"wp","href":"https:\/\/api.w.org\/{rel}","templated":true}]}}