{"id":8,"date":"2017-01-26T11:06:14","date_gmt":"2017-01-26T13:06:14","guid":{"rendered":"http:\/\/ultimato.com.br\/sites\/de-quem-e-terra-santa\/?page_id=8"},"modified":"2017-01-26T11:15:49","modified_gmt":"2017-01-26T13:15:49","slug":"o-autor","status":"publish","type":"page","link":"https:\/\/ultimato.com.br\/sites\/de-quem-e-terra-santa\/o-autor\/","title":{"rendered":"O Autor"},"content":{"rendered":"<p><strong><img loading=\"lazy\" decoding=\"async\" class=\"alignleft size-thumbnail wp-image-15\" src=\"http:\/\/ultimato.com.br\/sites\/de-quem-e-terra-santa\/files\/2017\/01\/Colin_Chapman-150x150.jpg\" alt=\"\" width=\"150\" height=\"150\" \/>Colin Chapman<\/strong> foi criado na Esc\u00f3cia e estudou na Universidade de St. Andrews e na London Bible College antes de se preparar na Ridley Hall, em Cambridge, para ser ordenado na Igreja Anglicana. Integrou a equipe da Catedral Anglicana no Egito e serviu \u00e0 International Fellowship of Evangelical Students em Beirute. No Reino Unido, lecionou no Trinity College e foi diretor da Crowther Hall, em Birmingham. Foi professor de estudos isl\u00e2micos na Escola de Teologia do Oriente M\u00e9dio, em Beirute. Entre seus livros est\u00e3o <em>Christianity on Trial<\/em>, <em>The Case for Christianity<\/em>, <em>Cross and Crescent \u2013 Responding to the challenges of Islam<\/em>, <em>Islam and the West \u2013 Conflict, co-existence or conversion? <\/em>e <em>Whose Holy City? \u2013 <\/em><em>Jerusalem and the Israeli-Palestinian Conflict<\/em>.<\/p>\n","protected":false},"excerpt":{"rendered":"<p>Colin Chapman foi criado na Esc\u00f3cia e estudou na Universidade de St. Andrews e na London Bible College antes de se preparar na Ridley Hall, em Cambridge, para ser ordenado na Igreja Anglicana. Integrou a equipe da Catedral Anglicana no Egito e serviu \u00e0 International Fellowship of Evangelical Students em Beirute. No Reino Unido, lecionou [&hellip;]<\/p>\n","protected":false},"author":24,"featured_media":0,"parent":0,"menu_order":3,"comment_status":"closed","ping_status":"closed","template":"","meta":{"footnotes":""},"class_list":["post-8","page","type-page","status-publish","hentry"],"_links":{"self":[{"href":"https:\/\/ultimato.com.br\/sites\/de-quem-e-terra-santa\/wp-json\/wp\/v2\/pages\/8","targetHints":{"allow":["GET"]}}],"collection":[{"href":"https:\/\/ultimato.com.br\/sites\/de-quem-e-terra-santa\/wp-json\/wp\/v2\/pages"}],"about":[{"href":"https:\/\/ultimato.com.br\/sites\/de-quem-e-terra-santa\/wp-json\/wp\/v2\/types\/page"}],"author":[{"embeddable":true,"href":"https:\/\/ultimato.com.br\/sites\/de-quem-e-terra-santa\/wp-json\/wp\/v2\/users\/24"}],"replies":[{"embeddable":true,"href":"https:\/\/ultimato.com.br\/sites\/de-quem-e-terra-santa\/wp-json\/wp\/v2\/comments?post=8"}],"version-history":[{"count":2,"href":"https:\/\/ultimato.com.br\/sites\/de-quem-e-terra-santa\/wp-json\/wp\/v2\/pages\/8\/revisions"}],"predecessor-version":[{"id":26,"href":"https:\/\/ultimato.com.br\/sites\/de-quem-e-terra-santa\/wp-json\/wp\/v2\/pages\/8\/revisions\/26"}],"wp:attachment":[{"href":"https:\/\/ultimato.com.br\/sites\/de-quem-e-terra-santa\/wp-json\/wp\/v2\/media?parent=8"}],"curies":[{"name":"wp","href":"https:\/\/api.w.org\/{rel}","templated":true}]}}