{"id":7,"date":"2017-01-26T11:05:43","date_gmt":"2017-01-26T13:05:43","guid":{"rendered":"http:\/\/ultimato.com.br\/sites\/de-quem-e-terra-santa\/?page_id=7"},"modified":"2017-01-26T11:05:43","modified_gmt":"2017-01-26T13:05:43","slug":"o-que-disseram","status":"publish","type":"page","link":"https:\/\/ultimato.com.br\/sites\/de-quem-e-terra-santa\/o-que-disseram\/","title":{"rendered":"O que disseram"},"content":{"rendered":"<blockquote><p>A for\u00e7a do trabalho de Chapman est\u00e1 n\u00e3o apenas em sua abrang\u00eancia, mas tamb\u00e9m em sua imparcialidade. <strong>De Quem \u00e9 a Terra Santa?<\/strong> \u00e9 simplesmente um livro essencial que deveria estar nas m\u00e3os de todo crist\u00e3o s\u00e9rio que se preocupa com o mundo, o Oriente M\u00e9dio e a B\u00edblia.<\/p><\/blockquote>\n<p>\u2013 <em>Gary M. Burge<\/em>, Wheaton College<\/p>\n<p><em>\u00a0<\/em><\/p>\n<blockquote><p>\u00a0<strong>De Quem \u00e9 a Terra Santa?<\/strong> apresenta uma resposta clara e enf\u00e1tica para o sionismo crist\u00e3o, oferecendo uma interpreta\u00e7\u00e3o crist\u00e3 com base em pesquisas e uma exposi\u00e7\u00e3o clara de passagens relevantes tanto do Novo Testamento, como das Escrituras hebraicas.<\/p><\/blockquote>\n<p>\u2013 <em>Dra. Jane Clements<\/em>, Council of Christians and Jews<\/p>\n<p><em>\u00a0<\/em><\/p>\n<blockquote><p><strong>De Quem \u00e9 a Terra Santa? <\/strong>\u00e9 o principal livro para os crist\u00e3os que querem pensar de forma crist\u00e3 o conflito Israel\u2013Palestina. A for\u00e7a do trabalho de Chapman est\u00e1 n\u00e3o apenas em sua abrang\u00eancia, mas tamb\u00e9m em sua imparcialidade. Ele deixa que l\u00edderes pol\u00edticos e te\u00f3logos falem por si mesmos, para que o leitor possa fazer seus pr\u00f3prios julgamentos sobre o significado das palavras deles. Este \u00e9 simplesmente um livro essencial que deveria estar nas m\u00e3os de todo crist\u00e3o s\u00e9rio que se preocupa com o mundo, o Oriente M\u00e9dio e a B\u00edblia.<\/p><\/blockquote>\n<p>\u2013 <em>Gary M. Burge<\/em>, Wheaton College, autor de <em>Jesus and the Land: The New Testament Challenge to \u201cHoly Land\u201d Theology<\/em><\/p>\n<p>&nbsp;<\/p>\n<blockquote><p><strong>De Quem \u00e9 a Terra Santa? <\/strong>n\u00e3o apenas re\u00fane todos os documentos essenciais da hist\u00f3ria recente, como tamb\u00e9m continua a apresentar as perguntas dif\u00edceis e necess\u00e1rias que podem ajudar poss\u00edveis seguidores de Jesus a usarem a B\u00edblia de forma adequada \u2013 aplicando a verdade b\u00edblica na Terra da B\u00edblia. Que este livro desafie o leitor a orar, como Jesus orou, \u2018pela paz de Jerusal\u00e9m\u2019 \u2013 a paz <em>dele <\/em>na terra <em>dele<\/em>. Um livro indispens\u00e1vel sobre um dos temas mais inflamados do mundo.<\/p><\/blockquote>\n<p>\u2013 <em>Peter Walker<\/em>, autor de <em>In the Steps of Jesus<\/em> e <em>The Story of the Holy Land<\/em><\/p>\n","protected":false},"excerpt":{"rendered":"<p>A for\u00e7a do trabalho de Chapman est\u00e1 n\u00e3o apenas em sua abrang\u00eancia, mas tamb\u00e9m em sua imparcialidade. De Quem \u00e9 a Terra Santa? \u00e9 simplesmente um livro essencial que deveria estar nas m\u00e3os de todo crist\u00e3o s\u00e9rio que se preocupa com o mundo, o Oriente M\u00e9dio e a B\u00edblia. \u2013 Gary M. Burge, Wheaton College [&hellip;]<\/p>\n","protected":false},"author":24,"featured_media":0,"parent":0,"menu_order":2,"comment_status":"closed","ping_status":"closed","template":"","meta":{"footnotes":""},"class_list":["post-7","page","type-page","status-publish","hentry"],"_links":{"self":[{"href":"https:\/\/ultimato.com.br\/sites\/de-quem-e-terra-santa\/wp-json\/wp\/v2\/pages\/7","targetHints":{"allow":["GET"]}}],"collection":[{"href":"https:\/\/ultimato.com.br\/sites\/de-quem-e-terra-santa\/wp-json\/wp\/v2\/pages"}],"about":[{"href":"https:\/\/ultimato.com.br\/sites\/de-quem-e-terra-santa\/wp-json\/wp\/v2\/types\/page"}],"author":[{"embeddable":true,"href":"https:\/\/ultimato.com.br\/sites\/de-quem-e-terra-santa\/wp-json\/wp\/v2\/users\/24"}],"replies":[{"embeddable":true,"href":"https:\/\/ultimato.com.br\/sites\/de-quem-e-terra-santa\/wp-json\/wp\/v2\/comments?post=7"}],"version-history":[{"count":1,"href":"https:\/\/ultimato.com.br\/sites\/de-quem-e-terra-santa\/wp-json\/wp\/v2\/pages\/7\/revisions"}],"predecessor-version":[{"id":14,"href":"https:\/\/ultimato.com.br\/sites\/de-quem-e-terra-santa\/wp-json\/wp\/v2\/pages\/7\/revisions\/14"}],"wp:attachment":[{"href":"https:\/\/ultimato.com.br\/sites\/de-quem-e-terra-santa\/wp-json\/wp\/v2\/media?parent=7"}],"curies":[{"name":"wp","href":"https:\/\/api.w.org\/{rel}","templated":true}]}}