{"id":7,"date":"2012-05-29T10:49:34","date_gmt":"2012-05-29T13:49:34","guid":{"rendered":"http:\/\/ultimato.com.br\/sites\/de-outra-chance-igreja\/?page_id=7"},"modified":"2012-06-19T08:44:33","modified_gmt":"2012-06-19T11:44:33","slug":"o-autor","status":"publish","type":"page","link":"https:\/\/ultimato.com.br\/sites\/de-outra-chance-igreja\/o-autor\/","title":{"rendered":"O Autor"},"content":{"rendered":"<p><a href=\"http:\/\/ultimato.com.br\/sites\/de-outra-chance-igreja\/files\/2012\/05\/foto_hs_docai.jpg\"><img loading=\"lazy\" decoding=\"async\" class=\"alignright  wp-image-39\" title=\"foto_hs_docai\" src=\"http:\/\/ultimato.com.br\/sites\/de-outra-chance-igreja\/files\/2012\/05\/foto_hs_docai-276x300.jpg\" alt=\"\" width=\"159\" height=\"173\" srcset=\"https:\/\/ultimato.com.br\/sites\/de-outra-chance-igreja\/files\/2012\/05\/foto_hs_docai-276x300.jpg 276w, https:\/\/ultimato.com.br\/sites\/de-outra-chance-igreja\/files\/2012\/05\/foto_hs_docai.jpg 442w\" sizes=\"auto, (max-width: 159px) 100vw, 159px\" \/><\/a>Todd Hunter, ex-presidente e coordenador da Igreja Vineyard nos Estados Unidos, plantador de igrejas pela Miss\u00e3o Anglicana nas Am\u00e9ricas e atual bispo da Igreja Anglicana, \u00e9 pastor fundador da Holy Trinity Anglican Church em Costa Mesa, Calif\u00f3rnia, e autor de Christianity Beyond Belief e The Outsider Interviews. Hunter contribui com organiza\u00e7\u00f5es que gostariam de moldar seus minist\u00e9rios em torno de encontros (missionais e baseados no reino de Deus) com a cultura contempor\u00e2nea.<\/p>\n<p><iframe loading=\"lazy\" src=\"http:\/\/www.youtube.com\/embed\/zmLRPbJJmdE\" frameborder=\"0\" width=\"420\" height=\"315\"><\/iframe><\/p>\n<p>Hunter \u00e9 tamb\u00e9m respons\u00e1vel pelo minist\u00e9rio Telos Events. Este minist\u00e9rio surge do amor de Todd pelos &#8220;igrejados&#8221; e &#8220;desigrejados&#8221;, pelo seu interesse de levar os crist\u00e3os a terem uma experi\u00eancia profunda e real com Deus dentro e fora da igreja. &#8220;D\u00ea Outra Chance a Igreja&#8221; guia o leitor por uma esp\u00e9cie de redescoberta da igreja e das pr\u00e1ticas espirituais e Telos Events torna essa descoberta em algo que deve ser praticado no cotidiano.<\/p>\n","protected":false},"excerpt":{"rendered":"<p>Todd Hunter, ex-presidente e coordenador da Igreja Vineyard nos Estados Unidos, plantador de igrejas pela Miss\u00e3o Anglicana nas Am\u00e9ricas e atual bispo da Igreja Anglicana, \u00e9 pastor fundador da Holy Trinity Anglican Church em Costa Mesa, Calif\u00f3rnia, e autor de Christianity Beyond Belief e The Outsider Interviews. Hunter contribui com organiza\u00e7\u00f5es que gostariam de moldar [&hellip;]<\/p>\n","protected":false},"author":24,"featured_media":0,"parent":0,"menu_order":2,"comment_status":"open","ping_status":"closed","template":"","meta":{"footnotes":""},"class_list":["post-7","page","type-page","status-publish","hentry"],"_links":{"self":[{"href":"https:\/\/ultimato.com.br\/sites\/de-outra-chance-igreja\/wp-json\/wp\/v2\/pages\/7","targetHints":{"allow":["GET"]}}],"collection":[{"href":"https:\/\/ultimato.com.br\/sites\/de-outra-chance-igreja\/wp-json\/wp\/v2\/pages"}],"about":[{"href":"https:\/\/ultimato.com.br\/sites\/de-outra-chance-igreja\/wp-json\/wp\/v2\/types\/page"}],"author":[{"embeddable":true,"href":"https:\/\/ultimato.com.br\/sites\/de-outra-chance-igreja\/wp-json\/wp\/v2\/users\/24"}],"replies":[{"embeddable":true,"href":"https:\/\/ultimato.com.br\/sites\/de-outra-chance-igreja\/wp-json\/wp\/v2\/comments?post=7"}],"version-history":[{"count":8,"href":"https:\/\/ultimato.com.br\/sites\/de-outra-chance-igreja\/wp-json\/wp\/v2\/pages\/7\/revisions"}],"predecessor-version":[{"id":67,"href":"https:\/\/ultimato.com.br\/sites\/de-outra-chance-igreja\/wp-json\/wp\/v2\/pages\/7\/revisions\/67"}],"wp:attachment":[{"href":"https:\/\/ultimato.com.br\/sites\/de-outra-chance-igreja\/wp-json\/wp\/v2\/media?parent=7"}],"curies":[{"name":"wp","href":"https:\/\/api.w.org\/{rel}","templated":true}]}}