{"id":8,"date":"2015-08-24T12:32:36","date_gmt":"2015-08-24T12:32:36","guid":{"rendered":"http:\/\/ultimato.com.br\/sites\/de-hoje-em-diante\/?page_id=8"},"modified":"2015-09-04T13:06:01","modified_gmt":"2015-09-04T13:06:01","slug":"o-que-disseram","status":"publish","type":"page","link":"https:\/\/ultimato.com.br\/sites\/de-hoje-em-diante\/o-que-disseram\/","title":{"rendered":"O que disseram"},"content":{"rendered":"<blockquote><p>N\u00e3o temos mais a coragem de fazer certas ora\u00e7\u00f5es por pensar que \u00e9 cinismo pedir perd\u00e3o por um pecado que n\u00e3o conseguimos vencer. \u00c9 esse tipo de ora\u00e7\u00e3o que <strong>De Hoje em Diante<\/strong> nos desafia a n\u00e3o abandonar e a transformar em pr\u00e1tica devocional di\u00e1ria.<\/p><\/blockquote>\n<p><em>&#8211;<\/em> Phelipe Marques Reis<\/p>\n<p>&nbsp;<\/p>\n<blockquote><p>Depois de ler o artigo <em>N\u00e3o quero beber mais<\/em> na se\u00e7\u00e3o \u201cDe hoje em diante\u201d, e como dependente alco\u00f3lica em recupera\u00e7\u00e3o, reafirmo: \u00e1lcool \u00e9 bom s\u00f3 para desinfetar.<\/p><\/blockquote>\n<p>&#8211; Lucin\u00e9a de Campos<\/p>\n<p>&nbsp;<\/p>\n<blockquote><p>Com a clareza e profundidade costumeiras, os artigos da se\u00e7\u00e3o \u201cDe hoje em diante\u201d nos levaram \u00e0 reflex\u00e3o sobre os mais intrigantes pecados que tenazmente nos assediam (Hb 12.1). A publica\u00e7\u00e3o deste livro \u00e9 muito oportuna porque re\u00fane a tradu\u00e7\u00e3o de alguns dos conselhos do Senhor para nossas vidas.<\/p><\/blockquote>\n<p>&#8211; Antonio Carlos da Rosa Silva J\u00fanior<\/p>\n<p>&nbsp;<\/p>\n<blockquote><p>Ao ler a se\u00e7\u00e3o \u201cDe hoje em diante\u201d, era como se algu\u00e9m tivesse colocado no papel o que eu estava tentando exprimir. N\u00e3o foram poucas as vezes que fiz daquelas palavras as minhas ora\u00e7\u00f5es.<\/p><\/blockquote>\n<p>&#8211; Jessica Mesquita<\/p>\n<p>&nbsp;<\/p>\n<blockquote><p>Ainda lembro o momento que li o texto <em>N\u00e3o vou ter medo<\/em> e at\u00e9 mesmo o que senti e confesso que para mim soou como uma ora\u00e7\u00e3o.<\/p><\/blockquote>\n<p>&#8211; Izabel Lessa Peus<\/p>\n<p>&nbsp;<\/p>\n<blockquote><p>O autor certamente sente a mesma afli\u00e7\u00e3o que todos sentimos quando falhamos em cumprir a Palavra de Deus no dia a dia. Por isso consegue atingir t\u00e3o profundamente a nossa alma quando brada e nos faz bradar juntos um \u201cde hoje em diante\u201d. Vamos assim nos despindo da nossa velha natureza para ver aflorar o novo do Senhor, com\u00a0a certeza de que Deus efetua em n\u00f3s o querer e o realizar.<\/p><\/blockquote>\n<p>&#8211; C\u00e9lia Paradela<\/p>\n<blockquote><p>Nos \u00faltimos tempos tenho aprendido que Teologia \u00e9, simplesmente, uma &#8216;aplica\u00e7\u00e3o das Escrituras&#8217; e, se assim n\u00e3o for, \u00e9 infiel e, por vezes, maldosa. O fato \u00e9 que a pr\u00f3pria B\u00edblia \u00e9 um livro pr\u00e1tico e que, frequentemente, nos desafia a tomar decis\u00f5es e assumir posi\u00e7\u00f5es ao lado de Deus e contra o pecado em nossa vida e nos projetos em que estamos envolvidos. &#8220;De Hoje em Diante&#8221;, n\u00e3o s\u00f3 por seu tema, mas especialmente por sua fundamenta\u00e7\u00e3o escritur\u00edstica, certamente ser\u00e1 uma excelente oportunidade de reflex\u00e3o e uma s\u00e9ria convoca\u00e7\u00e3o para que assumamos posturas e compromissos que contribuir\u00e3o para melhor agradarmos a Deus, sermos mais santos e mais felizes tamb\u00e9m.<\/p><\/blockquote>\n<p>\u2013 Djaik Neves, pastor da Igreja Presbiteriana Jardim Guanabara em Cuiab\u00e1, MT<\/p>\n<blockquote><p>Os textos da se\u00e7\u00e3o De Hoje em Diante da revista <strong>Ultimato<\/strong> contribu\u00edram substancialmente para o meu fortalecimento na F\u00e9 e creio que tamb\u00e9m o fez a outros. Parabenizo a Ultimato pela iniciativa de mais uma vez disponibilizar conte\u00fado de qualidade para edifica\u00e7\u00e3o dos leitores numa \u00e9poca em que os valores espirituais, morais e \u00e9ticos s\u00e3o deteriorados pela cultura secular. Que o Senhor possa usar esta obra para aben\u00e7oar a muitos.<\/p><\/blockquote>\n<p>&#8211; T\u00e9rcio Silva Ferreira<\/p>\n","protected":false},"excerpt":{"rendered":"<p>N\u00e3o temos mais a coragem de fazer certas ora\u00e7\u00f5es por pensar que \u00e9 cinismo pedir perd\u00e3o por um pecado que n\u00e3o conseguimos vencer. \u00c9 esse tipo de ora\u00e7\u00e3o que De Hoje em Diante nos desafia a n\u00e3o abandonar e a transformar em pr\u00e1tica devocional di\u00e1ria. &#8211; Phelipe Marques Reis &nbsp; Depois de ler o artigo [&hellip;]<\/p>\n","protected":false},"author":24,"featured_media":0,"parent":0,"menu_order":1,"comment_status":"closed","ping_status":"open","template":"","meta":{"footnotes":""},"class_list":["post-8","page","type-page","status-publish","hentry"],"_links":{"self":[{"href":"https:\/\/ultimato.com.br\/sites\/de-hoje-em-diante\/wp-json\/wp\/v2\/pages\/8","targetHints":{"allow":["GET"]}}],"collection":[{"href":"https:\/\/ultimato.com.br\/sites\/de-hoje-em-diante\/wp-json\/wp\/v2\/pages"}],"about":[{"href":"https:\/\/ultimato.com.br\/sites\/de-hoje-em-diante\/wp-json\/wp\/v2\/types\/page"}],"author":[{"embeddable":true,"href":"https:\/\/ultimato.com.br\/sites\/de-hoje-em-diante\/wp-json\/wp\/v2\/users\/24"}],"replies":[{"embeddable":true,"href":"https:\/\/ultimato.com.br\/sites\/de-hoje-em-diante\/wp-json\/wp\/v2\/comments?post=8"}],"version-history":[{"count":3,"href":"https:\/\/ultimato.com.br\/sites\/de-hoje-em-diante\/wp-json\/wp\/v2\/pages\/8\/revisions"}],"predecessor-version":[{"id":39,"href":"https:\/\/ultimato.com.br\/sites\/de-hoje-em-diante\/wp-json\/wp\/v2\/pages\/8\/revisions\/39"}],"wp:attachment":[{"href":"https:\/\/ultimato.com.br\/sites\/de-hoje-em-diante\/wp-json\/wp\/v2\/media?parent=8"}],"curies":[{"name":"wp","href":"https:\/\/api.w.org\/{rel}","templated":true}]}}