{"id":7,"date":"2015-06-24T04:29:14","date_gmt":"2015-06-24T04:29:14","guid":{"rendered":"http:\/\/ultimato.com.br\/sites\/culpa-e-graca\/?page_id=7"},"modified":"2015-06-24T04:31:03","modified_gmt":"2015-06-24T04:31:03","slug":"o-que-disseram","status":"publish","type":"page","link":"https:\/\/ultimato.com.br\/sites\/culpa-e-graca\/o-que-disseram\/","title":{"rendered":"O que disseram"},"content":{"rendered":"<blockquote><p>Paul Tournier fala diretamente \u00e0s nossas dificuldades e experi\u00eancias. <strong>Culpa e Gra\u00e7a<\/strong> apresenta uma abordagem da culpa mais relevante e pr\u00e1tica que qualquer teoria.<\/p><\/blockquote>\n<p><em>\u2013 <\/em>Hans Hofmann, autor de<em> Religion and Mental Health<\/em><\/p>\n<p><em>\u00a0<\/em><\/p>\n<blockquote><p>Paul Tournier \u00e9 um homem especializado em medicina e s\u00e1bio para com Deus.<\/p><\/blockquote>\n<p>\u2013 William Barclay<\/p>\n","protected":false},"excerpt":{"rendered":"<p>Paul Tournier fala diretamente \u00e0s nossas dificuldades e experi\u00eancias. Culpa e Gra\u00e7a apresenta uma abordagem da culpa mais relevante e pr\u00e1tica que qualquer teoria. \u2013 Hans Hofmann, autor de Religion and Mental Health \u00a0 Paul Tournier \u00e9 um homem especializado em medicina e s\u00e1bio para com Deus. \u2013 William Barclay<\/p>\n","protected":false},"author":24,"featured_media":0,"parent":0,"menu_order":2,"comment_status":"closed","ping_status":"open","template":"","meta":{"footnotes":""},"class_list":["post-7","page","type-page","status-publish","hentry"],"_links":{"self":[{"href":"https:\/\/ultimato.com.br\/sites\/culpa-e-graca\/wp-json\/wp\/v2\/pages\/7","targetHints":{"allow":["GET"]}}],"collection":[{"href":"https:\/\/ultimato.com.br\/sites\/culpa-e-graca\/wp-json\/wp\/v2\/pages"}],"about":[{"href":"https:\/\/ultimato.com.br\/sites\/culpa-e-graca\/wp-json\/wp\/v2\/types\/page"}],"author":[{"embeddable":true,"href":"https:\/\/ultimato.com.br\/sites\/culpa-e-graca\/wp-json\/wp\/v2\/users\/24"}],"replies":[{"embeddable":true,"href":"https:\/\/ultimato.com.br\/sites\/culpa-e-graca\/wp-json\/wp\/v2\/comments?post=7"}],"version-history":[{"count":3,"href":"https:\/\/ultimato.com.br\/sites\/culpa-e-graca\/wp-json\/wp\/v2\/pages\/7\/revisions"}],"predecessor-version":[{"id":23,"href":"https:\/\/ultimato.com.br\/sites\/culpa-e-graca\/wp-json\/wp\/v2\/pages\/7\/revisions\/23"}],"wp:attachment":[{"href":"https:\/\/ultimato.com.br\/sites\/culpa-e-graca\/wp-json\/wp\/v2\/media?parent=7"}],"curies":[{"name":"wp","href":"https:\/\/api.w.org\/{rel}","templated":true}]}}

<blockquote><p>Paul Tournier fala diretamente às nossas dificuldades e experiências. <strong>Culpa e Graça</strong> apresenta uma abordagem da culpa mais relevante e prática que qualquer teoria.</p></blockquote>
<p><em>– </em>Hans Hofmann, autor de<em> Religion and Mental Health</em></p>
<p><em> </em></p>
<blockquote><p>Paul Tournier é um homem especializado em medicina e sábio para com Deus.</p></blockquote>
<p>– William Barclay</p>

<p>Paul Tournier fala diretamente às nossas dificuldades e experiências. Culpa e Graça apresenta uma abordagem da culpa mais relevante e prática que qualquer teoria. – Hans Hofmann, autor de Religion and Mental Health   Paul Tournier é um homem especializado em medicina e sábio para com Deus. – William Barclay</p>
