{"id":6,"date":"2015-06-24T04:29:03","date_gmt":"2015-06-24T04:29:03","guid":{"rendered":"http:\/\/ultimato.com.br\/sites\/culpa-e-graca\/?page_id=6"},"modified":"2015-06-24T04:30:46","modified_gmt":"2015-06-24T04:30:46","slug":"o-autor","status":"publish","type":"page","link":"https:\/\/ultimato.com.br\/sites\/culpa-e-graca\/o-autor\/","title":{"rendered":"O autor"},"content":{"rendered":"<p><a href=\"http:\/\/ultimato.com.br\/sites\/culpa-e-graca\/files\/2015\/06\/foto_hs-ceg.jpg\"><img loading=\"lazy\" decoding=\"async\" class=\"alignleft size-thumbnail wp-image-19\" src=\"http:\/\/ultimato.com.br\/sites\/culpa-e-graca\/files\/2015\/06\/foto_hs-ceg-150x150.jpg\" alt=\"foto_hs-ceg\" width=\"150\" height=\"150\" \/><\/a>Paul Tournier, m\u00e9dico su\u00ed\u00e7o conhecido internacionalmente como psiquiatra crist\u00e3o, foi tamb\u00e9m escritor traduzido e publicado em mais de trinta idiomas. Come\u00e7ou sua vida profissional como m\u00e9dico em Genebra e \u00e9 um dos precursores da medicina integral, que o levou \u00e0 pr\u00e1tica da psicoterapia. Em 1947 fundou o Grupo Internacional de Medicina da Pessoa. \u00c9 autor de, entre outros, Mitos e Neuroses, A Miss\u00e3o da Mulher e \u00c9 Preciso Saber Envelhecer.<\/p>\n","protected":false},"excerpt":{"rendered":"<p>Paul Tournier, m\u00e9dico su\u00ed\u00e7o conhecido internacionalmente como psiquiatra crist\u00e3o, foi tamb\u00e9m escritor traduzido e publicado em mais de trinta idiomas. Come\u00e7ou sua vida profissional como m\u00e9dico em Genebra e \u00e9 um dos precursores da medicina integral, que o levou \u00e0 pr\u00e1tica da psicoterapia. Em 1947 fundou o Grupo Internacional de Medicina da Pessoa. \u00c9 autor [&hellip;]<\/p>\n","protected":false},"author":24,"featured_media":0,"parent":0,"menu_order":1,"comment_status":"closed","ping_status":"open","template":"","meta":{"footnotes":""},"class_list":["post-6","page","type-page","status-publish","hentry"],"_links":{"self":[{"href":"https:\/\/ultimato.com.br\/sites\/culpa-e-graca\/wp-json\/wp\/v2\/pages\/6","targetHints":{"allow":["GET"]}}],"collection":[{"href":"https:\/\/ultimato.com.br\/sites\/culpa-e-graca\/wp-json\/wp\/v2\/pages"}],"about":[{"href":"https:\/\/ultimato.com.br\/sites\/culpa-e-graca\/wp-json\/wp\/v2\/types\/page"}],"author":[{"embeddable":true,"href":"https:\/\/ultimato.com.br\/sites\/culpa-e-graca\/wp-json\/wp\/v2\/users\/24"}],"replies":[{"embeddable":true,"href":"https:\/\/ultimato.com.br\/sites\/culpa-e-graca\/wp-json\/wp\/v2\/comments?post=6"}],"version-history":[{"count":3,"href":"https:\/\/ultimato.com.br\/sites\/culpa-e-graca\/wp-json\/wp\/v2\/pages\/6\/revisions"}],"predecessor-version":[{"id":21,"href":"https:\/\/ultimato.com.br\/sites\/culpa-e-graca\/wp-json\/wp\/v2\/pages\/6\/revisions\/21"}],"wp:attachment":[{"href":"https:\/\/ultimato.com.br\/sites\/culpa-e-graca\/wp-json\/wp\/v2\/media?parent=6"}],"curies":[{"name":"wp","href":"https:\/\/api.w.org\/{rel}","templated":true}]}}

<p><a href="http://ultimato.com.br/sites/culpa-e-graca/files/2015/06/foto_hs-ceg.jpg"><img loading="lazy" decoding="async" class="alignleft size-thumbnail wp-image-19" src="http://ultimato.com.br/sites/culpa-e-graca/files/2015/06/foto_hs-ceg-150x150.jpg" alt="foto_hs-ceg" width="150" height="150" /></a>Paul Tournier, médico suíço conhecido internacionalmente como psiquiatra cristão, foi também escritor traduzido e publicado em mais de trinta idiomas. Começou sua vida profissional como médico em Genebra e é um dos precursores da medicina integral, que o levou à prática da psicoterapia. Em 1947 fundou o Grupo Internacional de Medicina da Pessoa. É autor de, entre outros, Mitos e Neuroses, A Missão da Mulher e É Preciso Saber Envelhecer.</p>

<p>Paul Tournier, médico suíço conhecido internacionalmente como psiquiatra cristão, foi também escritor traduzido e publicado em mais de trinta idiomas. Começou sua vida profissional como médico em Genebra e é um dos precursores da medicina integral, que o levou à prática da psicoterapia. Em 1947 fundou o Grupo Internacional de Medicina da Pessoa. É autor [&hellip;]</p>
