{"id":5,"date":"2015-06-24T04:28:53","date_gmt":"2015-06-24T04:28:53","guid":{"rendered":"http:\/\/ultimato.com.br\/sites\/culpa-e-graca\/?page_id=5"},"modified":"2015-06-24T04:30:26","modified_gmt":"2015-06-24T04:30:26","slug":"o-livro","status":"publish","type":"page","link":"https:\/\/ultimato.com.br\/sites\/culpa-e-graca\/","title":{"rendered":"O livro"},"content":{"rendered":"<p>Como lidar com a culpa inevit\u00e1vel que experimentamos nos relacionamentos?<\/p>\n<p>Como experimentar a gra\u00e7a, quando estamos cercados por cr\u00edticas, censuras e indiferen\u00e7a?<\/p>\n<p>Constrangimento, remorso, consci\u00eancia pesada, vergonha, timidez e at\u00e9 mod\u00e9stia: h\u00e1 um elo entre esses termos e n\u00e3o h\u00e1 fronteiras bem definidas. A culpabilidade est\u00e1 presente no relacionamento com os outros, nas cr\u00edticas e no sentimento de inferioridade.<\/p>\n<p>Para o autor, a verdadeira culpa est\u00e1 ligada ao fato de n\u00e3o ousarmos ser n\u00f3s mesmos. \u00c9 o medo do julgamento dos outros que nos torna est\u00e9reis, que nos impede de produzir todos os frutos que somos chamados a produzir.<\/p>\n","protected":false},"excerpt":{"rendered":"<p>Como lidar com a culpa inevit\u00e1vel que experimentamos nos relacionamentos? Como experimentar a gra\u00e7a, quando estamos cercados por cr\u00edticas, censuras e indiferen\u00e7a? Constrangimento, remorso, consci\u00eancia pesada, vergonha, timidez e at\u00e9 mod\u00e9stia: h\u00e1 um elo entre esses termos e n\u00e3o h\u00e1 fronteiras bem definidas. A culpabilidade est\u00e1 presente no relacionamento com os outros, nas cr\u00edticas e [&hellip;]<\/p>\n","protected":false},"author":24,"featured_media":0,"parent":0,"menu_order":0,"comment_status":"closed","ping_status":"open","template":"","meta":{"footnotes":""},"class_list":["post-5","page","type-page","status-publish","hentry"],"_links":{"self":[{"href":"https:\/\/ultimato.com.br\/sites\/culpa-e-graca\/wp-json\/wp\/v2\/pages\/5","targetHints":{"allow":["GET"]}}],"collection":[{"href":"https:\/\/ultimato.com.br\/sites\/culpa-e-graca\/wp-json\/wp\/v2\/pages"}],"about":[{"href":"https:\/\/ultimato.com.br\/sites\/culpa-e-graca\/wp-json\/wp\/v2\/types\/page"}],"author":[{"embeddable":true,"href":"https:\/\/ultimato.com.br\/sites\/culpa-e-graca\/wp-json\/wp\/v2\/users\/24"}],"replies":[{"embeddable":true,"href":"https:\/\/ultimato.com.br\/sites\/culpa-e-graca\/wp-json\/wp\/v2\/comments?post=5"}],"version-history":[{"count":3,"href":"https:\/\/ultimato.com.br\/sites\/culpa-e-graca\/wp-json\/wp\/v2\/pages\/5\/revisions"}],"predecessor-version":[{"id":18,"href":"https:\/\/ultimato.com.br\/sites\/culpa-e-graca\/wp-json\/wp\/v2\/pages\/5\/revisions\/18"}],"wp:attachment":[{"href":"https:\/\/ultimato.com.br\/sites\/culpa-e-graca\/wp-json\/wp\/v2\/media?parent=5"}],"curies":[{"name":"wp","href":"https:\/\/api.w.org\/{rel}","templated":true}]}}

<p>Como lidar com a culpa inevitável que experimentamos nos relacionamentos?</p>
<p>Como experimentar a graça, quando estamos cercados por críticas, censuras e indiferença?</p>
<p>Constrangimento, remorso, consciência pesada, vergonha, timidez e até modéstia: há um elo entre esses termos e não há fronteiras bem definidas. A culpabilidade está presente no relacionamento com os outros, nas críticas e no sentimento de inferioridade.</p>
<p>Para o autor, a verdadeira culpa está ligada ao fato de não ousarmos ser nós mesmos. É o medo do julgamento dos outros que nos torna estéreis, que nos impede de produzir todos os frutos que somos chamados a produzir.</p>

<p>Como lidar com a culpa inevitável que experimentamos nos relacionamentos? Como experimentar a graça, quando estamos cercados por críticas, censuras e indiferença? Constrangimento, remorso, consciência pesada, vergonha, timidez e até modéstia: há um elo entre esses termos e não há fronteiras bem definidas. A culpabilidade está presente no relacionamento com os outros, nas críticas e [&hellip;]</p>
