{"id":26,"date":"2015-06-24T04:31:52","date_gmt":"2015-06-24T04:31:52","guid":{"rendered":"http:\/\/ultimato.com.br\/sites\/culpa-e-graca\/?page_id=26"},"modified":"2015-07-06T03:55:31","modified_gmt":"2015-07-06T03:55:31","slug":"release","status":"publish","type":"page","link":"https:\/\/ultimato.com.br\/sites\/culpa-e-graca\/extras\/release\/","title":{"rendered":"Release"},"content":{"rendered":"<p>Aqui est\u00e1 o press-release do livro <em>Culpa e Gra\u00e7a<\/em> para voc\u00ea divulgar no seu site, blog, jornal ou outro meio de comunica\u00e7\u00e3o do seu acesso. Ajude-nos a espalhar este conte\u00fado<\/p>\n<p>\u2013 Arquivo em <a href=\"http:\/\/ultimato.com.br\/sites\/culpa-e-graca\/files\/2015\/07\/7-Release_Culpa_Graca_Jul_2015-.pdf\">PDF<\/a>.<\/p>\n","protected":false},"excerpt":{"rendered":"<p>Aqui est\u00e1 o press-release do livro Culpa e Gra\u00e7a para voc\u00ea divulgar no seu site, blog, jornal ou outro meio de comunica\u00e7\u00e3o do seu acesso. Ajude-nos a espalhar este conte\u00fado \u2013 Arquivo em PDF.<\/p>\n","protected":false},"author":24,"featured_media":0,"parent":8,"menu_order":3,"comment_status":"closed","ping_status":"open","template":"","meta":{"footnotes":""},"class_list":["post-26","page","type-page","status-publish","hentry"],"_links":{"self":[{"href":"https:\/\/ultimato.com.br\/sites\/culpa-e-graca\/wp-json\/wp\/v2\/pages\/26","targetHints":{"allow":["GET"]}}],"collection":[{"href":"https:\/\/ultimato.com.br\/sites\/culpa-e-graca\/wp-json\/wp\/v2\/pages"}],"about":[{"href":"https:\/\/ultimato.com.br\/sites\/culpa-e-graca\/wp-json\/wp\/v2\/types\/page"}],"author":[{"embeddable":true,"href":"https:\/\/ultimato.com.br\/sites\/culpa-e-graca\/wp-json\/wp\/v2\/users\/24"}],"replies":[{"embeddable":true,"href":"https:\/\/ultimato.com.br\/sites\/culpa-e-graca\/wp-json\/wp\/v2\/comments?post=26"}],"version-history":[{"count":3,"href":"https:\/\/ultimato.com.br\/sites\/culpa-e-graca\/wp-json\/wp\/v2\/pages\/26\/revisions"}],"predecessor-version":[{"id":50,"href":"https:\/\/ultimato.com.br\/sites\/culpa-e-graca\/wp-json\/wp\/v2\/pages\/26\/revisions\/50"}],"up":[{"embeddable":true,"href":"https:\/\/ultimato.com.br\/sites\/culpa-e-graca\/wp-json\/wp\/v2\/pages\/8"}],"wp:attachment":[{"href":"https:\/\/ultimato.com.br\/sites\/culpa-e-graca\/wp-json\/wp\/v2\/media?parent=26"}],"curies":[{"name":"wp","href":"https:\/\/api.w.org\/{rel}","templated":true}]}}

<p>Aqui está o press-release do livro <em>Culpa e Graça</em> para você divulgar no seu site, blog, jornal ou outro meio de comunicação do seu acesso. Ajude-nos a espalhar este conteúdo</p>
<p>– Arquivo em <a href="http://ultimato.com.br/sites/culpa-e-graca/files/2015/07/7-Release_Culpa_Graca_Jul_2015-.pdf">PDF</a>.</p>

<p>Aqui está o press-release do livro Culpa e Graça para você divulgar no seu site, blog, jornal ou outro meio de comunicação do seu acesso. Ajude-nos a espalhar este conteúdo – Arquivo em PDF.</p>
