{"id":8,"date":"2017-03-01T10:00:54","date_gmt":"2017-03-01T13:00:54","guid":{"rendered":"http:\/\/ultimato.com.br\/sites\/cristianismo-equilibrado\/?page_id=8"},"modified":"2018-04-25T09:26:15","modified_gmt":"2018-04-25T12:26:15","slug":"o-que-disseram","status":"publish","type":"page","link":"https:\/\/ultimato.com.br\/sites\/cristianismo-equilibrado\/o-que-disseram\/","title":{"rendered":"O que disseram"},"content":{"rendered":"<blockquote><p><span style=\"color: #333333;\">Li <strong>Cristianismo Equilibrado<\/strong> de p\u00e9, em uma livraria, quando era estudante universit\u00e1rio. Depois, comprei o livro e li novamente mais duas vezes. John Stott me abriu a mente para a descoberta deliciosa de verdades com as quais nem sempre \u00e9 f\u00e1cil lidar, mas com as quais podemos nos comprometer. Trata-se de um dos grandes manifestos do evangelicalismo do s\u00e9culo 20.<\/span><br \/>\n&nbsp;<br \/>\n<span style=\"color: #333333;\"><em>\u2013 Scot McKnight<\/em>, Northern Seminary<\/span><\/p><\/blockquote>\n<blockquote><p><span style=\"color: #333333;\">Precisamos enfatizar tanto o intelectual como o emocional, lembrando que nada aquece o cora\u00e7\u00e3o como a verdade; tanto o conservador como o radical, decididos a preservar as Escrituras, mas tamb\u00e9m a analisar a cultura de acordo com elas; tanto o formal como o informal, uma vez que um complementa o outro; e tanto o evangel\u00edstico como o social. Ao menos nessas quatro \u00e1reas (e n\u00e3o apenas nelas), temos respaldo b\u00edblico para substituir o ing\u00eanuo <em>um-outro<\/em> pelo mais maduro <em>e-ambos<\/em>. Coloquemos os p\u00e9s firme e simultaneamente em ambos os polos.<\/span><br \/>\n&nbsp;<br \/>\n<span style=\"color: #333333;\"><em>\u2013 John Stott<\/em><\/span><\/p><\/blockquote>\n<blockquote><p><span style=\"color: #333333;\">Para John Stott, \u2018equil\u00edbrio\u2019 n\u00e3o significa \u2018meio-termo\u2019 ou \u2018neutralidade\u2019. Em vez disso, \u00e9 uma decis\u00e3o de viver fielmente sustentando e mantendo-se nos dois extremos, sem oscilar de um lado para o outro.<\/span><br \/>\n&nbsp;<br \/>\n<span style=\"color: #333333;\">\u2013<em> Mark Labberton<\/em>, presidente do Fuller Theological Seminary<\/span><\/p><\/blockquote>\n","protected":false},"excerpt":{"rendered":"<p>Li Cristianismo Equilibrado de p\u00e9, em uma livraria, quando era estudante universit\u00e1rio. Depois, comprei o livro e li novamente mais duas vezes. John Stott me abriu a mente para a descoberta deliciosa de verdades com as quais nem sempre \u00e9 f\u00e1cil lidar, mas com as quais podemos nos comprometer. Trata-se de um dos grandes manifestos [&hellip;]<\/p>\n","protected":false},"author":24,"featured_media":0,"parent":0,"menu_order":2,"comment_status":"closed","ping_status":"closed","template":"","meta":{"footnotes":""},"class_list":["post-8","page","type-page","status-publish","hentry"],"_links":{"self":[{"href":"https:\/\/ultimato.com.br\/sites\/cristianismo-equilibrado\/wp-json\/wp\/v2\/pages\/8","targetHints":{"allow":["GET"]}}],"collection":[{"href":"https:\/\/ultimato.com.br\/sites\/cristianismo-equilibrado\/wp-json\/wp\/v2\/pages"}],"about":[{"href":"https:\/\/ultimato.com.br\/sites\/cristianismo-equilibrado\/wp-json\/wp\/v2\/types\/page"}],"author":[{"embeddable":true,"href":"https:\/\/ultimato.com.br\/sites\/cristianismo-equilibrado\/wp-json\/wp\/v2\/users\/24"}],"replies":[{"embeddable":true,"href":"https:\/\/ultimato.com.br\/sites\/cristianismo-equilibrado\/wp-json\/wp\/v2\/comments?post=8"}],"version-history":[{"count":3,"href":"https:\/\/ultimato.com.br\/sites\/cristianismo-equilibrado\/wp-json\/wp\/v2\/pages\/8\/revisions"}],"predecessor-version":[{"id":53,"href":"https:\/\/ultimato.com.br\/sites\/cristianismo-equilibrado\/wp-json\/wp\/v2\/pages\/8\/revisions\/53"}],"wp:attachment":[{"href":"https:\/\/ultimato.com.br\/sites\/cristianismo-equilibrado\/wp-json\/wp\/v2\/media?parent=8"}],"curies":[{"name":"wp","href":"https:\/\/api.w.org\/{rel}","templated":true}]}}