{"id":7,"date":"2017-03-01T10:00:26","date_gmt":"2017-03-01T13:00:26","guid":{"rendered":"http:\/\/ultimato.com.br\/sites\/cristianismo-equilibrado\/?page_id=7"},"modified":"2018-04-25T09:25:06","modified_gmt":"2018-04-25T12:25:06","slug":"o-livro","status":"publish","type":"page","link":"https:\/\/ultimato.com.br\/sites\/cristianismo-equilibrado\/","title":{"rendered":"O Livro"},"content":{"rendered":"<blockquote><p><span style=\"color: #333333;\">Para John Stott, \u2018equil\u00edbrio\u2019 n\u00e3o significa \u2018meio-termo\u2019 ou \u2018neutralidade\u2019. Em vez disso, \u00e9 uma decis\u00e3o de viver fielmente sustentando e mantendo-se nos dois extremos, sem oscilar de um lado para o outro.<\/span><br \/>\n<span style=\"color: #333333;\"> \u00a0<\/span><br \/>\n<span style=\"color: #333333;\"> \u2013<em> Mark Labberton<\/em>, presidente do Fuller Theological Seminary<\/span><\/p><\/blockquote>\n<p>Partidarismo e polariza\u00e7\u00e3o n\u00e3o s\u00e3o novidades entre os crist\u00e3os. As frases \u201ceu sou de Paulo\u201d ou \u201ceu sou de Apolo\u201d s\u00e3o repetidas todos os dias, agora com novos sujeitos, novos adjetivos e em diferentes plataformas.<\/p>\n<p>Em <strong>Cristianismo Equilibrado<\/strong>, John Stott aponta n\u00e3o apenas quest\u00f5es que dividem os evang\u00e9licos, mas tamb\u00e9m o perigo do extremismo e da falta de discernimento.<\/p>\n<p>Em edi\u00e7\u00e3o ampliada, com uma longa entrevista com o autor, <strong>Cristianismo Equilibrado<\/strong> responde tamb\u00e9m a quest\u00f5es contempor\u00e2neas que desafiam a unidade da igreja.<\/p>\n","protected":false},"excerpt":{"rendered":"<p>Para John Stott, \u2018equil\u00edbrio\u2019 n\u00e3o significa \u2018meio-termo\u2019 ou \u2018neutralidade\u2019. Em vez disso, \u00e9 uma decis\u00e3o de viver fielmente sustentando e mantendo-se nos dois extremos, sem oscilar de um lado para o outro. \u00a0 \u2013 Mark Labberton, presidente do Fuller Theological Seminary Partidarismo e polariza\u00e7\u00e3o n\u00e3o s\u00e3o novidades entre os crist\u00e3os. As frases \u201ceu sou de [&hellip;]<\/p>\n","protected":false},"author":24,"featured_media":0,"parent":0,"menu_order":1,"comment_status":"closed","ping_status":"closed","template":"","meta":{"footnotes":""},"class_list":["post-7","page","type-page","status-publish","hentry"],"_links":{"self":[{"href":"https:\/\/ultimato.com.br\/sites\/cristianismo-equilibrado\/wp-json\/wp\/v2\/pages\/7","targetHints":{"allow":["GET"]}}],"collection":[{"href":"https:\/\/ultimato.com.br\/sites\/cristianismo-equilibrado\/wp-json\/wp\/v2\/pages"}],"about":[{"href":"https:\/\/ultimato.com.br\/sites\/cristianismo-equilibrado\/wp-json\/wp\/v2\/types\/page"}],"author":[{"embeddable":true,"href":"https:\/\/ultimato.com.br\/sites\/cristianismo-equilibrado\/wp-json\/wp\/v2\/users\/24"}],"replies":[{"embeddable":true,"href":"https:\/\/ultimato.com.br\/sites\/cristianismo-equilibrado\/wp-json\/wp\/v2\/comments?post=7"}],"version-history":[{"count":5,"href":"https:\/\/ultimato.com.br\/sites\/cristianismo-equilibrado\/wp-json\/wp\/v2\/pages\/7\/revisions"}],"predecessor-version":[{"id":51,"href":"https:\/\/ultimato.com.br\/sites\/cristianismo-equilibrado\/wp-json\/wp\/v2\/pages\/7\/revisions\/51"}],"wp:attachment":[{"href":"https:\/\/ultimato.com.br\/sites\/cristianismo-equilibrado\/wp-json\/wp\/v2\/media?parent=7"}],"curies":[{"name":"wp","href":"https:\/\/api.w.org\/{rel}","templated":true}]}}