{"id":5,"date":"2014-02-26T03:42:17","date_gmt":"2014-02-26T03:42:17","guid":{"rendered":"http:\/\/ultimato.com.br\/sites\/cristaos-desafios-contemporaneos\/?page_id=5"},"modified":"2014-05-05T14:14:54","modified_gmt":"2014-05-05T14:14:54","slug":"o-livro","status":"publish","type":"page","link":"https:\/\/ultimato.com.br\/sites\/cristaos-desafios-contemporaneos\/","title":{"rendered":"O livro"},"content":{"rendered":"<p style=\"text-align: center;\"><iframe loading=\"lazy\" src=\"\/\/www.youtube.com\/embed\/ZVpYWPWcXPY\" height=\"315\" width=\"560\" allowfullscreen=\"\" frameborder=\"0\"><\/iframe><\/p>\n<p><b>Os Crist\u00e3os e os Desafios Contempor\u00e2neos<\/b> \u00e9 a maior e mais abrangente obra do conhecido te\u00f3logo e escritor ingl\u00eas John Stott.<\/p>\n<p>Viol\u00eancia, direitos humanos, aborto, diversidade \u00e9tnica, trabalho e desemprego, meio ambiente, casamento e div\u00f3rcio, homossexualidade, globaliza\u00e7\u00e3o, entre outras, s\u00e3o algumas das quest\u00f5es sobre as quais John Stott se debru\u00e7a e, com a costumeira clareza e sabedoria b\u00edblica, responde \u00e0s perguntas urgentes que os crist\u00e3os fazem todos os dias.<\/p>\n<p>Com guia de estudo ao final de cada cap\u00edtulo, especialmente preparado para discuss\u00e3o em grupo ou para reflex\u00e3o individual, <b>Os Crist\u00e3os e os Desafios Contempor\u00e2neos<\/b> \u00e9 uma preciosa ferramenta para a compreens\u00e3o das raz\u00f5es e das possibilidades de envolvimento dos crist\u00e3os com as quest\u00f5es que tomam conta da sociedade moderna e \u2018invadem\u2019 tamb\u00e9m a igreja hoje.<\/p>\n<p><a href=\"http:\/\/ultimato.com.br\/sites\/cristaos-desafios-contemporaneos\/files\/2014\/02\/concurso_ocdc_resultado.jpg\"><img loading=\"lazy\" decoding=\"async\" class=\"aligncenter size-full wp-image-59\" alt=\"concurso_ocdc_resultado\" src=\"http:\/\/ultimato.com.br\/sites\/cristaos-desafios-contemporaneos\/files\/2014\/02\/concurso_ocdc_resultado.jpg\" width=\"600\" height=\"377\" srcset=\"https:\/\/ultimato.com.br\/sites\/cristaos-desafios-contemporaneos\/files\/2014\/02\/concurso_ocdc_resultado.jpg 600w, https:\/\/ultimato.com.br\/sites\/cristaos-desafios-contemporaneos\/files\/2014\/02\/concurso_ocdc_resultado-300x188.jpg 300w\" sizes=\"auto, (max-width: 600px) 100vw, 600px\" \/><\/a><\/p>\n<p>&nbsp;<\/p>\n<blockquote>\n<p style=\"text-align: left; font-size: 18px;\"><em style=\"font-size: 14px; line-height: 1.5em;\">O maior desafio para o crist\u00e3o no mundo contempor\u00e2neo \u00e9 o de enfrentar o dualismo pregado por muitas igrejas e de considerar-se a si mesmo como escravo de Cristo tendo sua identidade definida por CRIST\u00c3O.<\/em><\/p>\n<\/blockquote>\n<p style=\"text-align: center; font-size: 8px;\">Sorteio:\u00a0<a href=\"http:\/\/sorteiospt.com\/share\/3113328b6a1b4b955b4a7015a885e542\" target=\"_blank\">http:\/\/sorteiospt.com\/share\/<wbr \/>3113328b6a1b4b955b4a7015a885e5<wbr \/>42<\/a><\/p>\n","protected":false},"excerpt":{"rendered":"<p>Os Crist\u00e3os e os Desafios Contempor\u00e2neos \u00e9 a maior e mais abrangente obra do conhecido te\u00f3logo e escritor ingl\u00eas John Stott. Viol\u00eancia, direitos humanos, aborto, diversidade \u00e9tnica, trabalho e desemprego, meio ambiente, casamento e div\u00f3rcio, homossexualidade, globaliza\u00e7\u00e3o, entre outras, s\u00e3o algumas das quest\u00f5es sobre as quais John Stott se debru\u00e7a e, com a costumeira clareza [&hellip;]<\/p>\n","protected":false},"author":24,"featured_media":0,"parent":0,"menu_order":0,"comment_status":"open","ping_status":"open","template":"","meta":{"footnotes":""},"class_list":["post-5","page","type-page","status-publish","hentry"],"_links":{"self":[{"href":"https:\/\/ultimato.com.br\/sites\/cristaos-desafios-contemporaneos\/wp-json\/wp\/v2\/pages\/5","targetHints":{"allow":["GET"]}}],"collection":[{"href":"https:\/\/ultimato.com.br\/sites\/cristaos-desafios-contemporaneos\/wp-json\/wp\/v2\/pages"}],"about":[{"href":"https:\/\/ultimato.com.br\/sites\/cristaos-desafios-contemporaneos\/wp-json\/wp\/v2\/types\/page"}],"author":[{"embeddable":true,"href":"https:\/\/ultimato.com.br\/sites\/cristaos-desafios-contemporaneos\/wp-json\/wp\/v2\/users\/24"}],"replies":[{"embeddable":true,"href":"https:\/\/ultimato.com.br\/sites\/cristaos-desafios-contemporaneos\/wp-json\/wp\/v2\/comments?post=5"}],"version-history":[{"count":11,"href":"https:\/\/ultimato.com.br\/sites\/cristaos-desafios-contemporaneos\/wp-json\/wp\/v2\/pages\/5\/revisions"}],"predecessor-version":[{"id":69,"href":"https:\/\/ultimato.com.br\/sites\/cristaos-desafios-contemporaneos\/wp-json\/wp\/v2\/pages\/5\/revisions\/69"}],"wp:attachment":[{"href":"https:\/\/ultimato.com.br\/sites\/cristaos-desafios-contemporaneos\/wp-json\/wp\/v2\/media?parent=5"}],"curies":[{"name":"wp","href":"https:\/\/api.w.org\/{rel}","templated":true}]}}