{"id":51,"date":"2010-06-23T14:41:00","date_gmt":"2010-06-23T17:41:00","guid":{"rendered":"http:\/\/ultimato.com.br\/blogs\/crianca\/?page_id=51"},"modified":"2010-06-24T14:00:02","modified_gmt":"2010-06-24T17:00:02","slug":"lancamento-em-bh","status":"publish","type":"page","link":"https:\/\/ultimato.com.br\/sites\/crianca\/extras\/lancamento-em-bh\/","title":{"rendered":"Lan\u00e7amento em BH"},"content":{"rendered":"<h3><span style=\"color: #ff9900\">M\u00e3os Dadas comemora 10 anos e lan\u00e7a livro sobre teologia da crian\u00e7a<\/span><\/h3>\n<p>A Igreja Metodista Central de Belo Horizonte (MG) foi palco da Celebra\u00e7\u00e3o dos 10 anos da Rede M\u00e3os Dadas, no dia 18 de junho de 2010. A igreja fica localizada na Rua dos Tupis, regi\u00e3o onde aconteceram as primeiras reuni\u00f5es sobre a revista. Cerca de 70 pessoas, entre parceiros e convidados, vindos de v\u00e1rias regi\u00f5es do Brasil e alguns do exterior, participaram da festa.<\/p>\n<p>Ap\u00f3s o caf\u00e9 da manh\u00e3  regado \u00e0 comunh\u00e3o, a editora da revista, Elsie Gilbert, apresentou a caminhada hist\u00f3rica da Rede, ressaltando as ferramentas constru\u00eddas ao longo dos anos pelos parceiros e que s\u00e3o \u00fateis na luta em favor das crian\u00e7as em risco. Entre elas, est\u00e1 o Mutir\u00e3o de Ora\u00e7\u00e3o Por Crian\u00e7as e Adolescentes em Situa\u00e7\u00e3o de Risco, que, em 2009, conseguiu mobilizar mais de 60 mil pessoas no Brasil.<\/p>\n<p>O evento contou, ainda, com homenagens aos fundadores da revista e com o lan\u00e7amento de mais uma ferramenta que mostra o valor da crian\u00e7a para Deus: o livro <strong>Uma Crian\u00e7a os Guiar\u00e1 \u2013 por uma teologia da crian\u00e7a<\/strong>, da Editora Ultimato. Uma das homenageadas do dia, Arline Poubel, acompanhou o projeto da revista desde o in\u00edcio e contou que se sentiu honrada de estar presente tamb\u00e9m naquele momento. \u201cSinto que fiz com que a edi\u00e7\u00e3o n\u00famero \u2018zero\u2019 n\u00e3o fosse a \u00fanica e que contribu\u00ed para que a revista n\u00e3o parasse por ali. Eu acreditei mesmo que isso era poss\u00edvel e hoje estou aqui nos 10 anos da realiza\u00e7\u00e3o do sonho\u201d, declarou.<\/p>\n<p>Momento marcante da festa, o lan\u00e7amento do livro deu o tom da Rede M\u00e3os Dadas. O Rev. Elben Lenz C\u00e9sar, diretor-redator da revista Ultimato foi quem apresentou o conte\u00fado da publica\u00e7\u00e3o. \u201cO t\u00edtulo \u00e9 simpatic\u00edssimo e o conte\u00fado \u00e9 muito interessante\u201d, disse. Antes dele, o pastor luterano e respons\u00e1vel pela \u00e1rea pastoral da Vis\u00e3o Mundial Internacional, Valdir Steuernagel, tamb\u00e9m falou do livro durante sua reflex\u00e3o b\u00edblica. \u201cO livro \u00e9 fant\u00e1stico. Do jeito que foi feito, n\u00e3o conhe\u00e7o nada j\u00e1 publicado no Brasil\u201d. De acordo com os organizadores, <strong>Uma Crian\u00e7a os Guiar\u00e1<\/strong> \u00e9 a prova de que \u201c\u00e9 poss\u00edvel trabalhar coletivamente\u201d. \u00c9, tamb\u00e9m, a materializa\u00e7\u00e3o do que foi feito nesses 10 anos. \u201cO livro traz o que temos sonhado, compartilhado, deslumbrado. Mostra para a igreja e a sociedade que todos t\u00eam muito o que aprender com a crian\u00e7a\u201d, ressaltou Liss\u00e2nder Dias.<\/p>\n<p>Assim, a revista que nasceu do sonho de encorajar o agente social crist\u00e3o, em novembro de 2000, comemorou seus 10 anos. Vale ressaltar que, com o tempo, deu as m\u00e3os a tantos outros projetos que se tornou uma Rede. Uma Rede entrela\u00e7ada com mais de 40 organiza\u00e7\u00f5es sociais e editoras crist\u00e3s formada por gente que sonha e trabalha por plenitude de vida para todas as crian\u00e7as. V\u00e1rios desses representantes estiveram reunidos dias 16 e 17, na Casa da Vis\u00e3o Mundial, em Lagoa Santa, no Encontro Anual de Parceiros da Rede M\u00e3os Dadas.<\/p>\n<p><em>Por Qu\u00e9zia Queiroz, jornalista e colaboradora da Rede M\u00e3os Dadas.<\/em><\/p>\n<p><em>\n\t\t<style type=\"text\/css\">\n\t\t\t#gallery-1 {\n\t\t\t\tmargin: auto;\n\t\t\t}\n\t\t\t#gallery-1 .gallery-item {\n\t\t\t\tfloat: left;\n\t\t\t\tmargin-top: 10px;\n\t\t\t\ttext-align: center;\n\t\t\t\twidth: 50%;\n\t\t\t}\n\t\t\t#gallery-1 img {\n\t\t\t\tborder: 2px solid #cfcfcf;\n\t\t\t}\n\t\t\t#gallery-1 .gallery-caption {\n\t\t\t\tmargin-left: 0;\n\t\t\t}\n\t\t\t\/* see gallery_shortcode() in wp-includes\/media.php *\/\n\t\t<\/style>\n\t\t<div id='gallery-1' class='gallery galleryid-51 gallery-columns-2 gallery-size-thumbnail'><dl class='gallery-item'>\n\t\t\t<dt class='gallery-icon portrait'>\n\t\t\t\t<a href='https:\/\/ultimato.com.br\/sites\/crianca\/files\/2010\/06\/lancamento_bh1.jpg' class=\"lightview\" data-lightview-group=\"group-51\" data-lightview-options=\"skin: 'dark', controls: 'relative', padding: '10', shadow: { color: '#000000', opacity: 0.08, blur: 3 }\"><img loading=\"lazy\" decoding=\"async\" width=\"150\" height=\"150\" src=\"https:\/\/ultimato.com.br\/sites\/crianca\/files\/2010\/06\/lancamento_bh1-150x150.jpg\" class=\"attachment-thumbnail size-thumbnail\" alt=\"\" \/><\/a>\n\t\t\t<\/dt><\/dl><dl class='gallery-item'>\n\t\t\t<dt class='gallery-icon landscape'>\n\t\t\t\t<a href='https:\/\/ultimato.com.br\/sites\/crianca\/files\/2010\/06\/lancamento_bh2.jpg' class=\"lightview\" data-lightview-group=\"group-51\" data-lightview-options=\"skin: 'dark', controls: 'relative', padding: '10', shadow: { color: '#000000', opacity: 0.08, blur: 3 }\"><img loading=\"lazy\" decoding=\"async\" width=\"150\" height=\"150\" src=\"https:\/\/ultimato.com.br\/sites\/crianca\/files\/2010\/06\/lancamento_bh2-150x150.jpg\" class=\"attachment-thumbnail size-thumbnail\" alt=\"\" \/><\/a>\n\t\t\t<\/dt><\/dl><br style=\"clear: both\" \/><dl class='gallery-item'>\n\t\t\t<dt class='gallery-icon landscape'>\n\t\t\t\t<a href='https:\/\/ultimato.com.br\/sites\/crianca\/files\/2010\/06\/lancamento_bh3.jpg' class=\"lightview\" data-lightview-group=\"group-51\" data-lightview-options=\"skin: 'dark', controls: 'relative', padding: '10', shadow: { color: '#000000', opacity: 0.08, blur: 3 }\"><img loading=\"lazy\" decoding=\"async\" width=\"150\" height=\"150\" src=\"https:\/\/ultimato.com.br\/sites\/crianca\/files\/2010\/06\/lancamento_bh3-150x150.jpg\" class=\"attachment-thumbnail size-thumbnail\" alt=\"\" \/><\/a>\n\t\t\t<\/dt><\/dl><dl class='gallery-item'>\n\t\t\t<dt class='gallery-icon landscape'>\n\t\t\t\t<a href='https:\/\/ultimato.com.br\/sites\/crianca\/files\/2010\/06\/lancamento_bh4.jpg' class=\"lightview\" data-lightview-group=\"group-51\" data-lightview-options=\"skin: 'dark', controls: 'relative', padding: '10', shadow: { color: '#000000', opacity: 0.08, blur: 3 }\"><img loading=\"lazy\" decoding=\"async\" width=\"150\" height=\"150\" src=\"https:\/\/ultimato.com.br\/sites\/crianca\/files\/2010\/06\/lancamento_bh4-150x150.jpg\" class=\"attachment-thumbnail size-thumbnail\" alt=\"\" \/><\/a>\n\t\t\t<\/dt><\/dl><br style=\"clear: both\" \/>\n\t\t<\/div>\n<br \/>\n<\/em><\/p>\n","protected":false},"excerpt":{"rendered":"<p>M\u00e3os Dadas comemora 10 anos e lan\u00e7a livro sobre teologia da crian\u00e7a A Igreja Metodista Central de Belo Horizonte (MG) foi palco da Celebra\u00e7\u00e3o dos 10 anos da Rede M\u00e3os Dadas, no dia 18 de junho de 2010. A igreja fica localizada na Rua dos Tupis, regi\u00e3o onde aconteceram as primeiras reuni\u00f5es sobre a revista. [&hellip;]<\/p>\n","protected":false},"author":4,"featured_media":0,"parent":9,"menu_order":4,"comment_status":"open","ping_status":"open","template":"","meta":{"footnotes":""},"class_list":["post-51","page","type-page","status-publish","hentry"],"_links":{"self":[{"href":"https:\/\/ultimato.com.br\/sites\/crianca\/wp-json\/wp\/v2\/pages\/51","targetHints":{"allow":["GET"]}}],"collection":[{"href":"https:\/\/ultimato.com.br\/sites\/crianca\/wp-json\/wp\/v2\/pages"}],"about":[{"href":"https:\/\/ultimato.com.br\/sites\/crianca\/wp-json\/wp\/v2\/types\/page"}],"author":[{"embeddable":true,"href":"https:\/\/ultimato.com.br\/sites\/crianca\/wp-json\/wp\/v2\/users\/4"}],"replies":[{"embeddable":true,"href":"https:\/\/ultimato.com.br\/sites\/crianca\/wp-json\/wp\/v2\/comments?post=51"}],"version-history":[{"count":6,"href":"https:\/\/ultimato.com.br\/sites\/crianca\/wp-json\/wp\/v2\/pages\/51\/revisions"}],"predecessor-version":[{"id":55,"href":"https:\/\/ultimato.com.br\/sites\/crianca\/wp-json\/wp\/v2\/pages\/51\/revisions\/55"}],"up":[{"embeddable":true,"href":"https:\/\/ultimato.com.br\/sites\/crianca\/wp-json\/wp\/v2\/pages\/9"}],"wp:attachment":[{"href":"https:\/\/ultimato.com.br\/sites\/crianca\/wp-json\/wp\/v2\/media?parent=51"}],"curies":[{"name":"wp","href":"https:\/\/api.w.org\/{rel}","templated":true}]}}

Lançamento em BH

<h3><span style="color: #ff9900">Mãos Dadas comemora 10 anos e lança livro sobre teologia da criança</span></h3>
<p>A Igreja Metodista Central de Belo Horizonte (MG) foi palco da Celebração dos 10 anos da Rede Mãos Dadas, no dia 18 de junho de 2010. A igreja fica localizada na Rua dos Tupis, região onde aconteceram as primeiras reuniões sobre a revista. Cerca de 70 pessoas, entre parceiros e convidados, vindos de várias regiões do Brasil e alguns do exterior, participaram da festa.</p>
<p>Após o café da manhã  regado à comunhão, a editora da revista, Elsie Gilbert, apresentou a caminhada histórica da Rede, ressaltando as ferramentas construídas ao longo dos anos pelos parceiros e que são úteis na luta em favor das crianças em risco. Entre elas, está o Mutirão de Oração Por Crianças e Adolescentes em Situação de Risco, que, em 2009, conseguiu mobilizar mais de 60 mil pessoas no Brasil.</p>
<p>O evento contou, ainda, com homenagens aos fundadores da revista e com o lançamento de mais uma ferramenta que mostra o valor da criança para Deus: o livro <strong>Uma Criança os Guiará – por uma teologia da criança</strong>, da Editora Ultimato. Uma das homenageadas do dia, Arline Poubel, acompanhou o projeto da revista desde o início e contou que se sentiu honrada de estar presente também naquele momento. “Sinto que fiz com que a edição número ‘zero’ não fosse a única e que contribuí para que a revista não parasse por ali. Eu acreditei mesmo que isso era possível e hoje estou aqui nos 10 anos da realização do sonho”, declarou.</p>
<p>Momento marcante da festa, o lançamento do livro deu o tom da Rede Mãos Dadas. O Rev. Elben Lenz César, diretor-redator da revista Ultimato foi quem apresentou o conteúdo da publicação. “O título é simpaticíssimo e o conteúdo é muito interessante”, disse. Antes dele, o pastor luterano e responsável pela área pastoral da Visão Mundial Internacional, Valdir Steuernagel, também falou do livro durante sua reflexão bíblica. “O livro é fantástico. Do jeito que foi feito, não conheço nada já publicado no Brasil”. De acordo com os organizadores, <strong>Uma Criança os Guiará</strong> é a prova de que “é possível trabalhar coletivamente”. É, também, a materialização do que foi feito nesses 10 anos. “O livro traz o que temos sonhado, compartilhado, deslumbrado. Mostra para a igreja e a sociedade que todos têm muito o que aprender com a criança”, ressaltou Lissânder Dias.</p>
<p>Assim, a revista que nasceu do sonho de encorajar o agente social cristão, em novembro de 2000, comemorou seus 10 anos. Vale ressaltar que, com o tempo, deu as mãos a tantos outros projetos que se tornou uma Rede. Uma Rede entrelaçada com mais de 40 organizações sociais e editoras cristãs formada por gente que sonha e trabalha por plenitude de vida para todas as crianças. Vários desses representantes estiveram reunidos dias 16 e 17, na Casa da Visão Mundial, em Lagoa Santa, no Encontro Anual de Parceiros da Rede Mãos Dadas.</p>
<p><em>Por Quézia Queiroz, jornalista e colaboradora da Rede Mãos Dadas.</em></p>
<p><em>
		<style type="text/css">
			#gallery-1 {
				margin: auto;
			}
			#gallery-1 .gallery-item {
				float: left;
				margin-top: 10px;
				text-align: center;
				width: 50%;
			}
			#gallery-1 img {
				border: 2px solid #cfcfcf;
			}
			#gallery-1 .gallery-caption {
				margin-left: 0;
			}
			/* see gallery_shortcode() in wp-includes/media.php */
		</style>
		<div id='gallery-1' class='gallery galleryid-51 gallery-columns-2 gallery-size-thumbnail'><dl class='gallery-item'>
			<dt class='gallery-icon portrait'>
				<a href='https://ultimato.com.br/sites/crianca/files/2010/06/lancamento_bh1.jpg' class="lightview" data-lightview-group="group-51" data-lightview-options="skin: 'dark', controls: 'relative', padding: '10', shadow: { color: '#000000', opacity: 0.08, blur: 3 }"><img loading="lazy" decoding="async" width="150" height="150" src="https://ultimato.com.br/sites/crianca/files/2010/06/lancamento_bh1-150x150.jpg" class="attachment-thumbnail size-thumbnail" alt="" /></a>
			</dt></dl><dl class='gallery-item'>
			<dt class='gallery-icon landscape'>
				<a href='https://ultimato.com.br/sites/crianca/files/2010/06/lancamento_bh2.jpg' class="lightview" data-lightview-group="group-51" data-lightview-options="skin: 'dark', controls: 'relative', padding: '10', shadow: { color: '#000000', opacity: 0.08, blur: 3 }"><img loading="lazy" decoding="async" width="150" height="150" src="https://ultimato.com.br/sites/crianca/files/2010/06/lancamento_bh2-150x150.jpg" class="attachment-thumbnail size-thumbnail" alt="" /></a>
			</dt></dl><br style="clear: both" /><dl class='gallery-item'>
			<dt class='gallery-icon landscape'>
				<a href='https://ultimato.com.br/sites/crianca/files/2010/06/lancamento_bh3.jpg' class="lightview" data-lightview-group="group-51" data-lightview-options="skin: 'dark', controls: 'relative', padding: '10', shadow: { color: '#000000', opacity: 0.08, blur: 3 }"><img loading="lazy" decoding="async" width="150" height="150" src="https://ultimato.com.br/sites/crianca/files/2010/06/lancamento_bh3-150x150.jpg" class="attachment-thumbnail size-thumbnail" alt="" /></a>
			</dt></dl><dl class='gallery-item'>
			<dt class='gallery-icon landscape'>
				<a href='https://ultimato.com.br/sites/crianca/files/2010/06/lancamento_bh4.jpg' class="lightview" data-lightview-group="group-51" data-lightview-options="skin: 'dark', controls: 'relative', padding: '10', shadow: { color: '#000000', opacity: 0.08, blur: 3 }"><img loading="lazy" decoding="async" width="150" height="150" src="https://ultimato.com.br/sites/crianca/files/2010/06/lancamento_bh4-150x150.jpg" class="attachment-thumbnail size-thumbnail" alt="" /></a>
			</dt></dl><br style="clear: both" />
		</div>
<br />
</em></p>

<p>Mãos Dadas comemora 10 anos e lança livro sobre teologia da criança A Igreja Metodista Central de Belo Horizonte (MG) foi palco da Celebração dos 10 anos da Rede Mãos Dadas, no dia 18 de junho de 2010. A igreja fica localizada na Rua dos Tupis, região onde aconteceram as primeiras reuniões sobre a revista. [&hellip;]</p>
