{"id":18,"date":"2010-05-28T09:10:04","date_gmt":"2010-05-28T12:10:04","guid":{"rendered":"http:\/\/ultimato.com.br\/blogs\/crianca\/?page_id=18"},"modified":"2010-06-08T08:53:08","modified_gmt":"2010-06-08T11:53:08","slug":"organizadores","status":"publish","type":"page","link":"https:\/\/ultimato.com.br\/sites\/crianca\/organizadores\/","title":{"rendered":"Organizadores"},"content":{"rendered":"<p><strong>Kl\u00eania Fassoni<\/strong>, casada, tr\u00eas filhos, \u00e9 nutricionista por forma\u00e7\u00e3o e comunicadora por voca\u00e7\u00e3o. \u00c9 diretora administrativa da Editora Ultimato e dedica esfor\u00e7os na \u00e1rea de comunica\u00e7\u00e3o da <a href=\"http:\/\/www.maosdadas.org\" target=\"_blank\">Rede M\u00e3os Dadas<\/a> e da <a href=\"http:\/\/www.renas.org.br\" target=\"_blank\">Rede Evang\u00e9lica Nacional de A\u00e7\u00e3o Social (RENAS)<\/a>.<\/p>\n<p><strong>Liss\u00e2nder Dias<\/strong>, casado, \u00e9 jornalista e coordenador executivo da Rede M\u00e3os Dadas. Colabora com not\u00edcias para a revista Ultimato e atua na \u00e1rea de comunica\u00e7\u00e3o da RENAS.<\/p>\n<p><strong>Welinton Pereira<\/strong>, casado, dois filhos, \u00e9 pastor metodista e mestre em ci\u00eancias da religi\u00e3o. \u00c9 assessor de Rela\u00e7\u00f5es Crist\u00e3s da ONG Vis\u00e3o Mundial e um dos gestores da RENAS e da Rede M\u00e3os Dadas.<\/p>\n<p style=\"text-align: center\"><a href=\"http:\/\/ultimato.com.br\/blogs\/crianca\/files\/2010\/05\/organizadores_menor.jpg\" class=\"lightview\" data-lightview-group=\"group-18\" data-lightview-options=\"skin: 'dark', controls: 'relative', padding: '10', shadow: { color: '#000000', opacity: 0.08, blur: 3 }\" data-lightview-title=\"Da esquerda para a direita: Liss\u00e2nder Dias, Kl\u00eania Fassoni e Welinton Pereira\"><img loading=\"lazy\" decoding=\"async\" class=\"aligncenter size-full wp-image-48\" title=\"Da esquerda para a direita: Liss\u00e2nder Dias, Kl\u00eania Fassoni e Welinton Pereira\" src=\"http:\/\/ultimato.com.br\/blogs\/crianca\/files\/2010\/05\/organizadores_menor.jpg\" alt=\"\" width=\"400\" height=\"268\" srcset=\"https:\/\/ultimato.com.br\/sites\/crianca\/files\/2010\/05\/organizadores_menor.jpg 400w, https:\/\/ultimato.com.br\/sites\/crianca\/files\/2010\/05\/organizadores_menor-300x201.jpg 300w\" sizes=\"auto, (max-width: 400px) 100vw, 400px\" \/><\/a><\/p>\n<p style=\"text-align: center\">\n","protected":false},"excerpt":{"rendered":"<p>Kl\u00eania Fassoni, casada, tr\u00eas filhos, \u00e9 nutricionista por forma\u00e7\u00e3o e comunicadora por voca\u00e7\u00e3o. \u00c9 diretora administrativa da Editora Ultimato e dedica esfor\u00e7os na \u00e1rea de comunica\u00e7\u00e3o da Rede M\u00e3os Dadas e da Rede Evang\u00e9lica Nacional de A\u00e7\u00e3o Social (RENAS). Liss\u00e2nder Dias, casado, \u00e9 jornalista e coordenador executivo da Rede M\u00e3os Dadas. Colabora com not\u00edcias para [&hellip;]<\/p>\n","protected":false},"author":4,"featured_media":0,"parent":0,"menu_order":2,"comment_status":"open","ping_status":"open","template":"","meta":{"footnotes":""},"class_list":["post-18","page","type-page","status-publish","hentry"],"_links":{"self":[{"href":"https:\/\/ultimato.com.br\/sites\/crianca\/wp-json\/wp\/v2\/pages\/18","targetHints":{"allow":["GET"]}}],"collection":[{"href":"https:\/\/ultimato.com.br\/sites\/crianca\/wp-json\/wp\/v2\/pages"}],"about":[{"href":"https:\/\/ultimato.com.br\/sites\/crianca\/wp-json\/wp\/v2\/types\/page"}],"author":[{"embeddable":true,"href":"https:\/\/ultimato.com.br\/sites\/crianca\/wp-json\/wp\/v2\/users\/4"}],"replies":[{"embeddable":true,"href":"https:\/\/ultimato.com.br\/sites\/crianca\/wp-json\/wp\/v2\/comments?post=18"}],"version-history":[{"count":8,"href":"https:\/\/ultimato.com.br\/sites\/crianca\/wp-json\/wp\/v2\/pages\/18\/revisions"}],"predecessor-version":[{"id":20,"href":"https:\/\/ultimato.com.br\/sites\/crianca\/wp-json\/wp\/v2\/pages\/18\/revisions\/20"}],"wp:attachment":[{"href":"https:\/\/ultimato.com.br\/sites\/crianca\/wp-json\/wp\/v2\/media?parent=18"}],"curies":[{"name":"wp","href":"https:\/\/api.w.org\/{rel}","templated":true}]}}

<p><strong>Klênia Fassoni</strong>, casada, três filhos, é nutricionista por formação e comunicadora por vocação. É diretora administrativa da Editora Ultimato e dedica esforços na área de comunicação da <a href="http://www.maosdadas.org" target="_blank">Rede Mãos Dadas</a> e da <a href="http://www.renas.org.br" target="_blank">Rede Evangélica Nacional de Ação Social (RENAS)</a>.</p>
<p><strong>Lissânder Dias</strong>, casado, é jornalista e coordenador executivo da Rede Mãos Dadas. Colabora com notícias para a revista Ultimato e atua na área de comunicação da RENAS.</p>
<p><strong>Welinton Pereira</strong>, casado, dois filhos, é pastor metodista e mestre em ciências da religião. É assessor de Relações Cristãs da ONG Visão Mundial e um dos gestores da RENAS e da Rede Mãos Dadas.</p>
<p style="text-align: center"><a href="http://ultimato.com.br/blogs/crianca/files/2010/05/organizadores_menor.jpg" class="lightview" data-lightview-group="group-18" data-lightview-options="skin: 'dark', controls: 'relative', padding: '10', shadow: { color: '#000000', opacity: 0.08, blur: 3 }" data-lightview-title="Da esquerda para a direita: Lissânder Dias, Klênia Fassoni e Welinton Pereira"><img loading="lazy" decoding="async" class="aligncenter size-full wp-image-48" title="Da esquerda para a direita: Lissânder Dias, Klênia Fassoni e Welinton Pereira" src="http://ultimato.com.br/blogs/crianca/files/2010/05/organizadores_menor.jpg" alt="" width="400" height="268" srcset="https://ultimato.com.br/sites/crianca/files/2010/05/organizadores_menor.jpg 400w, https://ultimato.com.br/sites/crianca/files/2010/05/organizadores_menor-300x201.jpg 300w" sizes="auto, (max-width: 400px) 100vw, 400px" /></a></p>
<p style="text-align: center">

<p>Klênia Fassoni, casada, três filhos, é nutricionista por formação e comunicadora por vocação. É diretora administrativa da Editora Ultimato e dedica esforços na área de comunicação da Rede Mãos Dadas e da Rede Evangélica Nacional de Ação Social (RENAS). Lissânder Dias, casado, é jornalista e coordenador executivo da Rede Mãos Dadas. Colabora com notícias para [&hellip;]</p>
