{"id":5,"date":"2015-05-20T03:03:19","date_gmt":"2015-05-20T03:03:19","guid":{"rendered":"http:\/\/ultimato.com.br\/sites\/crianca-igreja-missao\/?page_id=5"},"modified":"2015-05-21T11:33:28","modified_gmt":"2015-05-21T11:33:28","slug":"o-autor","status":"publish","type":"page","link":"https:\/\/ultimato.com.br\/sites\/crianca-igreja-missao\/o-autor\/","title":{"rendered":"O Autor"},"content":{"rendered":"<p><strong><a href=\"http:\/\/ultimato.com.br\/sites\/crianca-igreja-missao\/files\/2015\/05\/foto_hs_acaiam.jpg\"><img loading=\"lazy\" decoding=\"async\" class=\"alignleft size-thumbnail wp-image-22\" src=\"http:\/\/ultimato.com.br\/sites\/crianca-igreja-missao\/files\/2015\/05\/foto_hs_acaiam-150x150.jpg\" alt=\"foto_hs_acaiam\" width=\"150\" height=\"150\" \/><\/a>Dan Brewster <\/strong>\u00e9 diretor de programas acad\u00eamicos da Compassion International. Tem como principal responsabilidade servir como conselheiro e consultor para semin\u00e1rios e institui\u00e7\u00f5es crist\u00e3s sobre programas para o desenvolvimento integral da crian\u00e7a. Participou do planejamento e monitoramento de projetos de ajuda humanit\u00e1ria e voltados para o desenvolvimento infantil e familiar em mais de cinquenta pa\u00edses. Dan \u00e9 doutor em missiologia pelo Fuller Theological Seminary. Ele e a esposa, Alice, vivem em Penang, na Mal\u00e1sia, e t\u00eam tr\u00eas filhos adultos.<\/p>\n<p>&nbsp;<\/p>\n","protected":false},"excerpt":{"rendered":"<p>Dan Brewster \u00e9 diretor de programas acad\u00eamicos da Compassion International. Tem como principal responsabilidade servir como conselheiro e consultor para semin\u00e1rios e institui\u00e7\u00f5es crist\u00e3s sobre programas para o desenvolvimento integral da crian\u00e7a. Participou do planejamento e monitoramento de projetos de ajuda humanit\u00e1ria e voltados para o desenvolvimento infantil e familiar em mais de cinquenta pa\u00edses. [&hellip;]<\/p>\n","protected":false},"author":24,"featured_media":0,"parent":0,"menu_order":1,"comment_status":"closed","ping_status":"open","template":"","meta":{"footnotes":""},"class_list":["post-5","page","type-page","status-publish","hentry"],"_links":{"self":[{"href":"https:\/\/ultimato.com.br\/sites\/crianca-igreja-missao\/wp-json\/wp\/v2\/pages\/5","targetHints":{"allow":["GET"]}}],"collection":[{"href":"https:\/\/ultimato.com.br\/sites\/crianca-igreja-missao\/wp-json\/wp\/v2\/pages"}],"about":[{"href":"https:\/\/ultimato.com.br\/sites\/crianca-igreja-missao\/wp-json\/wp\/v2\/types\/page"}],"author":[{"embeddable":true,"href":"https:\/\/ultimato.com.br\/sites\/crianca-igreja-missao\/wp-json\/wp\/v2\/users\/24"}],"replies":[{"embeddable":true,"href":"https:\/\/ultimato.com.br\/sites\/crianca-igreja-missao\/wp-json\/wp\/v2\/comments?post=5"}],"version-history":[{"count":3,"href":"https:\/\/ultimato.com.br\/sites\/crianca-igreja-missao\/wp-json\/wp\/v2\/pages\/5\/revisions"}],"predecessor-version":[{"id":43,"href":"https:\/\/ultimato.com.br\/sites\/crianca-igreja-missao\/wp-json\/wp\/v2\/pages\/5\/revisions\/43"}],"wp:attachment":[{"href":"https:\/\/ultimato.com.br\/sites\/crianca-igreja-missao\/wp-json\/wp\/v2\/media?parent=5"}],"curies":[{"name":"wp","href":"https:\/\/api.w.org\/{rel}","templated":true}]}}