{"id":9,"date":"2017-05-24T13:27:02","date_gmt":"2017-05-24T16:27:02","guid":{"rendered":"http:\/\/ultimato.com.br\/sites\/criacao-ou-evolucao\/?page_id=9"},"modified":"2017-05-24T15:05:47","modified_gmt":"2017-05-24T18:05:47","slug":"o-autor","status":"publish","type":"page","link":"https:\/\/ultimato.com.br\/sites\/criacao-ou-evolucao\/o-autor\/","title":{"rendered":"O Autor"},"content":{"rendered":"<p><img loading=\"lazy\" decoding=\"async\" class=\"size-thumbnail wp-image-30 alignleft\" src=\"http:\/\/ultimato.com.br\/sites\/criacao-ou-evolucao\/files\/2017\/05\/autor_coe-150x150.jpg\" alt=\"\" width=\"150\" height=\"150\" \/><\/p>\n<p><strong>Denis R. Alexander<\/strong> foi presidente do Programa de Imunologia Molecular no Instituto Babraham, em Cambridge. Em 2006, tornou-se diretor-fundador do Instituto Faraday de Ci\u00eancia e Religi\u00e3o no St. Edmund&#8217;s College, Cambridge, cargo que ocupou at\u00e9 2012. Foi editor da revista <em>Science and Christian Belief<\/em> de 1993 a 2012.<\/p>\n","protected":false},"excerpt":{"rendered":"<p>Denis R. Alexander foi presidente do Programa de Imunologia Molecular no Instituto Babraham, em Cambridge. Em 2006, tornou-se diretor-fundador do Instituto Faraday de Ci\u00eancia e Religi\u00e3o no St. Edmund&#8217;s College, Cambridge, cargo que ocupou at\u00e9 2012. Foi editor da revista Science and Christian Belief de 1993 a 2012.<\/p>\n","protected":false},"author":24,"featured_media":0,"parent":0,"menu_order":3,"comment_status":"closed","ping_status":"closed","template":"","meta":{"footnotes":""},"class_list":["post-9","page","type-page","status-publish","hentry"],"_links":{"self":[{"href":"https:\/\/ultimato.com.br\/sites\/criacao-ou-evolucao\/wp-json\/wp\/v2\/pages\/9","targetHints":{"allow":["GET"]}}],"collection":[{"href":"https:\/\/ultimato.com.br\/sites\/criacao-ou-evolucao\/wp-json\/wp\/v2\/pages"}],"about":[{"href":"https:\/\/ultimato.com.br\/sites\/criacao-ou-evolucao\/wp-json\/wp\/v2\/types\/page"}],"author":[{"embeddable":true,"href":"https:\/\/ultimato.com.br\/sites\/criacao-ou-evolucao\/wp-json\/wp\/v2\/users\/24"}],"replies":[{"embeddable":true,"href":"https:\/\/ultimato.com.br\/sites\/criacao-ou-evolucao\/wp-json\/wp\/v2\/comments?post=9"}],"version-history":[{"count":3,"href":"https:\/\/ultimato.com.br\/sites\/criacao-ou-evolucao\/wp-json\/wp\/v2\/pages\/9\/revisions"}],"predecessor-version":[{"id":34,"href":"https:\/\/ultimato.com.br\/sites\/criacao-ou-evolucao\/wp-json\/wp\/v2\/pages\/9\/revisions\/34"}],"wp:attachment":[{"href":"https:\/\/ultimato.com.br\/sites\/criacao-ou-evolucao\/wp-json\/wp\/v2\/media?parent=9"}],"curies":[{"name":"wp","href":"https:\/\/api.w.org\/{rel}","templated":true}]}}