{"id":53,"date":"2012-03-15T11:20:42","date_gmt":"2012-03-15T14:20:42","guid":{"rendered":"http:\/\/ultimato.com.br\/sites\/crer-tambem-pensar\/?page_id=53"},"modified":"2012-03-27T11:55:32","modified_gmt":"2012-03-27T14:55:32","slug":"divulgue-a-ideia","status":"publish","type":"page","link":"https:\/\/ultimato.com.br\/sites\/crer-tambem-pensar\/extras\/divulgue-a-ideia\/","title":{"rendered":"Divulgue a ideia"},"content":{"rendered":"<p>Preparamos alguns banners para voc\u00ea colocar no seu blog\/site. Divulgue a ideia!<\/p>\n<p><strong>Banner 120\u00d760<\/strong><\/p>\n<p>&nbsp;<\/p>\n<p><a href=\"http:\/\/ultimato.com.br\/sites\/crer-tambem-pensar\/files\/2012\/03\/bannerE_cetp.gif\" class=\"lightview\" data-lightview-group=\"group-53\" data-lightview-options=\"skin: 'dark', controls: 'relative', padding: '10', shadow: { color: '#000000', opacity: 0.08, blur: 3 }\" data-lightview-title=\"bannerE_cetp\"><img loading=\"lazy\" decoding=\"async\" class=\"aligncenter size-full wp-image-62\" title=\"bannerE_cetp\" src=\"http:\/\/ultimato.com.br\/sites\/crer-tambem-pensar\/files\/2012\/03\/bannerE_cetp.gif\" alt=\"\" width=\"120\" height=\"60\" \/><\/a><\/p>\n<p><em><em>C\u00f3digo de incorpora\u00e7\u00e3o:<\/em><\/em>\u00a0&lt;a href=&#8221;<a href=\"http:\/\/ultimato.com.br\/sites\/crer-tambem-pensar\/\" target=\"_blank\">http:\/\/ultimato.com.br\/<wbr>sites\/crer-tambem-pensar\/<\/wbr><\/a>&#8220;&gt;&lt;<wbr>img title=\u201dbannerE_cetp\u201d src=\u201d<a href=\"http:\/\/ultimato.com.br\/sites\/crer-tambem-pensar\/files\/2012\/03\/bannerE_cetp.gif\" class=\"lightview\" data-lightview-group=\"group-53\" data-lightview-options=\"skin: 'dark', controls: 'relative', padding: '10', shadow: { color: '#000000', opacity: 0.08, blur: 3 }\" target=\"_blank\">http:\/\/ultimato.com.br\/<wbr>sites\/crer-tambem-pensar\/<wbr>files\/2012\/03\/bannerE_cetp.gif<\/wbr><\/wbr><\/a><wbr>\u201d alt=\u201d&#8221; width=\u201d120\u2033 height=\u201d60\u2033 \/&gt;&lt;\/a&gt;<span style=\"font-family: 'trebuchet ms', sans-serif;\">\u00a0<\/span><\/wbr><\/wbr><\/p>\n<p>&nbsp;<\/p>\n<p>&nbsp;<\/p>\n<p><strong>Banner 120\u00d7240<\/strong><\/p>\n<p><a href=\"http:\/\/ultimato.com.br\/sites\/crer-tambem-pensar\/files\/2012\/03\/bannerD_cetp.gif\" class=\"lightview\" data-lightview-group=\"group-53\" data-lightview-options=\"skin: 'dark', controls: 'relative', padding: '10', shadow: { color: '#000000', opacity: 0.08, blur: 3 }\" data-lightview-title=\"bannerD_cetp\"><img loading=\"lazy\" decoding=\"async\" class=\"aligncenter size-full wp-image-66\" title=\"bannerD_cetp\" src=\"http:\/\/ultimato.com.br\/sites\/crer-tambem-pensar\/files\/2012\/03\/bannerD_cetp.gif\" alt=\"\" width=\"120\" height=\"240\" \/><\/a><\/p>\n<p><em>C\u00f3digo de incorpora\u00e7\u00e3o:<\/em>\u00a0&lt;a href=&#8221;<a href=\"http:\/\/ultimato.com.br\/sites\/crer-tambem-pensar\/\" target=\"_blank\">http:\/\/ultimato.com.br\/<wbr>sites\/crer-tambem-pensar\/<\/wbr><\/a>&#8220;&gt;&lt;<wbr>img title=\u201dbannerE_cetp\u201d src=\u201d<a href=\"http:\/\/ultimato.com.br\/sites\/crer-tambem-pensar\/files\/2012\/03\/bannerD_cetp.gif\" class=\"lightview\" data-lightview-group=\"group-53\" data-lightview-options=\"skin: 'dark', controls: 'relative', padding: '10', shadow: { color: '#000000', opacity: 0.08, blur: 3 }\">http:\/\/ultimato.com.br\/sites\/crer-tambem-pensar\/files\/2012\/03\/bannerD_cetp.gif<\/a>\u201d alt=\u201d&#8221; width=\u201d120\u2033 height=\u201d240\u2033 \/&gt;&lt;\/a&gt;<\/wbr><\/p>\n","protected":false},"excerpt":{"rendered":"<p>Preparamos alguns banners para voc\u00ea colocar no seu blog\/site. Divulgue a ideia! Banner 120\u00d760 &nbsp; C\u00f3digo de incorpora\u00e7\u00e3o:\u00a0&lt;a href=&#8221;http:\/\/ultimato.com.br\/sites\/crer-tambem-pensar\/&#8220;&gt;&lt;img title=\u201dbannerE_cetp\u201d src=\u201dhttp:\/\/ultimato.com.br\/sites\/crer-tambem-pensar\/files\/2012\/03\/bannerE_cetp.gif\u201d alt=\u201d&#8221; width=\u201d120\u2033 height=\u201d60\u2033 \/&gt;&lt;\/a&gt;\u00a0 &nbsp; &nbsp; Banner 120\u00d7240 C\u00f3digo de incorpora\u00e7\u00e3o:\u00a0&lt;a href=&#8221;http:\/\/ultimato.com.br\/sites\/crer-tambem-pensar\/&#8220;&gt;&lt;img title=\u201dbannerE_cetp\u201d src=\u201dhttp:\/\/ultimato.com.br\/sites\/crer-tambem-pensar\/files\/2012\/03\/bannerD_cetp.gif\u201d alt=\u201d&#8221; width=\u201d120\u2033 height=\u201d240\u2033 \/&gt;&lt;\/a&gt;<\/p>\n","protected":false},"author":24,"featured_media":0,"parent":40,"menu_order":0,"comment_status":"open","ping_status":"open","template":"","meta":{"footnotes":""},"class_list":["post-53","page","type-page","status-publish","hentry"],"_links":{"self":[{"href":"https:\/\/ultimato.com.br\/sites\/crer-tambem-pensar\/wp-json\/wp\/v2\/pages\/53","targetHints":{"allow":["GET"]}}],"collection":[{"href":"https:\/\/ultimato.com.br\/sites\/crer-tambem-pensar\/wp-json\/wp\/v2\/pages"}],"about":[{"href":"https:\/\/ultimato.com.br\/sites\/crer-tambem-pensar\/wp-json\/wp\/v2\/types\/page"}],"author":[{"embeddable":true,"href":"https:\/\/ultimato.com.br\/sites\/crer-tambem-pensar\/wp-json\/wp\/v2\/users\/24"}],"replies":[{"embeddable":true,"href":"https:\/\/ultimato.com.br\/sites\/crer-tambem-pensar\/wp-json\/wp\/v2\/comments?post=53"}],"version-history":[{"count":11,"href":"https:\/\/ultimato.com.br\/sites\/crer-tambem-pensar\/wp-json\/wp\/v2\/pages\/53\/revisions"}],"predecessor-version":[{"id":88,"href":"https:\/\/ultimato.com.br\/sites\/crer-tambem-pensar\/wp-json\/wp\/v2\/pages\/53\/revisions\/88"}],"up":[{"embeddable":true,"href":"https:\/\/ultimato.com.br\/sites\/crer-tambem-pensar\/wp-json\/wp\/v2\/pages\/40"}],"wp:attachment":[{"href":"https:\/\/ultimato.com.br\/sites\/crer-tambem-pensar\/wp-json\/wp\/v2\/media?parent=53"}],"curies":[{"name":"wp","href":"https:\/\/api.w.org\/{rel}","templated":true}]}}