{"id":5,"date":"2012-03-15T10:38:03","date_gmt":"2012-03-15T13:38:03","guid":{"rendered":"http:\/\/ultimato.com.br\/sites\/crer-tambem-pensar\/?page_id=5"},"modified":"2012-03-29T10:28:35","modified_gmt":"2012-03-29T13:28:35","slug":"o-livro","status":"publish","type":"page","link":"https:\/\/ultimato.com.br\/sites\/crer-tambem-pensar\/","title":{"rendered":"O Livro"},"content":{"rendered":"<blockquote><p>A f\u00e9 n\u00e3o \u00e9 um assunto apenas do cora\u00e7\u00e3o? Qual o lugar da mente e da raz\u00e3o na vida crist\u00e3? As experi\u00eancias e emo\u00e7\u00f5es s\u00e3o mais importantes que o conhecimento intelectual?<br \/>\nS\u00e3o respostas a estas e outras perguntas que nos guiam neste cl\u00e1ssico livro do te\u00f3logo e escritor ingl\u00eas John Stott.<\/p><\/blockquote>\n<p>Ao contr\u00e1rio do que se pode pensar, a f\u00e9 n\u00e3o desconhece as raz\u00f5es do cora\u00e7\u00e3o. Ao mesmo tempo, ningu\u00e9m quer um cristianismo intelectual e frio. Em meio a uma sociedade e igrejas saturadas pelo emocionalismo e pela autoajuda, <strong>Crer \u00c9 Tamb\u00e9m Pensar<\/strong> mostra, \u00e0 luz das Escrituras, como relacionar a adora\u00e7\u00e3o, a evangeliza\u00e7\u00e3o, o servi\u00e7o \u2014 enfim, a vida crist\u00e3 \u2014 com a capacidade de pensar.<\/p>\n<p><img src=\"https:\/\/ultimato.com.br\/sites\/crer-tambem-pensar\/wp-content\/plugins\/lightview-plus\/img\/novideo.png\" width=\"300\" height=\"168\" alt=\"Video not available\" \/><br \/><\/p>\n<blockquote><p>Edi\u00e7\u00e3o comemorativa dos quarenta anos do lan\u00e7amento de\u00a0<em>Crer \u00e9 Tamb\u00e9m Pensar<\/em>\u00a0(Your Mind Matters) na Inglaterra. Com tradu\u00e7\u00e3o a partir da edi\u00e7\u00e3o norte-americana de 2006, apresentada pelo escritor e historiador Mark Noll,\u00a0<em>Crer \u00e9 Tamb\u00e9m Pensar<\/em>\u00a0segue a nova ortografia conforme o Acordo Ortogr\u00e1fico da L\u00edngua Portuguesa, e vem a p\u00fablico em novo formato e projeto gr\u00e1fico, com pref\u00e1cio \u00e0 edi\u00e7\u00e3o brasileira pelo pastor Ziel Machado, obreiro da ABUB e da\u00a0<em>International Fellowship of Evangelical Students<\/em>\u00a0por mais de trinta anos.<\/p><\/blockquote>\n","protected":false},"excerpt":{"rendered":"<p>A f\u00e9 n\u00e3o \u00e9 um assunto apenas do cora\u00e7\u00e3o? Qual o lugar da mente e da raz\u00e3o na vida crist\u00e3? As experi\u00eancias e emo\u00e7\u00f5es s\u00e3o mais importantes que o conhecimento intelectual? S\u00e3o respostas a estas e outras perguntas que nos guiam neste cl\u00e1ssico livro do te\u00f3logo e escritor ingl\u00eas John Stott. Ao contr\u00e1rio do que [&hellip;]<\/p>\n","protected":false},"author":24,"featured_media":0,"parent":0,"menu_order":1,"comment_status":"open","ping_status":"closed","template":"","meta":{"footnotes":""},"class_list":["post-5","page","type-page","status-publish","hentry"],"_links":{"self":[{"href":"https:\/\/ultimato.com.br\/sites\/crer-tambem-pensar\/wp-json\/wp\/v2\/pages\/5","targetHints":{"allow":["GET"]}}],"collection":[{"href":"https:\/\/ultimato.com.br\/sites\/crer-tambem-pensar\/wp-json\/wp\/v2\/pages"}],"about":[{"href":"https:\/\/ultimato.com.br\/sites\/crer-tambem-pensar\/wp-json\/wp\/v2\/types\/page"}],"author":[{"embeddable":true,"href":"https:\/\/ultimato.com.br\/sites\/crer-tambem-pensar\/wp-json\/wp\/v2\/users\/24"}],"replies":[{"embeddable":true,"href":"https:\/\/ultimato.com.br\/sites\/crer-tambem-pensar\/wp-json\/wp\/v2\/comments?post=5"}],"version-history":[{"count":17,"href":"https:\/\/ultimato.com.br\/sites\/crer-tambem-pensar\/wp-json\/wp\/v2\/pages\/5\/revisions"}],"predecessor-version":[{"id":7,"href":"https:\/\/ultimato.com.br\/sites\/crer-tambem-pensar\/wp-json\/wp\/v2\/pages\/5\/revisions\/7"}],"wp:attachment":[{"href":"https:\/\/ultimato.com.br\/sites\/crer-tambem-pensar\/wp-json\/wp\/v2\/media?parent=5"}],"curies":[{"name":"wp","href":"https:\/\/api.w.org\/{rel}","templated":true}]}}

<blockquote><p>A fé não é um assunto apenas do coração? Qual o lugar da mente e da razão na vida cristã? As experiências e emoções são mais importantes que o conhecimento intelectual?<br />
São respostas a estas e outras perguntas que nos guiam neste clássico livro do teólogo e escritor inglês John Stott.</p></blockquote>
<p>Ao contrário do que se pode pensar, a fé não desconhece as razões do coração. Ao mesmo tempo, ninguém quer um cristianismo intelectual e frio. Em meio a uma sociedade e igrejas saturadas pelo emocionalismo e pela autoajuda, <strong>Crer É Também Pensar</strong> mostra, à luz das Escrituras, como relacionar a adoração, a evangelização, o serviço — enfim, a vida cristã — com a capacidade de pensar.</p>
<p><img src="https://ultimato.com.br/sites/crer-tambem-pensar/wp-content/plugins/lightview-plus/img/novideo.png" width="300" height="168" alt="Video not available" /><br /></p>
<blockquote><p>Edição comemorativa dos quarenta anos do lançamento de <em>Crer é Também Pensar</em> (Your Mind Matters) na Inglaterra. Com tradução a partir da edição norte-americana de 2006, apresentada pelo escritor e historiador Mark Noll, <em>Crer é Também Pensar</em> segue a nova ortografia conforme o Acordo Ortográfico da Língua Portuguesa, e vem a público em novo formato e projeto gráfico, com prefácio à edição brasileira pelo pastor Ziel Machado, obreiro da ABUB e da <em>International Fellowship of Evangelical Students</em> por mais de trinta anos.</p></blockquote>

<p>A fé não é um assunto apenas do coração? Qual o lugar da mente e da razão na vida cristã? As experiências e emoções são mais importantes que o conhecimento intelectual? São respostas a estas e outras perguntas que nos guiam neste clássico livro do teólogo e escritor inglês John Stott. Ao contrário do que [&hellip;]</p>
