{"id":18,"date":"2012-03-15T10:48:15","date_gmt":"2012-03-15T13:48:15","guid":{"rendered":"http:\/\/ultimato.com.br\/sites\/crer-tambem-pensar\/?page_id=18"},"modified":"2012-03-23T10:32:31","modified_gmt":"2012-03-23T13:32:31","slug":"o-que-disseram","status":"publish","type":"page","link":"https:\/\/ultimato.com.br\/sites\/crer-tambem-pensar\/o-que-disseram\/","title":{"rendered":"O que disseram"},"content":{"rendered":"<blockquote><p>Em <strong>Crer \u00c9 Tamb\u00e9m Pensar<\/strong>, John Stott deixa claro o lugar indispens\u00e1vel da mente e da capacidade intelectual na vida crist\u00e3.\u201d<\/p><\/blockquote>\n<p>\u2014 Christianity Today<\/p>\n<p>&nbsp;<\/p>\n<blockquote><p>&nbsp;<br \/>\nQuando vi a primeira edi\u00e7\u00e3o de <em>Crer \u00e9 Tamb\u00e9m Pensar<\/em> n\u00e3o podia imaginar o impacto que este livro viria a produzir em mim. Eu o li de forma \u00e1vida, repetidas vezes, at\u00e9 quase memoriz\u00e1-lo. [&#8230;] Entender que a f\u00e9 n\u00e3o dispensa o uso da mente foi um desafio no passado e continua sendo em nossos dias. [&#8230;] N\u00e3o se trata de exaltar a mente em detrimento da f\u00e9, mas de torn\u00e1-la disc\u00edpula de Cristo, pois s\u00f3 assim entenderemos oque \u00e9 um verdadeiro culto a Deus, com todo o nosso ser. S\u00f3 assim ser\u00e1 poss\u00edvel discernir a vontade de Deus, reconhecer a voz do bom pastor, compreender o real significado de uma vida de santidade e fazer um an\u00fancio fiel ao evangelho, poder\u00a0de Deus para salva\u00e7\u00e3o de todo aquele que nele cr\u00ea.<\/p><\/blockquote>\n<p>\u2014 Ziel Machado<\/p>\n<p>&nbsp;<\/p>\n<blockquote><p>&nbsp;<br \/>\n\u201cCrer \u00e9 Tamb\u00e9m Pensar \u00e9 direcionado principalmente aos ritualistas que valorizam o desempenho da igreja em vez do pensamento, aos ativistas ecum\u00eanicos que consideram a reforma social uma substituta da doutrina e aos evang\u00e9licos pentecostais que absolutizam a experi\u00eancia em detrimento da reflex\u00e3o. Como solu\u00e7\u00e3o, John Stott clama por equil\u00edbrio: que a reflex\u00e3o profunda venha ao lado do ritual, do ativismo e da experi\u00eancia.<\/p><\/blockquote>\n<p>\u2014 Mark Noll<\/p>\n<p>&nbsp;<\/p>\n<blockquote><p>Em nome da Alian\u00e7a B\u00edblica Universit\u00e1ria do Brasil (ABUB) e da ABU Editora, expressamos nossa gratid\u00e3o \u00e0 Editora Ultimato pelo apoio na publica\u00e7\u00e3o desta edi\u00e7\u00e3o comemorativa dos quarenta anos do lan\u00e7amento de <em>Crer \u00e9 Tamb\u00e9m Pensar<\/em> (Your Mind Matters) na Inglaterra.\u00a0Em mar\u00e7o de 2011 demos in\u00edcio a uma parceria institucional, a partir da qual a Editora Ultimato tem nos ajudado na distribui\u00e7\u00e3o e comercializa\u00e7\u00e3o de nossos t\u00edtulos. No entanto, para al\u00e9m destes aspectos um tanto pr\u00e1ticos, percebemos conjuntamente outra motiva\u00e7\u00e3o principal: a vis\u00e3o da literatura de qualidade como instrumento de liberta\u00e7\u00e3o e crescimento, no apoio \u00e0 miss\u00e3o da Igreja de Cristo em sua tarefa de viver e proclamar o reino de Deus.<\/p>\n<p>Essa edi\u00e7\u00e3o especial que chega \u00e0s suas m\u00e3os nasceu dentro deste contexto de parceria.\u00a0Creia e pense. Boa leitura!<\/p><\/blockquote>\n<p>\u2014\u00a0Secretaria Executiva da ABUB<\/p>\n","protected":false},"excerpt":{"rendered":"<p>Em Crer \u00c9 Tamb\u00e9m Pensar, John Stott deixa claro o lugar indispens\u00e1vel da mente e da capacidade intelectual na vida crist\u00e3.\u201d \u2014 Christianity Today &nbsp; &nbsp; Quando vi a primeira edi\u00e7\u00e3o de Crer \u00e9 Tamb\u00e9m Pensar n\u00e3o podia imaginar o impacto que este livro viria a produzir em mim. Eu o li de forma \u00e1vida, [&hellip;]<\/p>\n","protected":false},"author":24,"featured_media":0,"parent":0,"menu_order":3,"comment_status":"open","ping_status":"closed","template":"","meta":{"footnotes":""},"class_list":["post-18","page","type-page","status-publish","hentry"],"_links":{"self":[{"href":"https:\/\/ultimato.com.br\/sites\/crer-tambem-pensar\/wp-json\/wp\/v2\/pages\/18","targetHints":{"allow":["GET"]}}],"collection":[{"href":"https:\/\/ultimato.com.br\/sites\/crer-tambem-pensar\/wp-json\/wp\/v2\/pages"}],"about":[{"href":"https:\/\/ultimato.com.br\/sites\/crer-tambem-pensar\/wp-json\/wp\/v2\/types\/page"}],"author":[{"embeddable":true,"href":"https:\/\/ultimato.com.br\/sites\/crer-tambem-pensar\/wp-json\/wp\/v2\/users\/24"}],"replies":[{"embeddable":true,"href":"https:\/\/ultimato.com.br\/sites\/crer-tambem-pensar\/wp-json\/wp\/v2\/comments?post=18"}],"version-history":[{"count":23,"href":"https:\/\/ultimato.com.br\/sites\/crer-tambem-pensar\/wp-json\/wp\/v2\/pages\/18\/revisions"}],"predecessor-version":[{"id":87,"href":"https:\/\/ultimato.com.br\/sites\/crer-tambem-pensar\/wp-json\/wp\/v2\/pages\/18\/revisions\/87"}],"wp:attachment":[{"href":"https:\/\/ultimato.com.br\/sites\/crer-tambem-pensar\/wp-json\/wp\/v2\/media?parent=18"}],"curies":[{"name":"wp","href":"https:\/\/api.w.org\/{rel}","templated":true}]}}

<blockquote><p>Em <strong>Crer É Também Pensar</strong>, John Stott deixa claro o lugar indispensável da mente e da capacidade intelectual na vida cristã.”</p></blockquote>
<p>— Christianity Today</p>
<p>&nbsp;</p>
<blockquote><p>&nbsp;<br />
Quando vi a primeira edição de <em>Crer é Também Pensar</em> não podia imaginar o impacto que este livro viria a produzir em mim. Eu o li de forma ávida, repetidas vezes, até quase memorizá-lo. [&#8230;] Entender que a fé não dispensa o uso da mente foi um desafio no passado e continua sendo em nossos dias. [&#8230;] Não se trata de exaltar a mente em detrimento da fé, mas de torná-la discípula de Cristo, pois só assim entenderemos oque é um verdadeiro culto a Deus, com todo o nosso ser. Só assim será possível discernir a vontade de Deus, reconhecer a voz do bom pastor, compreender o real significado de uma vida de santidade e fazer um anúncio fiel ao evangelho, poder de Deus para salvação de todo aquele que nele crê.</p></blockquote>
<p>— Ziel Machado</p>
<p>&nbsp;</p>
<blockquote><p>&nbsp;<br />
“Crer é Também Pensar é direcionado principalmente aos ritualistas que valorizam o desempenho da igreja em vez do pensamento, aos ativistas ecumênicos que consideram a reforma social uma substituta da doutrina e aos evangélicos pentecostais que absolutizam a experiência em detrimento da reflexão. Como solução, John Stott clama por equilíbrio: que a reflexão profunda venha ao lado do ritual, do ativismo e da experiência.</p></blockquote>
<p>— Mark Noll</p>
<p>&nbsp;</p>
<blockquote><p>Em nome da Aliança Bíblica Universitária do Brasil (ABUB) e da ABU Editora, expressamos nossa gratidão à Editora Ultimato pelo apoio na publicação desta edição comemorativa dos quarenta anos do lançamento de <em>Crer é Também Pensar</em> (Your Mind Matters) na Inglaterra. Em março de 2011 demos início a uma parceria institucional, a partir da qual a Editora Ultimato tem nos ajudado na distribuição e comercialização de nossos títulos. No entanto, para além destes aspectos um tanto práticos, percebemos conjuntamente outra motivação principal: a visão da literatura de qualidade como instrumento de libertação e crescimento, no apoio à missão da Igreja de Cristo em sua tarefa de viver e proclamar o reino de Deus.</p>
<p>Essa edição especial que chega às suas mãos nasceu dentro deste contexto de parceria. Creia e pense. Boa leitura!</p></blockquote>
<p>— Secretaria Executiva da ABUB</p>

<p>Em Crer É Também Pensar, John Stott deixa claro o lugar indispensável da mente e da capacidade intelectual na vida cristã.” — Christianity Today &nbsp; &nbsp; Quando vi a primeira edição de Crer é Também Pensar não podia imaginar o impacto que este livro viria a produzir em mim. Eu o li de forma ávida, [&hellip;]</p>
