{"id":5,"date":"2016-07-29T09:39:41","date_gmt":"2016-07-29T12:39:41","guid":{"rendered":"http:\/\/ultimato.com.br\/sites\/como-anunciar-evangelho-entre-presos\/?page_id=5"},"modified":"2016-08-08T12:53:24","modified_gmt":"2016-08-08T15:53:24","slug":"o-livro","status":"publish","type":"page","link":"https:\/\/ultimato.com.br\/sites\/como-anunciar-evangelho-entre-presos\/","title":{"rendered":"O Livro"},"content":{"rendered":"<p>A capelania prisional ainda carrega a desconfian\u00e7a da igreja, ao contr\u00e1rio, por exemplo, da capelania hospitalar e da capelania militar.<\/p>\n<p>A boa not\u00edcia \u00e9 que a assist\u00eancia religiosa nesse contexto \u00e9 n\u00e3o apenas garantida pela Constitui\u00e7\u00e3o da Rep\u00fablica (art. 5\u00ba, VII), como tamb\u00e9m uma ordenan\u00e7a b\u00edblica (Hb 13.3).<\/p>\n<p>Mas, na verdade, a maioria das igrejas vai \u00e0s pris\u00f5es com o cora\u00e7\u00e3o sedento por anunciar o evangelho que salva e liberta, mas sem um m\u00ednimo de conhecimento sobre o sistema prisional. Falta-lhes at\u00e9 mesmo a elabora\u00e7\u00e3o de um projeto de capelania que contemple as demais necessidades dos presos.<\/p>\n<p><strong>Como Anunciar o Evangelho entre os Presos<\/strong> \u00e9 uma ferramenta de capacita\u00e7\u00e3o teol\u00f3gica e pr\u00e1tica para pastores, l\u00edderes e, especialmente, aqueles que se dedicam \u00e0 visita\u00e7\u00e3o em pris\u00f5es e os que querem evangelizar os encarcerados.<\/p>\n<p>Enfim,<strong> Como Anunciar o Evangelho entre os Presos<\/strong> quer colocar-se ao lado daqueles que est\u00e3o envolvidos nessa causa e ajud\u00e1-los a cumprir esse desafio.<\/p>\n<p><iframe loading=\"lazy\" src=\"https:\/\/www.youtube.com\/embed\/3DNAlsens2A\" width=\"640\" height=\"360\" frameborder=\"0\" allowfullscreen=\"allowfullscreen\"><\/iframe><\/p>\n","protected":false},"excerpt":{"rendered":"<p>A capelania prisional ainda carrega a desconfian\u00e7a da igreja, ao contr\u00e1rio, por exemplo, da capelania hospitalar e da capelania militar. A boa not\u00edcia \u00e9 que a assist\u00eancia religiosa nesse contexto \u00e9 n\u00e3o apenas garantida pela Constitui\u00e7\u00e3o da Rep\u00fablica (art. 5\u00ba, VII), como tamb\u00e9m uma ordenan\u00e7a b\u00edblica (Hb 13.3). Mas, na verdade, a maioria das igrejas [&hellip;]<\/p>\n","protected":false},"author":24,"featured_media":0,"parent":0,"menu_order":0,"comment_status":"closed","ping_status":"closed","template":"","meta":{"footnotes":""},"class_list":["post-5","page","type-page","status-publish","hentry"],"_links":{"self":[{"href":"https:\/\/ultimato.com.br\/sites\/como-anunciar-evangelho-entre-presos\/wp-json\/wp\/v2\/pages\/5","targetHints":{"allow":["GET"]}}],"collection":[{"href":"https:\/\/ultimato.com.br\/sites\/como-anunciar-evangelho-entre-presos\/wp-json\/wp\/v2\/pages"}],"about":[{"href":"https:\/\/ultimato.com.br\/sites\/como-anunciar-evangelho-entre-presos\/wp-json\/wp\/v2\/types\/page"}],"author":[{"embeddable":true,"href":"https:\/\/ultimato.com.br\/sites\/como-anunciar-evangelho-entre-presos\/wp-json\/wp\/v2\/users\/24"}],"replies":[{"embeddable":true,"href":"https:\/\/ultimato.com.br\/sites\/como-anunciar-evangelho-entre-presos\/wp-json\/wp\/v2\/comments?post=5"}],"version-history":[{"count":4,"href":"https:\/\/ultimato.com.br\/sites\/como-anunciar-evangelho-entre-presos\/wp-json\/wp\/v2\/pages\/5\/revisions"}],"predecessor-version":[{"id":50,"href":"https:\/\/ultimato.com.br\/sites\/como-anunciar-evangelho-entre-presos\/wp-json\/wp\/v2\/pages\/5\/revisions\/50"}],"wp:attachment":[{"href":"https:\/\/ultimato.com.br\/sites\/como-anunciar-evangelho-entre-presos\/wp-json\/wp\/v2\/media?parent=5"}],"curies":[{"name":"wp","href":"https:\/\/api.w.org\/{rel}","templated":true}]}}