{"id":5,"date":"2016-03-02T14:03:55","date_gmt":"2016-03-02T14:03:55","guid":{"rendered":"http:\/\/ultimato.com.br\/sites\/ciencia-de-deus\/?page_id=5"},"modified":"2016-11-01T11:06:28","modified_gmt":"2016-11-01T11:06:28","slug":"o-livro","status":"publish","type":"page","link":"https:\/\/ultimato.com.br\/sites\/ciencia-de-deus\/","title":{"rendered":"O livro"},"content":{"rendered":"<p>A CI\u00caNCIA E TEOLOGIA COMO VOC\u00ca NUNCA VIU<\/p>\n<p>POR UM DOS MAIS CONHECIDOS PENSADORES CRIST\u00c3OS DOS NOSSOS DIAS.<\/p>\n<p>&nbsp;<\/p>\n<p><strong>A Ci\u00eancia de Deus<\/strong> explora com rara compet\u00eancia a rela\u00e7\u00e3o entre a teologia e a ci\u00eancia, e aponta, entre outras quest\u00f5es, a legitimidade da teologia cient\u00edfica, o prop\u00f3sito da teologia natural, os fundamentos do realismo teol\u00f3gico e o lugar da metaf\u00edsica na teologia.<\/p>\n<p>Em um trabalho inovador, Alister McGrath apresenta uma vers\u00e3o concisa, n\u00e3o acad\u00eamica, de \u201cScientific Theology\u201d [Uma teologia cient\u00edfica], aclamada pelos estudiosos como uma das melhores teologias sistem\u00e1ticas dos \u00faltimos tempos<\/p>\n<p><iframe loading=\"lazy\" width=\"640\" height=\"360\" src=\"https:\/\/www.youtube.com\/embed\/EN1NwqqfEpw\" frameborder=\"0\" allowfullscreen><\/iframe><\/p>\n","protected":false},"excerpt":{"rendered":"<p>A CI\u00caNCIA E TEOLOGIA COMO VOC\u00ca NUNCA VIU POR UM DOS MAIS CONHECIDOS PENSADORES CRIST\u00c3OS DOS NOSSOS DIAS. &nbsp; A Ci\u00eancia de Deus explora com rara compet\u00eancia a rela\u00e7\u00e3o entre a teologia e a ci\u00eancia, e aponta, entre outras quest\u00f5es, a legitimidade da teologia cient\u00edfica, o prop\u00f3sito da teologia natural, os fundamentos do realismo teol\u00f3gico [&hellip;]<\/p>\n","protected":false},"author":24,"featured_media":0,"parent":0,"menu_order":0,"comment_status":"closed","ping_status":"closed","template":"","meta":{"footnotes":""},"class_list":["post-5","page","type-page","status-publish","hentry"],"_links":{"self":[{"href":"https:\/\/ultimato.com.br\/sites\/ciencia-de-deus\/wp-json\/wp\/v2\/pages\/5","targetHints":{"allow":["GET"]}}],"collection":[{"href":"https:\/\/ultimato.com.br\/sites\/ciencia-de-deus\/wp-json\/wp\/v2\/pages"}],"about":[{"href":"https:\/\/ultimato.com.br\/sites\/ciencia-de-deus\/wp-json\/wp\/v2\/types\/page"}],"author":[{"embeddable":true,"href":"https:\/\/ultimato.com.br\/sites\/ciencia-de-deus\/wp-json\/wp\/v2\/users\/24"}],"replies":[{"embeddable":true,"href":"https:\/\/ultimato.com.br\/sites\/ciencia-de-deus\/wp-json\/wp\/v2\/comments?post=5"}],"version-history":[{"count":2,"href":"https:\/\/ultimato.com.br\/sites\/ciencia-de-deus\/wp-json\/wp\/v2\/pages\/5\/revisions"}],"predecessor-version":[{"id":45,"href":"https:\/\/ultimato.com.br\/sites\/ciencia-de-deus\/wp-json\/wp\/v2\/pages\/5\/revisions\/45"}],"wp:attachment":[{"href":"https:\/\/ultimato.com.br\/sites\/ciencia-de-deus\/wp-json\/wp\/v2\/media?parent=5"}],"curies":[{"name":"wp","href":"https:\/\/api.w.org\/{rel}","templated":true}]}}