{"id":40,"date":"2010-02-11T11:59:13","date_gmt":"2010-02-11T14:59:13","guid":{"rendered":"http:\/\/ultimato.com.br\/blogs\/carlinhosveiga\/?page_id=40"},"modified":"2015-05-29T15:53:31","modified_gmt":"2015-05-29T18:53:31","slug":"o-carlinhos","status":"publish","type":"page","link":"https:\/\/ultimato.com.br\/sites\/carlinhosveiga\/bio\/o-carlinhos\/","title":{"rendered":"O Carlinhos"},"content":{"rendered":"<h3>A m\u00fasica regional brasileira de Carlinhos Veiga<\/h3>\n<h3><a href=\"http:\/\/ultimato.com.br\/blogs\/carlinhosveiga\/files\/2010\/02\/veiga.jpg\"><img loading=\"lazy\" decoding=\"async\" class=\"size-thumbnail wp-image-364 alignright\" title=\"Violeiro\" src=\"http:\/\/ultimato.com.br\/blogs\/carlinhosveiga\/files\/2010\/02\/veiga-150x150.jpg\" alt=\"\" width=\"150\" height=\"150\" srcset=\"https:\/\/ultimato.com.br\/sites\/carlinhosveiga\/files\/2010\/02\/veiga-150x150.jpg 150w, https:\/\/ultimato.com.br\/sites\/carlinhosveiga\/files\/2010\/02\/veiga-64x64.jpg 64w\" sizes=\"auto, (max-width: 150px) 100vw, 150px\" \/><\/a><\/h3>\n<p>Carlinhos Veiga nasceu em Goi\u00e2nia, e desde pequeno foi influenciado pela musicalidade da fam\u00edlia. Ainda nos primeiros anos da juventude, na d\u00e9cada de 80, iniciou sua carreira, caracterizada pelo compromisso com as ra\u00edzes culturais brasileiras.<\/p>\n<p>Muito embora seu trabalho revele grande influ\u00eancia da m\u00fasica regional e traga a sonoridade de instrumentos como a viola caipira, a viola de cocho, entre outros, \u00e9 ineg\u00e1vel suas nuances urbanas e a influ\u00eancia de nomes da MPB. O resultado \u00e9 uma miscigena\u00e7\u00e3o de sonoridades.<\/p>\n<p>A viola caipira foi introduzida no trabalho de Carlinhos em 1990, quando ainda atuava no grupo musical Expresso Luz. Anos depois participou do Pr\u00eamio BEG Natureza, promovido pelo Banco do Estado de Goi\u00e1s, recebendo o pr\u00eamio maior na categoria can\u00e7\u00e3o. O resultado foi a grava\u00e7\u00e3o de seu primeiro CD solo, <strong>TERRA <\/strong>(1995).<\/p>\n<p>Depois disso vieram <strong>MENINO<\/strong> (1999), sua primeira produ\u00e7\u00e3o em Bras\u00edlia, <strong>MATA DO TUMB\u00c1 <\/strong>(2002), <strong>SANTA LOUVA\u00c7\u00c3O (<\/strong>2003), <strong>SIRIPEQUI \u2013 entre mangues e cerrados <\/strong>(2005), gravado em parceria com o artista capixaba Rog\u00e9rio Pinheiro, <strong>FLOR DO CERRADO<\/strong> (2007), com o apoio do FAC \u2013 Fundo de Arte Cultura, da Secretaria de Cultura do GDF e mais recentemente o CD e DVD <strong>CH\u00c3O <\/strong>(2010), gravado ao vivo na cidade de Piren\u00f3polis.<\/p>\n<p>Em 2008 realizou o projeto <strong>PELAS ESTRADAS DESSES BRASIS<\/strong>, em parceria com a Funarte \u2013 Minist\u00e9rio da Cultura, realizando uma s\u00e9rie de quatro shows dividindo o palco com m\u00fasicos de diversas regi\u00f5es brasileiras, entre eles o mineiro Telo Borges.<\/p>\n<p>Nos \u00faltimos anos Carlinhos se apresentou nos principais espa\u00e7os culturais de Bras\u00edlia, e esteve em dezenas de cidades brasileiras em apresenta\u00e7\u00f5es variadas, desde grandes teatros a espa\u00e7os mais intimistas. Apresentou-se ainda em pa\u00edses como Angola, Costa Rica, Portugal, It\u00e1lia, entre outros. Em 2008 encerrou o show da pr\u00e9via do Brazilian Day New York, realizado na v\u00e9spera desse conhecido festival, em plena 46th Street, sendo aplaudido calorosamente pelo p\u00fablico presente.<\/p>\n<p>Em 2009 foi um dos 60 artistas brasileiros selecionados para a participa\u00e7\u00e3o no Projeto Pauta Funarte. Em 2010 foi premiado no \u201cFestival Nacional FM\u201d, com a can\u00e7\u00e3o <strong>Maragogi<\/strong>, e no \u201cPr\u00eamio Tom Jobim de M\u00fasica\u201d, promovido pelo SESC, com a can\u00e7\u00e3o <strong>Catavento<\/strong>. Em ambos festivais recebeu a premia\u00e7\u00e3o de J\u00fari Popular.<\/p>\n<p>O ano de 2012 foi especial para Carlinhos Veiga. Depois de ser o artista homenageado no \u201cSom do C\u00e9u\u201d (BH), se presentou no \u201cSonidos de la tierra\u201d, em Cuernavaca, no M\u00e9xico e do \u201cThe Polite Room\u201d, na Inglaterra. Teve sua can\u00e7\u00e3o <strong>Raiares<\/strong>, parceria com Robson Rodrigues, eleita primeiro lugar no Pr\u00eamio SESC de M\u00fasica Tom Jobim 2012. Em 2013, recebeu o terceiro lugar na categoria melhor m\u00fasica do Festival Candango Cantador, com a can\u00e7\u00e3o <strong>Ouro Preto<\/strong>, sua parceira com Gladir Cabral.<\/p>\n<p>Carlinhos Veiga e banda gravaram em 2014 o CD \u201cParceiragens\u201d, fruto de um projeto que se utilizou do crowndfunding (financiamento coletivo por meio das redes sociais). O CD foi lan\u00e7ado em show realizado no Teatro dos Banc\u00e1rios, em Bras\u00edlia. Contou com a parceria de v\u00e1rios m\u00fasicos reconhecidos nacionalmente. Atualmente Veiga divulga seu novo \u00e1lbum em shows pelo Brasil e exterior.<\/p>\n<p>&nbsp;<\/p>\n","protected":false},"excerpt":{"rendered":"<p>A m\u00fasica regional brasileira de Carlinhos Veiga<\/p>\n<p>Carlinhos Veiga nasceu em Goi\u00e2nia, e desde pequeno foi influenciado pela musicalidade da fam\u00edlia. Ainda nos primeiros anos da juventude, na d\u00e9cada de 80, iniciou sua carreira, caracterizada pelo compromisso com as ra\u00edzes culturais brasileiras.<br \/>\nMuito embora seu trabalho revele grande influ\u00eancia da m\u00fasica regional e traga a sonoridade de [&#8230;]<\/p>\n","protected":false},"author":7,"featured_media":0,"parent":2,"menu_order":2,"comment_status":"open","ping_status":"open","template":"","meta":{"footnotes":""},"class_list":["post-40","page","type-page","status-publish","hentry"],"_links":{"self":[{"href":"https:\/\/ultimato.com.br\/sites\/carlinhosveiga\/wp-json\/wp\/v2\/pages\/40","targetHints":{"allow":["GET"]}}],"collection":[{"href":"https:\/\/ultimato.com.br\/sites\/carlinhosveiga\/wp-json\/wp\/v2\/pages"}],"about":[{"href":"https:\/\/ultimato.com.br\/sites\/carlinhosveiga\/wp-json\/wp\/v2\/types\/page"}],"author":[{"embeddable":true,"href":"https:\/\/ultimato.com.br\/sites\/carlinhosveiga\/wp-json\/wp\/v2\/users\/7"}],"replies":[{"embeddable":true,"href":"https:\/\/ultimato.com.br\/sites\/carlinhosveiga\/wp-json\/wp\/v2\/comments?post=40"}],"version-history":[{"count":8,"href":"https:\/\/ultimato.com.br\/sites\/carlinhosveiga\/wp-json\/wp\/v2\/pages\/40\/revisions"}],"predecessor-version":[{"id":1484,"href":"https:\/\/ultimato.com.br\/sites\/carlinhosveiga\/wp-json\/wp\/v2\/pages\/40\/revisions\/1484"}],"up":[{"embeddable":true,"href":"https:\/\/ultimato.com.br\/sites\/carlinhosveiga\/wp-json\/wp\/v2\/pages\/2"}],"wp:attachment":[{"href":"https:\/\/ultimato.com.br\/sites\/carlinhosveiga\/wp-json\/wp\/v2\/media?parent=40"}],"curies":[{"name":"wp","href":"https:\/\/api.w.org\/{rel}","templated":true}]}}

<h3>A música regional brasileira de Carlinhos Veiga</h3>
<h3><a href="http://ultimato.com.br/blogs/carlinhosveiga/files/2010/02/veiga.jpg"><img loading="lazy" decoding="async" class="size-thumbnail wp-image-364 alignright" title="Violeiro" src="http://ultimato.com.br/blogs/carlinhosveiga/files/2010/02/veiga-150x150.jpg" alt="" width="150" height="150" srcset="https://ultimato.com.br/sites/carlinhosveiga/files/2010/02/veiga-150x150.jpg 150w, https://ultimato.com.br/sites/carlinhosveiga/files/2010/02/veiga-64x64.jpg 64w" sizes="auto, (max-width: 150px) 100vw, 150px" /></a></h3>
<p>Carlinhos Veiga nasceu em Goiânia, e desde pequeno foi influenciado pela musicalidade da família. Ainda nos primeiros anos da juventude, na década de 80, iniciou sua carreira, caracterizada pelo compromisso com as raízes culturais brasileiras.</p>
<p>Muito embora seu trabalho revele grande influência da música regional e traga a sonoridade de instrumentos como a viola caipira, a viola de cocho, entre outros, é inegável suas nuances urbanas e a influência de nomes da MPB. O resultado é uma miscigenação de sonoridades.</p>
<p>A viola caipira foi introduzida no trabalho de Carlinhos em 1990, quando ainda atuava no grupo musical Expresso Luz. Anos depois participou do Prêmio BEG Natureza, promovido pelo Banco do Estado de Goiás, recebendo o prêmio maior na categoria canção. O resultado foi a gravação de seu primeiro CD solo, <strong>TERRA </strong>(1995).</p>
<p>Depois disso vieram <strong>MENINO</strong> (1999), sua primeira produção em Brasília, <strong>MATA DO TUMBÁ </strong>(2002), <strong>SANTA LOUVAÇÃO (</strong>2003), <strong>SIRIPEQUI – entre mangues e cerrados </strong>(2005), gravado em parceria com o artista capixaba Rogério Pinheiro, <strong>FLOR DO CERRADO</strong> (2007), com o apoio do FAC – Fundo de Arte Cultura, da Secretaria de Cultura do GDF e mais recentemente o CD e DVD <strong>CHÃO </strong>(2010), gravado ao vivo na cidade de Pirenópolis.</p>
<p>Em 2008 realizou o projeto <strong>PELAS ESTRADAS DESSES BRASIS</strong>, em parceria com a Funarte – Ministério da Cultura, realizando uma série de quatro shows dividindo o palco com músicos de diversas regiões brasileiras, entre eles o mineiro Telo Borges.</p>
<p>Nos últimos anos Carlinhos se apresentou nos principais espaços culturais de Brasília, e esteve em dezenas de cidades brasileiras em apresentações variadas, desde grandes teatros a espaços mais intimistas. Apresentou-se ainda em países como Angola, Costa Rica, Portugal, Itália, entre outros. Em 2008 encerrou o show da prévia do Brazilian Day New York, realizado na véspera desse conhecido festival, em plena 46th Street, sendo aplaudido calorosamente pelo público presente.</p>
<p>Em 2009 foi um dos 60 artistas brasileiros selecionados para a participação no Projeto Pauta Funarte. Em 2010 foi premiado no “Festival Nacional FM”, com a canção <strong>Maragogi</strong>, e no “Prêmio Tom Jobim de Música”, promovido pelo SESC, com a canção <strong>Catavento</strong>. Em ambos festivais recebeu a premiação de Júri Popular.</p>
<p>O ano de 2012 foi especial para Carlinhos Veiga. Depois de ser o artista homenageado no “Som do Céu” (BH), se presentou no “Sonidos de la tierra”, em Cuernavaca, no México e do “The Polite Room”, na Inglaterra. Teve sua canção <strong>Raiares</strong>, parceria com Robson Rodrigues, eleita primeiro lugar no Prêmio SESC de Música Tom Jobim 2012. Em 2013, recebeu o terceiro lugar na categoria melhor música do Festival Candango Cantador, com a canção <strong>Ouro Preto</strong>, sua parceira com Gladir Cabral.</p>
<p>Carlinhos Veiga e banda gravaram em 2014 o CD “Parceiragens”, fruto de um projeto que se utilizou do crowndfunding (financiamento coletivo por meio das redes sociais). O CD foi lançado em show realizado no Teatro dos Bancários, em Brasília. Contou com a parceria de vários músicos reconhecidos nacionalmente. Atualmente Veiga divulga seu novo álbum em shows pelo Brasil e exterior.</p>
<p>&nbsp;</p>

<p>A música regional brasileira de Carlinhos Veiga</p>
<p>Carlinhos Veiga nasceu em Goiânia, e desde pequeno foi influenciado pela musicalidade da família. Ainda nos primeiros anos da juventude, na década de 80, iniciou sua carreira, caracterizada pelo compromisso com as raízes culturais brasileiras.<br />
Muito embora seu trabalho revele grande influência da música regional e traga a sonoridade de [&#8230;]</p>
