{"id":3185,"date":"2012-02-17T10:35:57","date_gmt":"2012-02-17T13:35:57","guid":{"rendered":"http:\/\/ultimato.com.br\/sites\/blogdaultimato\/?page_id=3185"},"modified":"2013-04-17T00:18:00","modified_gmt":"2013-04-17T03:18:00","slug":"blogs-da-ultimato","status":"publish","type":"page","link":"https:\/\/ultimato.com.br\/sites\/blogdaultimato\/blogs-da-ultimato\/","title":{"rendered":"Blogs da Ultimato"},"content":{"rendered":"<h4>Conhe\u00e7a tamb\u00e9m os nossos <a href=\"http:\/\/www.ultimato.com.br\/loja\/hotsites\">HOTSITES<\/a>.<\/h4>\n<p>&nbsp;<\/p>\n<p><span style=\"color: #808000;\">Blog da<strong> Ultimato<\/strong><\/span><\/p>\n<p>Nosso <strong>blog editorial<\/strong> quer aproximar o leitor das alegrias e dos trancos e barrancos que fazem o dia-a-dia da Editora Ultimato.<\/p>\n<p><a href=\"http:\/\/ultimato.com.br\/sites\/blogdaultimato\/\" target=\"_blank\"><img loading=\"lazy\" decoding=\"async\" class=\"alignleft  wp-image-3423\" title=\"bg_blogultimato_2012_final - C\u00f3pia\" alt=\"\" src=\"http:\/\/ultimato.com.br\/sites\/blogdaultimato\/files\/2012\/02\/bg_blogultimato_2012_final-C\u00f3pia.jpg\" width=\"340\" height=\"80\" \/><\/a><\/p>\n<p>&nbsp;<\/p>\n<p>&nbsp;<\/p>\n<div><\/div>\n<div><\/div>\n<div>\n<p>&nbsp;<\/p>\n<p>&nbsp;<\/p>\n<div>\n<p><span style=\"color: #808000;\">Blog\u00a0<strong>A Rocha Brasil<\/strong><\/span><\/p>\n<p>A Rocha Brasil (ARB) \u00e9 uma organiza\u00e7\u00e3o crist\u00e3 ambiental que tem como voca\u00e7\u00e3o a educa\u00e7\u00e3o ambiental, o trabalho com comunidades e a conserva\u00e7\u00e3o.\u00a0Faz parte d\u2019A Rocha Internacional (presente em outros 18 pa\u00edses) e est\u00e1 no Brasil desde 2006.<\/p>\n<p><a href=\"http:\/\/ultimato.com.br\/sites\/arocha\/\" target=\"_blank\"><img loading=\"lazy\" decoding=\"async\" title=\"bg_arocha9\" alt=\"\" src=\"http:\/\/ultimato.com.br\/sites\/blogdaultimato\/files\/2012\/02\/bg_arocha9.jpg\" width=\"320\" height=\"100\" \/><\/a><\/p>\n<\/div>\n<p>&nbsp;<\/p>\n<p><span style=\"color: #808000;\">Blog <strong>Arte em Foco<\/strong><\/span><\/p>\n<p>O <strong>Arte em Foco<\/strong> \u00e9 um movimento de crist\u00e3os brasileiros que, sens\u00edveis ao contexto e particularidade cultural nacional, busca contribuir para o florescimento pleno de pessoas e comunidades humanas por meio do cultivo e reden\u00e7\u00e3o dos potenciais est\u00e9ticos criados.<\/p>\n<p><a href=\"http:\/\/ultimato.com.br\/sites\/artemfoco\/\" target=\"_blank\"><img loading=\"lazy\" decoding=\"async\" class=\"alignleft  wp-image-3216\" title=\"topo_artemfoco\" alt=\"\" src=\"http:\/\/ultimato.com.br\/sites\/blogdaultimato\/files\/2012\/02\/topo_artemfoco-300x68.jpg\" width=\"320\" height=\"80\" \/><\/a><\/p>\n<p>&nbsp;<\/p>\n<p>&nbsp;<\/p>\n<p>&nbsp;<\/p>\n<p>&nbsp;<\/p>\n<p>&nbsp;<\/p>\n<p><span style=\"color: #808000;\">Blog da<strong>\u00a0Br\u00e1ulia\u00a0Ribeiro<\/strong><\/span><\/p>\n<p>Autora de\u00a0<a href=\"http:\/\/www.ultimato.com.br\/?pg=show_livros&amp;util=1&amp;registro=416\" target=\"_blank\"><span style=\"color: #3366ff;\">Chamado Radical<\/span><\/a>, <strong>Br\u00e1ulia In\u00eas Ribeiro,<\/strong> casada, tr\u00eas filhos, \u00e9 mestre em etnoling\u00fc\u00edstica. Mission\u00e1ria na regi\u00e3o Amaz\u00f4nica h\u00e1 mais de 20 anos, \u00e9 presidente da JOCUM \u2014 Jovens com Uma Miss\u00e3o.<\/p>\n<p><a href=\"http:\/\/ultimato.com.br\/sites\/brauliaribeiro\/\" target=\"_blank\"><img loading=\"lazy\" decoding=\"async\" class=\"alignleft  wp-image-3218\" title=\"topo_braulia_ribeiro\" alt=\"\" src=\"http:\/\/ultimato.com.br\/sites\/blogdaultimato\/files\/2012\/02\/topo_braulia_ribeiro1-300x55.jpg\" width=\"320\" height=\"70\" \/><\/a><\/p>\n<p>&nbsp;<\/p>\n<p>&nbsp;<\/p>\n<p>&nbsp;<\/p>\n<p>&nbsp;<\/p>\n<p>&nbsp;<\/p>\n<p><span style=\"color: #808000;\">Blog do<\/span><strong style=\"color: #808000;\"> Carlinhos Veiga<\/strong><\/p>\n<p><strong>Carlinhos Veiga<\/strong> \u00e9 m\u00fasico e compositor, formado em jornalismo e especialista em miss\u00f5es transculturais. \u00c9 presidente da Fraternidade Teol\u00f3gica\u00a0Latinoamericana (Setor Brasil) e membro do conselho diretor da Mocidade para Cristo do Brasil. \u00c9 pastor presbiteriano em Bras\u00edlia.<\/p>\n<p><a href=\"http:\/\/ultimato.com.br\/sites\/carlinhosveiga\/\" target=\"_blank\"><img loading=\"lazy\" decoding=\"async\" class=\"alignleft\" alt=\"\" src=\"http:\/\/ultimato.com.br\/sites\/carlinhosveiga\/files\/topo_cv_logo.jpg\" width=\"320\" height=\"80\" \/><\/a><\/p>\n<p>&nbsp;<\/p>\n<p>&nbsp;<\/p>\n<p>&nbsp;<\/p>\n<p>&nbsp;<\/p>\n<p>&nbsp;<\/p>\n<p><span style=\"color: #808000;\">Blog <strong>Casamento e Fam\u00edlia<\/strong><\/span><\/p>\n<p><a href=\"http:\/\/ultimato.com.br\/sites\/casamentoefamilia\/\"><img loading=\"lazy\" decoding=\"async\" class=\"alignleft  wp-image-3814\" title=\"bg_casamento\" alt=\"\" src=\"http:\/\/ultimato.com.br\/sites\/blogdaultimato\/files\/2012\/02\/bg_casamento1.jpg\" width=\"320\" height=\"80\" \/><\/a><\/p>\n<p>&nbsp;<\/p>\n<p>&nbsp;<\/p>\n<p>&nbsp;<\/p>\n<p>&nbsp;<\/p>\n<p>&nbsp;<\/p>\n<p><span style=\"color: #808000;\">Blog<strong> Fatos e Correlatos<\/strong><\/span><\/p>\n<div><strong>Liss\u00e2nder Dias do Amaral<\/strong>.\u00a0Casado, jornalista, \u00e9 editor de web da Editora Ultimato. Colabora voluntariamente na \u00e1rea de comunica\u00e7\u00e3o com a Rede Evang\u00e9lica Nacional de A\u00e7\u00e3o Social (RENAS) e a Rede M\u00e3os Dadas.\u00a0\u00c9 um dos organizadores de\u00a0<a href=\"http:\/\/www.ultimato.com.br\/loja\/produtos\/uma-crianca-os-guiara\" target=\"_blank\"><span>Uma Crian\u00e7a os Guiar\u00e1<\/span><\/a>.<\/div>\n<p><a href=\"http:\/\/ultimato.com.br\/sites\/fatosecorrelatos\/\" target=\"_blank\"><img loading=\"lazy\" decoding=\"async\" class=\"alignleft  wp-image-3194\" title=\"bg_bloglissander_a01\" alt=\"\" src=\"http:\/\/ultimato.com.br\/sites\/blogdaultimato\/files\/2012\/02\/bg_bloglissander_a01-300x65.jpg\" width=\"320\" height=\"80\" \/><\/a><\/p>\n<p>&nbsp;<\/p>\n<p>&nbsp;<\/p>\n<p>&nbsp;<\/p>\n<p>&nbsp;<\/p>\n<p>&nbsp;<\/p>\n<p><span style=\"color: #808000;\">Blog do\u00a0<strong>Gladir Cabral<\/strong><\/span><\/p>\n<p>O poeta, m\u00fasico, professor de literatura e pastor <strong>Gladir Cabral<\/strong> agora tem morada fixa no portal Ultimato.\u00a0O blog\u00a0<a href=\"http:\/\/ultimato.com.br\/sites\/gladircabral\/\" target=\"_blank\">Gladir Cabral \u2013 letra e m\u00fasica<\/a>\u00a0traz dezenas de can\u00e7\u00f5es do artista, al\u00e9m de textos sobre arte, espiritualidade e literatura.<\/p>\n<p><a href=\"http:\/\/ultimato.com.br\/sites\/gladircabral\/\" target=\"_blank\"><img loading=\"lazy\" decoding=\"async\" class=\"alignleft size-full wp-image-4570\" alt=\"bg_gladir\" src=\"http:\/\/ultimato.com.br\/sites\/blogdaultimato\/files\/2012\/02\/bg_gladir.jpg\" width=\"365\" height=\"80\" srcset=\"https:\/\/ultimato.com.br\/sites\/blogdaultimato\/files\/2012\/02\/bg_gladir.jpg 365w, https:\/\/ultimato.com.br\/sites\/blogdaultimato\/files\/2012\/02\/bg_gladir-300x65.jpg 300w, https:\/\/ultimato.com.br\/sites\/blogdaultimato\/files\/2012\/02\/bg_gladir-150x32.jpg 150w\" sizes=\"auto, (max-width: 365px) 100vw, 365px\" \/><\/a><\/p>\n<p>&nbsp;<\/p>\n<p>&nbsp;<\/p>\n<p>&nbsp;<\/p>\n<p>&nbsp;<\/p>\n<p>&nbsp;<\/p>\n<p><span style=\"color: #808000;\">Blog do <strong>Guilherme de Carvalho<\/strong><\/span><\/p>\n<p><strong>Guilherme de Carvalho,<\/strong> mestre em teologia pela Faculdade Teol\u00f3gica Batista de S\u00e3o Paulo e mestre em ci\u00eancias da religi\u00e3o pela Universidade Metodista de S\u00e3o Paulo, \u00e9 tamb\u00e9m fundador e presidente\u00a0da Associa\u00e7\u00e3o <em>Kuyper<\/em> para Estudos Transdisciplinares e diretor de L&#8217;Abri Fellowship Brasil. \u00c9 pastor da Igreja Esperan\u00e7a em Belo Horizonte, MG.<\/p>\n<p><a href=\"http:\/\/ultimato.com.br\/sites\/guilhermedecarvalho\/\" target=\"_blank\"><img loading=\"lazy\" decoding=\"async\" class=\"alignleft  wp-image-3193\" title=\"bg_gc\" alt=\"\" src=\"http:\/\/ultimato.com.br\/sites\/blogdaultimato\/files\/2012\/02\/bg_gc-300x65.jpg\" width=\"320\" height=\"80\" \/><\/a><\/p>\n<p>&nbsp;<\/p>\n<p>&nbsp;<\/p>\n<p>&nbsp;<\/p>\n<p>&nbsp;<\/p>\n<p>&nbsp;<\/p>\n<p><span style=\"color: #808000;\">Blog\u00a0<strong>Igrejas Ecocidad\u00e3s<\/strong><\/span><\/p>\n<p>Igrejas Ecocidad\u00e3s s\u00e3o pessoas e organiza\u00e7\u00f5es crist\u00e3s que se uniram para incentivar o envolvimento da igreja evang\u00e9lica na\u00a0 tem\u00e1tica socioambiental, impulsionada pela\u00a0<a href=\"http:\/\/www.rio20.gov.br\/\" target=\"_blank\">Rio+20<\/a>\u00a0que acontece em junho no Rio de Janeiro, RJ.<\/p>\n<p><a href=\"http:\/\/ultimato.com.br\/sites\/igrejasecocidadas\/\"><img loading=\"lazy\" decoding=\"async\" title=\"bannertopo-igrECO01\" alt=\"\" src=\"http:\/\/ultimato.com.br\/sites\/blogdaultimato\/files\/2012\/02\/bannertopo-igrECO01-300x65.jpg\" width=\"320\" height=\"80\" \/><\/a><\/p>\n<p>&nbsp;<\/p>\n<p>&nbsp;<\/p>\n<p><span style=\"color: #808000;\">Blog\u00a0<strong>L&#8217;Abrarte\u00a0<\/strong><\/span><\/p>\n<p>A <strong>L\u2019Abrarte \u2013 Associa\u00e7\u00e3o Rookmaaker para Estudos em Arte e Cosmovis\u00e3o <\/strong>\u00e9 uma entidade crist\u00e3 de car\u00e1ter civil, que promove e ap\u00f3ia programas e iniciativas que visem \u00e0 investiga\u00e7\u00e3o e o desenvolvimento dos aspectos criativos, art\u00edstico-culturais, s\u00f3cio-educativos e cient\u00edficos a partir das reflex\u00f5es e contribui\u00e7\u00f5es do historiador da arte e pensador Hans Rookmaaker.<\/p>\n<p><a href=\"http:\/\/ultimato.com.br\/sites\/labrarte\/\" target=\"_blank\"><img loading=\"lazy\" decoding=\"async\" class=\"alignleft  wp-image-3203\" title=\"cabecalho3_sem_barra\" alt=\"\" src=\"http:\/\/ultimato.com.br\/sites\/blogdaultimato\/files\/2012\/02\/cabecalho3_sem_barra-300x65.jpg\" width=\"320\" height=\"80\" \/><\/a><\/p>\n<p>&nbsp;<\/p>\n<p>&nbsp;<\/p>\n<p>&nbsp;<\/p>\n<p>&nbsp;<\/p>\n<p>&nbsp;<\/p>\n<p><span style=\"color: #808000;\">Blog do<\/span><strong style=\"color: #808000;\"><span style=\"color: #808000;\"> M<\/span>arcos Botelho<\/strong><\/p>\n<p><strong>Marcos Botelho<\/strong>, bacharel e p\u00f3s-graduado em teologia, \u00e9 mission\u00e1rio do Jovens da Verdade, da SEPAL, e l\u00edder do Minist\u00e9rio JV na Estrada e diretor do Minist\u00e9rio Terra dos Palha\u00e7os.<\/p>\n<p><a href=\"http:\/\/ultimato.com.br\/sites\/marcosbotelho\/\" target=\"_blank\"><img loading=\"lazy\" decoding=\"async\" class=\"alignleft  wp-image-3215\" title=\"topo_marcosbotelho\" alt=\"\" src=\"http:\/\/ultimato.com.br\/sites\/blogdaultimato\/files\/2012\/02\/topo_marcosbotelho1-300x65.jpg\" width=\"320\" height=\"80\" \/><\/a><\/p>\n<p>&nbsp;<\/p>\n<p>&nbsp;<\/p>\n<p>&nbsp;<\/p>\n<p>&nbsp;<\/p>\n<p>&nbsp;<\/p>\n<p><span style=\"color: #808000;\">Blog<strong>\u00a0M\u00e3os Dadas<\/strong><\/span><\/p>\n<p>Blog da\u00a0<a href=\"http:\/\/ultimato.com.br\/sites\/maosdadas\/quem-somos\/a-rede\/\" target=\"_blank\">Rede M\u00e3os Dadas<\/a>\u00a0&#8211; uma rede de mais de 30 organiza\u00e7\u00f5es sociais evang\u00e9licas que lutam em favor das crian\u00e7as em situa\u00e7\u00e3o de vulnerabilidade social. Aqui voc\u00ea vai encontrar dicas pr\u00e1ticas para o trabalho social, al\u00e9m de not\u00edcias, artigos e oportunidades de envolvimento nos projetos da rede.<\/p>\n<p><a href=\"http:\/\/ultimato.com.br\/sites\/maosdadas\/\" target=\"_blank\"><img loading=\"lazy\" decoding=\"async\" class=\"alignleft size-full wp-image-4573\" alt=\"bg_md\" src=\"http:\/\/ultimato.com.br\/sites\/blogdaultimato\/files\/2012\/02\/bg_md.jpg\" width=\"363\" height=\"80\" srcset=\"https:\/\/ultimato.com.br\/sites\/blogdaultimato\/files\/2012\/02\/bg_md.jpg 363w, https:\/\/ultimato.com.br\/sites\/blogdaultimato\/files\/2012\/02\/bg_md-300x66.jpg 300w, https:\/\/ultimato.com.br\/sites\/blogdaultimato\/files\/2012\/02\/bg_md-150x33.jpg 150w\" sizes=\"auto, (max-width: 363px) 100vw, 363px\" \/><\/a><\/p>\n<p>&nbsp;<\/p>\n<p>&nbsp;<\/p>\n<p>&nbsp;<\/p>\n<p>&nbsp;<\/p>\n<p>&nbsp;<\/p>\n<p><span style=\"color: #808000;\">Blog<strong> Paralelo 10<\/strong><\/span><\/p>\n<p>O <strong>Paralelo 10<\/strong> \u00e9 um projeto da Editora Ultimato em parceria com o Centro Evang\u00e9lico de Miss\u00f5es (CEM) e apoio da Tearfund. Seu objetivo \u00e9 o fortalecimento de lideran\u00e7as do Norte e Nordeste do Brasil para a pr\u00e1tica da miss\u00e3o integral e, por meio de um interc\u00e2mbio entre as regi\u00f5es brasileiras, tonar as igrejas nortistas e nordestinas mais conhecidas e reconhecidas.<\/p>\n<p><a href=\"http:\/\/ultimato.com.br\/sites\/paralelo10\/\" target=\"_blank\"><img loading=\"lazy\" decoding=\"async\" class=\"alignleft  wp-image-3213\" title=\"topo3\" alt=\"\" src=\"http:\/\/ultimato.com.br\/sites\/blogdaultimato\/files\/2012\/02\/topo3-300x65.jpg\" width=\"320\" height=\"80\" \/><\/a><\/p>\n<p>&nbsp;<\/p>\n<p>&nbsp;<\/p>\n<p>&nbsp;<\/p>\n<p>&nbsp;<\/p>\n<p>&nbsp;<\/p>\n<p><span style=\"color: #808000;\">Blog do<strong> Rubem Amorese<\/strong><\/span><\/p>\n<div>\n<p><strong>Rubem Amorese<\/strong> \u00e9 presb\u00edtero na Igreja Presbiteriana do Planalto, em Bras\u00edlia, e foi professor na Faculdade Teol\u00f3gica Batista de Bras\u00edlia por vinte anos. Antes de se aposentar, foi consultor legislativo no Senado Federal e diretor de inform\u00e1tica no Centro de Inform\u00e1tica e Processamento de Dados do Senado Federal. \u00c9 autor de, entre outros, F\u00e1brica de Mission\u00e1rios e Icabode.<\/p>\n<\/div>\n<p><a href=\"http:\/\/ultimato.com.br\/sites\/amorese\/\" target=\"_blank\"><img loading=\"lazy\" decoding=\"async\" class=\"alignleft  wp-image-3223\" title=\"topo_amorese\" alt=\"\" src=\"http:\/\/ultimato.com.br\/sites\/blogdaultimato\/files\/2012\/02\/topo_amorese1-300x65.jpg\" width=\"320\" height=\"80\" \/><\/a><\/p>\n<p>&nbsp;<\/p>\n<p>&nbsp;<\/p>\n<p>&nbsp;<\/p>\n<p>&nbsp;<\/p>\n<p>&nbsp;<\/p>\n<p><span style=\"color: #808000;\">Blog da<\/span><strong style=\"color: #808000;\"> Tais Machado<\/strong><\/p>\n<p><strong>Tais Machado<\/strong>, paulistana, \u00e9 psic\u00f3loga cl\u00ednica e professora em semin\u00e1rios teol\u00f3gicos. \u00c9 secret\u00e1ria nacional de capacita\u00e7\u00e3o da Alian\u00e7a B\u00edblica Universit\u00e1ria do Brasil.<\/p>\n<p><a href=\"http:\/\/ultimato.com.br\/sites\/taismachado\/\" target=\"_blank\"><img loading=\"lazy\" decoding=\"async\" class=\"alignleft  wp-image-3220\" title=\"topo_taismachado980x215\" alt=\"\" src=\"http:\/\/ultimato.com.br\/sites\/blogdaultimato\/files\/2012\/02\/topo_taismachado980x215-300x65.jpg\" width=\"320\" height=\"80\" \/><\/a><\/p>\n<p>&nbsp;<\/p>\n<p>&nbsp;<\/p>\n<p>&nbsp;<\/p>\n<p>&nbsp;<\/p>\n<p>&nbsp;<\/p>\n<p><span style=\"color: #808000;\">Blog do<\/span><strong style=\"color: #808000;\"> Tim\u00f3teo Carriker<\/strong><\/p>\n<div>\n<p>No Brasil desde 1978, o missi\u00f3logo norte-americano <strong>Tim\u00f3teo Carriker<\/strong> \u00e9 professor em diversas escolas de teologia e miss\u00f5es. \u00c9 autor de, entre outros,\u00a0<a href=\"http:\/\/www.ultimato.com.br\/loja\/produtos\/trabalho-descanso-e-dinheiro\" target=\"_blank\"><span style=\"color: #3366ff;\">Trabalho, Descanso e Dinheiro<\/span><\/a>\u00a0e\u00a0<a href=\"http:\/\/www.ultimato.com.br\/loja\/produtos\/a-visao-missionaria-na-biblia\" target=\"_blank\"><span style=\"color: #3366ff;\">A Vis\u00e3o Mission\u00e1ria na B\u00edblia<\/span><\/a>.<\/p>\n<\/div>\n<p><a href=\"http:\/\/ultimato.com.br\/sites\/timcarriker\/\" target=\"_blank\"><img loading=\"lazy\" decoding=\"async\" class=\"alignleft  wp-image-3192\" title=\"bg_carriker\" alt=\"\" src=\"http:\/\/ultimato.com.br\/sites\/blogdaultimato\/files\/2012\/02\/bg_carriker-300x65.jpg\" width=\"320\" height=\"80\" \/><\/a><\/p>\n<p>&nbsp;<\/p>\n<p>&nbsp;<\/p>\n<p>&nbsp;<\/p>\n<p>&nbsp;<\/p>\n<p>&nbsp;<\/p>\n<p><span style=\"color: #808000;\">Blog<strong> Ultimato Jovem<\/strong><\/span><\/p>\n<p><strong>Ultimato Jovem<\/strong> \u00e9 um espa\u00e7o para publicarmos textos e outros trecos feitos por jovens, para jovens ou sobre jovens, tendo sempre em mente a intergeracionalidade.<\/p>\n<p><a href=\"http:\/\/ultimato.com.br\/sites\/jovem\/\" target=\"_blank\"><img loading=\"lazy\" decoding=\"async\" class=\"alignleft  wp-image-3222\" title=\"C\u00f3pia de ult_jov_2012_2\" alt=\"\" src=\"http:\/\/ultimato.com.br\/sites\/blogdaultimato\/files\/2012\/02\/C\u00f3pia-de-ult_jov_2012_2-300x65.jpg\" width=\"320\" height=\"80\" \/><\/a><\/p>\n<p>&nbsp;<\/p>\n<p>&nbsp;<\/p>\n<p>&nbsp;<\/p>\n<p>&nbsp;<\/p>\n<\/div>\n","protected":false},"excerpt":{"rendered":"<p>Conhe\u00e7a tamb\u00e9m os nossos HOTSITES.<br \/>\n&nbsp;<br \/>\nBlog da Ultimato<br \/>\nNosso blog editorial quer aproximar o leitor das alegrias e dos trancos e barrancos que fazem o dia-a-dia da Editora Ultimato.<\/p>\n<p>&nbsp;<br \/>\n&nbsp;<\/p>\n<p>&nbsp;<br \/>\n&nbsp;<\/p>\n<p>Blog\u00a0A Rocha Brasil<br \/>\nA Rocha Brasil (ARB) \u00e9 uma organiza\u00e7\u00e3o crist\u00e3 ambiental que tem como voca\u00e7\u00e3o a educa\u00e7\u00e3o ambiental, o trabalho com comunidades e a conserva\u00e7\u00e3o.\u00a0Faz parte d\u2019A Rocha Internacional [&#8230;]<\/p>\n","protected":false},"author":24,"featured_media":0,"parent":0,"menu_order":0,"comment_status":"open","ping_status":"open","template":"","meta":{"ngg_post_thumbnail":0,"footnotes":""},"class_list":["post-3185","page","type-page","status-publish","hentry"],"_links":{"self":[{"href":"https:\/\/ultimato.com.br\/sites\/blogdaultimato\/wp-json\/wp\/v2\/pages\/3185","targetHints":{"allow":["GET"]}}],"collection":[{"href":"https:\/\/ultimato.com.br\/sites\/blogdaultimato\/wp-json\/wp\/v2\/pages"}],"about":[{"href":"https:\/\/ultimato.com.br\/sites\/blogdaultimato\/wp-json\/wp\/v2\/types\/page"}],"author":[{"embeddable":true,"href":"https:\/\/ultimato.com.br\/sites\/blogdaultimato\/wp-json\/wp\/v2\/users\/24"}],"replies":[{"embeddable":true,"href":"https:\/\/ultimato.com.br\/sites\/blogdaultimato\/wp-json\/wp\/v2\/comments?post=3185"}],"version-history":[{"count":70,"href":"https:\/\/ultimato.com.br\/sites\/blogdaultimato\/wp-json\/wp\/v2\/pages\/3185\/revisions"}],"predecessor-version":[{"id":3231,"href":"https:\/\/ultimato.com.br\/sites\/blogdaultimato\/wp-json\/wp\/v2\/pages\/3185\/revisions\/3231"}],"wp:attachment":[{"href":"https:\/\/ultimato.com.br\/sites\/blogdaultimato\/wp-json\/wp\/v2\/media?parent=3185"}],"curies":[{"name":"wp","href":"https:\/\/api.w.org\/{rel}","templated":true}]}}