{"id":49,"date":"2011-09-19T09:11:05","date_gmt":"2011-09-19T12:11:05","guid":{"rendered":"http:\/\/ultimato.com.br\/sites\/assim-na-terra\/?page_id=49"},"modified":"2011-09-19T09:11:05","modified_gmt":"2011-09-19T12:11:05","slug":"lancamento-no-encontro-renas","status":"publish","type":"page","link":"https:\/\/ultimato.com.br\/sites\/assim-na-terra\/extras\/lancamento-no-encontro-renas\/","title":{"rendered":"Lan\u00e7amento no Encontro RENAS"},"content":{"rendered":"<p>O livro <em><strong>Assim na Terra Como no C\u00e9u<\/strong><\/em> teve seu lan\u00e7amento oficial no VI Encontro Nacional RENAS (saiba mais <a href=\"http:\/\/encontro.renas.org.br\/\" target=\"_blank\">aqui<\/a>). Conhe\u00e7a mais sobre o livro.<\/p>\n<p>&nbsp;<img src=\"https:\/\/ultimato.com.br\/sites\/assim-na-terra\/wp-content\/plugins\/lightview-plus\/img\/novideo.png\" width=\"300\" height=\"168\" alt=\"Video not available\" \/><br \/><\/p>\n","protected":false},"excerpt":{"rendered":"<p>O livro Assim na Terra Como no C\u00e9u teve seu lan\u00e7amento oficial no VI Encontro Nacional RENAS (saiba mais aqui). Conhe\u00e7a mais sobre o livro. &nbsp;<\/p>\n","protected":false},"author":8,"featured_media":0,"parent":17,"menu_order":4,"comment_status":"open","ping_status":"open","template":"","meta":{"footnotes":""},"class_list":["post-49","page","type-page","status-publish","hentry"],"_links":{"self":[{"href":"https:\/\/ultimato.com.br\/sites\/assim-na-terra\/wp-json\/wp\/v2\/pages\/49","targetHints":{"allow":["GET"]}}],"collection":[{"href":"https:\/\/ultimato.com.br\/sites\/assim-na-terra\/wp-json\/wp\/v2\/pages"}],"about":[{"href":"https:\/\/ultimato.com.br\/sites\/assim-na-terra\/wp-json\/wp\/v2\/types\/page"}],"author":[{"embeddable":true,"href":"https:\/\/ultimato.com.br\/sites\/assim-na-terra\/wp-json\/wp\/v2\/users\/8"}],"replies":[{"embeddable":true,"href":"https:\/\/ultimato.com.br\/sites\/assim-na-terra\/wp-json\/wp\/v2\/comments?post=49"}],"version-history":[{"count":1,"href":"https:\/\/ultimato.com.br\/sites\/assim-na-terra\/wp-json\/wp\/v2\/pages\/49\/revisions"}],"predecessor-version":[{"id":50,"href":"https:\/\/ultimato.com.br\/sites\/assim-na-terra\/wp-json\/wp\/v2\/pages\/49\/revisions\/50"}],"up":[{"embeddable":true,"href":"https:\/\/ultimato.com.br\/sites\/assim-na-terra\/wp-json\/wp\/v2\/pages\/17"}],"wp:attachment":[{"href":"https:\/\/ultimato.com.br\/sites\/assim-na-terra\/wp-json\/wp\/v2\/media?parent=49"}],"curies":[{"name":"wp","href":"https:\/\/api.w.org\/{rel}","templated":true}]}}

Lançamento no Encontro RENAS

<p>O livro <em><strong>Assim na Terra Como no Céu</strong></em> teve seu lançamento oficial no VI Encontro Nacional RENAS (saiba mais <a href="http://encontro.renas.org.br/" target="_blank">aqui</a>). Conheça mais sobre o livro.</p>
<p>&nbsp;<img src="https://ultimato.com.br/sites/assim-na-terra/wp-content/plugins/lightview-plus/img/novideo.png" width="300" height="168" alt="Video not available" /><br /></p>

<p>O livro Assim na Terra Como no Céu teve seu lançamento oficial no VI Encontro Nacional RENAS (saiba mais aqui). Conheça mais sobre o livro. &nbsp;</p>
