{"id":8,"date":"2010-03-18T15:53:23","date_gmt":"2010-03-18T15:53:23","guid":{"rendered":"http:\/\/ultimato.com.br\/blogs\/arte-biblia\/?page_id=8"},"modified":"2010-04-20T10:57:16","modified_gmt":"2010-04-20T13:57:16","slug":"forum","status":"publish","type":"page","link":"https:\/\/ultimato.com.br\/sites\/arte-biblia\/forum\/","title":{"rendered":"f\u00f3rum"},"content":{"rendered":"<p>Como crist\u00e3os evang\u00e9licos, tendemos a dar pouca import\u00e2ncia \u00e0 arte. Consideramos os outros aspectos da vida humana mais importantes.<\/p>\n<p>Ent\u00e3o n\u00e3o seria melhor o crist\u00e3o fixar o olhar apenas nas \u201ccoisas religiosas\u201d e esquecer a arte e a cultura? Ser\u00e1 que a arte \u00e9 simplesmente uma forma de fazer a mundanalidade entrar pela porta dos fundos? Qual o lugar dela na vida crist\u00e3?<\/p>\n<p><span style=\"color: #ff0000\"><strong>Sortearemos<\/strong><\/span> <strong>dois<\/strong> participantes deste f\u00f3rum para <strong>ganhar<\/strong> 1 (um) exemplar do livro <strong>A Arte e a B\u00edblia<\/strong> e 1 (um) <strong>CD da banda Crombie<\/strong>.<\/p>\n<p><em>Resultado: dia 13 de abril.*<br \/>\n* Alterado para o\u00a0 dia 20 de abril.<\/em><\/p>\n<p><strong><span style=\"color: #ff0000\">Resultado<\/span><\/strong><em><strong><span style=\"color: #ff0000\">:<\/span><\/strong><br \/>\n<\/em>\u2022 A Arte e a B\u00edblia &#8211; <strong>Weiden M. Mendes<\/strong><br \/>\n\u2022 CD Crombie &#8211; <strong>Roberto Cachoeira<br \/>\n<\/strong>Enviamos um contato para o e-mail fornecido.<strong> <\/strong><\/p>\n","protected":false},"excerpt":{"rendered":"<p>Como crist\u00e3os evang\u00e9licos, tendemos a dar pouca import\u00e2ncia \u00e0 arte. Consideramos os outros aspectos da vida humana mais importantes. Ent\u00e3o n\u00e3o seria melhor o crist\u00e3o fixar o olhar apenas nas \u201ccoisas religiosas\u201d e esquecer a arte e a cultura? Ser\u00e1 que a arte \u00e9 simplesmente uma forma de fazer a mundanalidade entrar pela porta dos [&hellip;]<\/p>\n","protected":false},"author":8,"featured_media":0,"parent":0,"menu_order":4,"comment_status":"open","ping_status":"open","template":"","meta":{"footnotes":""},"class_list":["post-8","page","type-page","status-publish","hentry"],"_links":{"self":[{"href":"https:\/\/ultimato.com.br\/sites\/arte-biblia\/wp-json\/wp\/v2\/pages\/8","targetHints":{"allow":["GET"]}}],"collection":[{"href":"https:\/\/ultimato.com.br\/sites\/arte-biblia\/wp-json\/wp\/v2\/pages"}],"about":[{"href":"https:\/\/ultimato.com.br\/sites\/arte-biblia\/wp-json\/wp\/v2\/types\/page"}],"author":[{"embeddable":true,"href":"https:\/\/ultimato.com.br\/sites\/arte-biblia\/wp-json\/wp\/v2\/users\/8"}],"replies":[{"embeddable":true,"href":"https:\/\/ultimato.com.br\/sites\/arte-biblia\/wp-json\/wp\/v2\/comments?post=8"}],"version-history":[{"count":16,"href":"https:\/\/ultimato.com.br\/sites\/arte-biblia\/wp-json\/wp\/v2\/pages\/8\/revisions"}],"predecessor-version":[{"id":95,"href":"https:\/\/ultimato.com.br\/sites\/arte-biblia\/wp-json\/wp\/v2\/pages\/8\/revisions\/95"}],"wp:attachment":[{"href":"https:\/\/ultimato.com.br\/sites\/arte-biblia\/wp-json\/wp\/v2\/media?parent=8"}],"curies":[{"name":"wp","href":"https:\/\/api.w.org\/{rel}","templated":true}]}}