{"id":9,"date":"2013-12-20T12:06:38","date_gmt":"2013-12-20T12:06:38","guid":{"rendered":"http:\/\/ultimato.com.br\/sites\/antologia-de-poetas-evangelicos\/?page_id=9"},"modified":"2013-12-20T12:29:43","modified_gmt":"2013-12-20T12:29:43","slug":"o-que-disseram","status":"publish","type":"page","link":"https:\/\/ultimato.com.br\/sites\/antologia-de-poetas-evangelicos\/o-que-disseram\/","title":{"rendered":"O que disseram"},"content":{"rendered":"<blockquote><p>Amo os poetas. Admiro as musas. Extasio-me ao ler as belas poesias. Elas me falam n\u00e3o s\u00f3 do belo, mas, tamb\u00e9m, da alma e da candura dos poetas.<\/p>\n<p>Poesia \u00e9 o reflexo da alma. Poetar \u00e9 sentir, quando outros s\u00e3o insens\u00edveis; poetar \u00e9 ver, quando outros est\u00e3o como que cegos; poetar \u00e9 viver, quando ao redor muitos est\u00e3o vegetando ou morrendo; poetar \u00e9 tirar da alma, por meio da harpa espiritual, a bela m\u00fasica que encanta e suaviza, que exalta e enobrece, que vivifica e enleva.<\/p><\/blockquote>\n<p><i>Eben\u00e9zer Soares Ferreira<\/i><i><\/i><\/p>\n","protected":false},"excerpt":{"rendered":"<p>Amo os poetas. Admiro as musas. Extasio-me ao ler as belas poesias. Elas me falam n\u00e3o s\u00f3 do belo, mas, tamb\u00e9m, da alma e da candura dos poetas. Poesia \u00e9 o reflexo da alma. Poetar \u00e9 sentir, quando outros s\u00e3o insens\u00edveis; poetar \u00e9 ver, quando outros est\u00e3o como que cegos; poetar \u00e9 viver, quando ao [&hellip;]<\/p>\n","protected":false},"author":24,"featured_media":0,"parent":0,"menu_order":2,"comment_status":"open","ping_status":"open","template":"","meta":{"footnotes":""},"class_list":["post-9","page","type-page","status-publish","hentry"],"_links":{"self":[{"href":"https:\/\/ultimato.com.br\/sites\/antologia-de-poetas-evangelicos\/wp-json\/wp\/v2\/pages\/9","targetHints":{"allow":["GET"]}}],"collection":[{"href":"https:\/\/ultimato.com.br\/sites\/antologia-de-poetas-evangelicos\/wp-json\/wp\/v2\/pages"}],"about":[{"href":"https:\/\/ultimato.com.br\/sites\/antologia-de-poetas-evangelicos\/wp-json\/wp\/v2\/types\/page"}],"author":[{"embeddable":true,"href":"https:\/\/ultimato.com.br\/sites\/antologia-de-poetas-evangelicos\/wp-json\/wp\/v2\/users\/24"}],"replies":[{"embeddable":true,"href":"https:\/\/ultimato.com.br\/sites\/antologia-de-poetas-evangelicos\/wp-json\/wp\/v2\/comments?post=9"}],"version-history":[{"count":2,"href":"https:\/\/ultimato.com.br\/sites\/antologia-de-poetas-evangelicos\/wp-json\/wp\/v2\/pages\/9\/revisions"}],"predecessor-version":[{"id":36,"href":"https:\/\/ultimato.com.br\/sites\/antologia-de-poetas-evangelicos\/wp-json\/wp\/v2\/pages\/9\/revisions\/36"}],"wp:attachment":[{"href":"https:\/\/ultimato.com.br\/sites\/antologia-de-poetas-evangelicos\/wp-json\/wp\/v2\/media?parent=9"}],"curies":[{"name":"wp","href":"https:\/\/api.w.org\/{rel}","templated":true}]}}

<blockquote><p>Amo os poetas. Admiro as musas. Extasio-me ao ler as belas poesias. Elas me falam não só do belo, mas, também, da alma e da candura dos poetas.</p>
<p>Poesia é o reflexo da alma. Poetar é sentir, quando outros são insensíveis; poetar é ver, quando outros estão como que cegos; poetar é viver, quando ao redor muitos estão vegetando ou morrendo; poetar é tirar da alma, por meio da harpa espiritual, a bela música que encanta e suaviza, que exalta e enobrece, que vivifica e enleva.</p></blockquote>
<p><i>Ebenézer Soares Ferreira</i><i></i></p>

<p>Amo os poetas. Admiro as musas. Extasio-me ao ler as belas poesias. Elas me falam não só do belo, mas, também, da alma e da candura dos poetas. Poesia é o reflexo da alma. Poetar é sentir, quando outros são insensíveis; poetar é ver, quando outros estão como que cegos; poetar é viver, quando ao [&hellip;]</p>
