{"id":8,"date":"2014-04-24T02:34:38","date_gmt":"2014-04-24T02:34:38","guid":{"rendered":"http:\/\/ultimato.com.br\/sites\/antes-de-casar\/?page_id=8"},"modified":"2014-04-24T02:38:54","modified_gmt":"2014-04-24T02:38:54","slug":"o-que-disseram","status":"publish","type":"page","link":"https:\/\/ultimato.com.br\/sites\/antes-de-casar\/o-que-disseram\/","title":{"rendered":"O que disseram"},"content":{"rendered":"<blockquote><p>Neste livro voc\u00ea n\u00e3o encontrar\u00e1 passos te\u00f3ricos pra um casamento feliz, nem um comp\u00eandio de ideias ut\u00f3picas. <b><i>Antes de Casar<\/i><\/b><i> <\/i>\u00e9 resultado de vida, de hist\u00f3ria, resultado da experi\u00eancia de quem viveu, estudou e ouviu muito. Encontrar\u00e1 aqui conselhos de quem vive o que fala, de quem j\u00e1 ajudou muita gente e de quem passa os dias pensando em como ajudar voc\u00ea a desfrutar mais da gl\u00f3ria de Deus e tornar os seus dias e o seu casamento mais pr\u00f3ximos do seu reino.<\/p><\/blockquote>\n<p><i>Lia T. C. Hon\u00f3rio<\/i><\/p>\n<blockquote><p><i><\/i><b><i>Antes de Casar<\/i><\/b><i> <\/i>n\u00e3o \u00e9 uma receita m\u00e1gica, mas posso garantir que ele traz princ\u00edpios indispens\u00e1veis para um casamento bem-sucedido. A proposta \u00e9 que seja uma leitura a tr\u00eas e muito agrad\u00e1vel, assim como um caf\u00e9 fresquinho ao final da tarde ou uma boa caminhada \u00e0 beira da praia.<\/p><\/blockquote>\n<p><i>Jo\u00e3o Neto<\/i><\/p>\n","protected":false},"excerpt":{"rendered":"<p>Neste livro voc\u00ea n\u00e3o encontrar\u00e1 passos te\u00f3ricos pra um casamento feliz, nem um comp\u00eandio de ideias ut\u00f3picas. Antes de Casar \u00e9 resultado de vida, de hist\u00f3ria, resultado da experi\u00eancia de quem viveu, estudou e ouviu muito. Encontrar\u00e1 aqui conselhos de quem vive o que fala, de quem j\u00e1 ajudou muita gente e de quem passa [&hellip;]<\/p>\n","protected":false},"author":24,"featured_media":0,"parent":0,"menu_order":1,"comment_status":"open","ping_status":"open","template":"","meta":{"footnotes":""},"class_list":["post-8","page","type-page","status-publish","hentry"],"_links":{"self":[{"href":"https:\/\/ultimato.com.br\/sites\/antes-de-casar\/wp-json\/wp\/v2\/pages\/8","targetHints":{"allow":["GET"]}}],"collection":[{"href":"https:\/\/ultimato.com.br\/sites\/antes-de-casar\/wp-json\/wp\/v2\/pages"}],"about":[{"href":"https:\/\/ultimato.com.br\/sites\/antes-de-casar\/wp-json\/wp\/v2\/types\/page"}],"author":[{"embeddable":true,"href":"https:\/\/ultimato.com.br\/sites\/antes-de-casar\/wp-json\/wp\/v2\/users\/24"}],"replies":[{"embeddable":true,"href":"https:\/\/ultimato.com.br\/sites\/antes-de-casar\/wp-json\/wp\/v2\/comments?post=8"}],"version-history":[{"count":2,"href":"https:\/\/ultimato.com.br\/sites\/antes-de-casar\/wp-json\/wp\/v2\/pages\/8\/revisions"}],"predecessor-version":[{"id":32,"href":"https:\/\/ultimato.com.br\/sites\/antes-de-casar\/wp-json\/wp\/v2\/pages\/8\/revisions\/32"}],"wp:attachment":[{"href":"https:\/\/ultimato.com.br\/sites\/antes-de-casar\/wp-json\/wp\/v2\/media?parent=8"}],"curies":[{"name":"wp","href":"https:\/\/api.w.org\/{rel}","templated":true}]}}