{"id":5,"date":"2014-04-24T02:34:03","date_gmt":"2014-04-24T02:34:03","guid":{"rendered":"http:\/\/ultimato.com.br\/sites\/antes-de-casar\/?page_id=5"},"modified":"2014-04-25T20:29:37","modified_gmt":"2014-04-25T20:29:37","slug":"o-livro","status":"publish","type":"page","link":"https:\/\/ultimato.com.br\/sites\/antes-de-casar\/","title":{"rendered":"O livro"},"content":{"rendered":"<p><b>Antes de Casar<\/b> n\u00e3o \u00e9 um livro de receitas, assim como o casamento n\u00e3o \u00e9 um rem\u00e9dio que leva \u00e0 felicidade.<\/p>\n<p><b>Antes de Casar<\/b> tamb\u00e9m n\u00e3o combina com propaganda de margarina, nem com a idealiza\u00e7\u00e3o do casamento.<\/p>\n<p>\u00c9 muito melhor. Leonora Ciribelli convida os namorados, noivos e mesmo aqueles que j\u00e1 s\u00e3o casados a conversarem sobre as motiva\u00e7\u00f5es do casamento, sobre a escolha do c\u00f4njuge, sobre dinheiro, perd\u00e3o, fam\u00edlia de origem, diferen\u00e7as, sexo e espiritualidade.<\/p>\n<p>Quais s\u00e3o as perguntas que nem sempre s\u00e3o feitas antes do casamento, mas que aparecem logo depois da lua de mel? Como entender melhor a vontade de Deus e os passos para a constru\u00e7\u00e3o de um casamento saud\u00e1vel?<\/p>\n<p>Vamos conversar?<\/p>\n<p><iframe loading=\"lazy\" width=\"560\" height=\"315\" src=\"\/\/www.youtube.com\/embed\/GHkut8c5Vd8\" frameborder=\"0\" allowfullscreen><\/iframe><\/p>\n","protected":false},"excerpt":{"rendered":"<p>Antes de Casar n\u00e3o \u00e9 um livro de receitas, assim como o casamento n\u00e3o \u00e9 um rem\u00e9dio que leva \u00e0 felicidade. Antes de Casar tamb\u00e9m n\u00e3o combina com propaganda de margarina, nem com a idealiza\u00e7\u00e3o do casamento. \u00c9 muito melhor. Leonora Ciribelli convida os namorados, noivos e mesmo aqueles que j\u00e1 s\u00e3o casados a conversarem [&hellip;]<\/p>\n","protected":false},"author":24,"featured_media":0,"parent":0,"menu_order":0,"comment_status":"open","ping_status":"open","template":"","meta":{"footnotes":""},"class_list":["post-5","page","type-page","status-publish","hentry"],"_links":{"self":[{"href":"https:\/\/ultimato.com.br\/sites\/antes-de-casar\/wp-json\/wp\/v2\/pages\/5","targetHints":{"allow":["GET"]}}],"collection":[{"href":"https:\/\/ultimato.com.br\/sites\/antes-de-casar\/wp-json\/wp\/v2\/pages"}],"about":[{"href":"https:\/\/ultimato.com.br\/sites\/antes-de-casar\/wp-json\/wp\/v2\/types\/page"}],"author":[{"embeddable":true,"href":"https:\/\/ultimato.com.br\/sites\/antes-de-casar\/wp-json\/wp\/v2\/users\/24"}],"replies":[{"embeddable":true,"href":"https:\/\/ultimato.com.br\/sites\/antes-de-casar\/wp-json\/wp\/v2\/comments?post=5"}],"version-history":[{"count":3,"href":"https:\/\/ultimato.com.br\/sites\/antes-de-casar\/wp-json\/wp\/v2\/pages\/5\/revisions"}],"predecessor-version":[{"id":46,"href":"https:\/\/ultimato.com.br\/sites\/antes-de-casar\/wp-json\/wp\/v2\/pages\/5\/revisions\/46"}],"wp:attachment":[{"href":"https:\/\/ultimato.com.br\/sites\/antes-de-casar\/wp-json\/wp\/v2\/media?parent=5"}],"curies":[{"name":"wp","href":"https:\/\/api.w.org\/{rel}","templated":true}]}}