{"id":5,"date":"2011-03-31T15:07:40","date_gmt":"2011-03-31T18:07:40","guid":{"rendered":"http:\/\/ultimato.com.br\/sites\/amar-outra-vez\/"},"modified":"2011-04-19T16:54:23","modified_gmt":"2011-04-19T19:54:23","slug":"o-autor","status":"publish","type":"page","link":"https:\/\/ultimato.com.br\/sites\/amar-outra-vez\/o-autor\/","title":{"rendered":"O autor"},"content":{"rendered":"<p>Entrevista com o autor:<\/p>\n<p><iframe loading=\"lazy\" title=\"Prateleira #2: Amar Outra Vez\" width=\"500\" height=\"281\" src=\"https:\/\/www.youtube.com\/embed\/3Nr714j7H80?feature=oembed\" frameborder=\"0\" allow=\"accelerometer; autoplay; clipboard-write; encrypted-media; gyroscope; picture-in-picture; web-share\" referrerpolicy=\"strict-origin-when-cross-origin\" allowfullscreen><\/iframe><br \/>\n<strong><a href=\"http:\/\/ultimato.com.br\/sites\/amar-outra-vez\/files\/2011\/03\/foto.jpg\" class=\"lightview\" data-lightview-group=\"group-5\" data-lightview-options=\"skin: 'dark', controls: 'relative', padding: '10', shadow: { color: '#000000', opacity: 0.08, blur: 3 }\" data-lightview-title=\"foto\"><img loading=\"lazy\" decoding=\"async\" class=\"alignleft size-full wp-image-32\" title=\"foto\" src=\"http:\/\/ultimato.com.br\/sites\/amar-outra-vez\/files\/2011\/03\/foto.jpg\" alt=\"\" width=\"200\" height=\"200\" srcset=\"https:\/\/ultimato.com.br\/sites\/amar-outra-vez\/files\/2011\/03\/foto.jpg 200w, https:\/\/ultimato.com.br\/sites\/amar-outra-vez\/files\/2011\/03\/foto-150x150.jpg 150w\" sizes=\"auto, (max-width: 200px) 100vw, 200px\" \/><\/a>Rinaldo Berbert <\/strong>\u00e9 casado com Priscilla e pai de tr\u00eas filhos. \u00c9 especialista em teologia sistem\u00e1tica pelo Centro Presbiteriano de P\u00f3s-Gradua\u00e7\u00e3o Andrew Jumper e pastoreia a Igreja Presbiteriana de Carapina, na grande Vit\u00f3ria, ES.<\/p>\n<p><strong> <\/strong><\/p>\n<p><strong>&gt;&gt; Pergunte ao autor<\/strong><\/p>\n<p>Pergunte ao autor e a resposta \u00e0 sua pergunta pode ser tamb\u00e9m a resposta \u00e0 pergunta de muitos leitores.<\/p>\n<p>Use o espa\u00e7o do coment\u00e1rio. Rinaldo Berbert ir\u00e1 tirar suas d\u00favidas ligadas a reconcilia\u00e7\u00e3o aqui mesmo no hotsite. Fique \u00e0 vontade para perguntar anonimamente.<\/p>\n","protected":false},"excerpt":{"rendered":"<p>Entrevista com o autor: Rinaldo Berbert \u00e9 casado com Priscilla e pai de tr\u00eas filhos. \u00c9 especialista em teologia sistem\u00e1tica pelo Centro Presbiteriano de P\u00f3s-Gradua\u00e7\u00e3o Andrew Jumper e pastoreia a Igreja Presbiteriana de Carapina, na grande Vit\u00f3ria, ES. &gt;&gt; Pergunte ao autor Pergunte ao autor e a resposta \u00e0 sua pergunta pode ser tamb\u00e9m a [&hellip;]<\/p>\n","protected":false},"author":8,"featured_media":0,"parent":0,"menu_order":2,"comment_status":"open","ping_status":"open","template":"","meta":{"footnotes":""},"class_list":["post-5","page","type-page","status-publish","hentry"],"_links":{"self":[{"href":"https:\/\/ultimato.com.br\/sites\/amar-outra-vez\/wp-json\/wp\/v2\/pages\/5","targetHints":{"allow":["GET"]}}],"collection":[{"href":"https:\/\/ultimato.com.br\/sites\/amar-outra-vez\/wp-json\/wp\/v2\/pages"}],"about":[{"href":"https:\/\/ultimato.com.br\/sites\/amar-outra-vez\/wp-json\/wp\/v2\/types\/page"}],"author":[{"embeddable":true,"href":"https:\/\/ultimato.com.br\/sites\/amar-outra-vez\/wp-json\/wp\/v2\/users\/8"}],"replies":[{"embeddable":true,"href":"https:\/\/ultimato.com.br\/sites\/amar-outra-vez\/wp-json\/wp\/v2\/comments?post=5"}],"version-history":[{"count":8,"href":"https:\/\/ultimato.com.br\/sites\/amar-outra-vez\/wp-json\/wp\/v2\/pages\/5\/revisions"}],"predecessor-version":[{"id":41,"href":"https:\/\/ultimato.com.br\/sites\/amar-outra-vez\/wp-json\/wp\/v2\/pages\/5\/revisions\/41"}],"wp:attachment":[{"href":"https:\/\/ultimato.com.br\/sites\/amar-outra-vez\/wp-json\/wp\/v2\/media?parent=5"}],"curies":[{"name":"wp","href":"https:\/\/api.w.org\/{rel}","templated":true}]}}