{"id":11,"date":"2017-03-29T16:09:46","date_gmt":"2017-03-29T19:09:46","guid":{"rendered":"http:\/\/ultimato.com.br\/sites\/acontece-melhores-familias\/?page_id=11"},"modified":"2017-04-05T14:28:45","modified_gmt":"2017-04-05T17:28:45","slug":"o-autor","status":"publish","type":"page","link":"https:\/\/ultimato.com.br\/sites\/acontece-melhores-familias\/o-autor\/","title":{"rendered":"O Autor"},"content":{"rendered":"<p><strong><img loading=\"lazy\" decoding=\"async\" class=\"size-thumbnail wp-image-37 alignleft\" src=\"http:\/\/ultimato.com.br\/sites\/acontece-melhores-familias\/files\/2017\/03\/foto_mef-150x150.jpg\" alt=\"\" width=\"150\" height=\"150\" srcset=\"https:\/\/ultimato.com.br\/sites\/acontece-melhores-familias\/files\/2017\/03\/foto_mef-150x150.jpg 150w, https:\/\/ultimato.com.br\/sites\/acontece-melhores-familias\/files\/2017\/03\/foto_mef-300x300.jpg 300w, https:\/\/ultimato.com.br\/sites\/acontece-melhores-familias\/files\/2017\/03\/foto_mef.jpg 400w\" sizes=\"auto, (max-width: 150px) 100vw, 150px\" \/><\/strong><\/p>\n<p>&nbsp;<\/p>\n<p><strong>Carlos \u201cCatito\u201d Grzybowski<\/strong>\u00a0\u00e9 psic\u00f3logo, terapeuta familiar,\u00a0mestre em psicologia e doutor em lingu\u00edstica aplicada. \u00c9 coordenador para o Brasil de EIRENE,\u00a0associa\u00e7\u00e3o\u00a0dedicada\u00a0\u00e0 sa\u00fade integral da fam\u00edlia, presente em diversos pa\u00edses da Am\u00e9rica Latina. \u00c9 autor de\u00a0<em>Como se Livrar de um Mau Casamento<\/em>,\u00a0<em>Macho e F\u00eamea os Criou<\/em>\u00a0e\u00a0<em>Pais Santos, Filhos Nem Tanto<\/em>, entre outros.<\/p>\n<p>&nbsp;<\/p>\n<p><strong><img loading=\"lazy\" decoding=\"async\" class=\"size-thumbnail wp-image-39 alignleft\" src=\"http:\/\/ultimato.com.br\/sites\/acontece-melhores-familias\/files\/2017\/03\/foto_maldonado-150x150.jpg\" alt=\"\" width=\"150\" height=\"150\" srcset=\"https:\/\/ultimato.com.br\/sites\/acontece-melhores-familias\/files\/2017\/03\/foto_maldonado-150x150.jpg 150w, https:\/\/ultimato.com.br\/sites\/acontece-melhores-familias\/files\/2017\/03\/foto_maldonado-300x300.jpg 300w, https:\/\/ultimato.com.br\/sites\/acontece-melhores-familias\/files\/2017\/03\/foto_maldonado.jpg 400w\" sizes=\"auto, (max-width: 150px) 100vw, 150px\" \/><\/strong><\/p>\n<p>&nbsp;<\/p>\n<p><strong>Jorge E. Maldonado<\/strong>\u00a0\u00e9\u00a0psic\u00f3logo e\u00a0pastor\u00a0de origem equatoriana\u00a0e possui uma longa trajet\u00f3ria como terapeuta familiar. \u00c9 presidente de EIRENE\u00a0Internacional,\u00a0conferencista e autor de\u00a0<em>Crises e Perdas na Fam\u00edlia<\/em>,<em>\u00a0<\/em>entre outros.\u00a0Aposentado, vive nos Estados Unidos.<\/p>\n","protected":false},"excerpt":{"rendered":"<p>&nbsp; Carlos \u201cCatito\u201d Grzybowski\u00a0\u00e9 psic\u00f3logo, terapeuta familiar,\u00a0mestre em psicologia e doutor em lingu\u00edstica aplicada. \u00c9 coordenador para o Brasil de EIRENE,\u00a0associa\u00e7\u00e3o\u00a0dedicada\u00a0\u00e0 sa\u00fade integral da fam\u00edlia, presente em diversos pa\u00edses da Am\u00e9rica Latina. \u00c9 autor de\u00a0Como se Livrar de um Mau Casamento,\u00a0Macho e F\u00eamea os Criou\u00a0e\u00a0Pais Santos, Filhos Nem Tanto, entre outros. &nbsp; &nbsp; Jorge E. [&hellip;]<\/p>\n","protected":false},"author":24,"featured_media":0,"parent":0,"menu_order":3,"comment_status":"closed","ping_status":"closed","template":"","meta":{"footnotes":""},"class_list":["post-11","page","type-page","status-publish","hentry"],"_links":{"self":[{"href":"https:\/\/ultimato.com.br\/sites\/acontece-melhores-familias\/wp-json\/wp\/v2\/pages\/11","targetHints":{"allow":["GET"]}}],"collection":[{"href":"https:\/\/ultimato.com.br\/sites\/acontece-melhores-familias\/wp-json\/wp\/v2\/pages"}],"about":[{"href":"https:\/\/ultimato.com.br\/sites\/acontece-melhores-familias\/wp-json\/wp\/v2\/types\/page"}],"author":[{"embeddable":true,"href":"https:\/\/ultimato.com.br\/sites\/acontece-melhores-familias\/wp-json\/wp\/v2\/users\/24"}],"replies":[{"embeddable":true,"href":"https:\/\/ultimato.com.br\/sites\/acontece-melhores-familias\/wp-json\/wp\/v2\/comments?post=11"}],"version-history":[{"count":5,"href":"https:\/\/ultimato.com.br\/sites\/acontece-melhores-familias\/wp-json\/wp\/v2\/pages\/11\/revisions"}],"predecessor-version":[{"id":41,"href":"https:\/\/ultimato.com.br\/sites\/acontece-melhores-familias\/wp-json\/wp\/v2\/pages\/11\/revisions\/41"}],"wp:attachment":[{"href":"https:\/\/ultimato.com.br\/sites\/acontece-melhores-familias\/wp-json\/wp\/v2\/media?parent=11"}],"curies":[{"name":"wp","href":"https:\/\/api.w.org\/{rel}","templated":true}]}}