{"id":4,"date":"2014-04-09T17:20:45","date_gmt":"2014-04-09T17:20:45","guid":{"rendered":"http:\/\/ultimato.com.br\/sites\/a-morte-da-razao\/?page_id=4"},"modified":"2014-04-09T17:25:28","modified_gmt":"2014-04-09T17:25:28","slug":"o-livro","status":"publish","type":"page","link":"https:\/\/ultimato.com.br\/sites\/a-morte-da-razao\/","title":{"rendered":"O livro"},"content":{"rendered":"<p>A \u201craz\u00e3o\u201d \u00e9 a nossa capacidade de pensar, avaliar, ponderar.<\/p>\n<p>A \u201cmorte da raz\u00e3o\u201d \u00e9 mais do que uma frase de efeito ou mat\u00e9ria para discuss\u00e3o intelectual. \u00c9, na verdade, um assunto essencial para aqueles que querem falar do evangelho nos nossos dias.<\/p>\n<p>Hoje, o que vale \u00e9 \u201co que voc\u00ea est\u00e1 sentindo no cora\u00e7\u00e3o\u201d. \u00c9 assim na m\u00fasica, na TV, no cinema, enfim, no mundo das artes, e tamb\u00e9m na igreja.<\/p>\n<p>Estamos no s\u00e9culo 21 e as pessoas continuam correndo atr\u00e1s de experi\u00eancias. Abrem m\u00e3o de pensar. Mesmo os crist\u00e3os apresentam um evangelho com pouco ou nenhum significado, cheio de s\u00edmbolos e emo\u00e7\u00f5es, que, cada vez mais, resulta na \u201cmorte\u201d da raz\u00e3o.<\/p>\n<p>Como entender uma sociedade assim e comunicar-lhe o evangelho? Como o pensamento e a cultura moderna chegaram at\u00e9 aqui? <b>A Morte da Raz\u00e3o<\/b> responde a estas e outras perguntas, e, melhor, mostra tanto o prop\u00f3sito como a esperan\u00e7a que encontramos na reflex\u00e3o b\u00edblica.<\/p>\n","protected":false},"excerpt":{"rendered":"<p>A \u201craz\u00e3o\u201d \u00e9 a nossa capacidade de pensar, avaliar, ponderar. A \u201cmorte da raz\u00e3o\u201d \u00e9 mais do que uma frase de efeito ou mat\u00e9ria para discuss\u00e3o intelectual. \u00c9, na verdade, um assunto essencial para aqueles que querem falar do evangelho nos nossos dias. Hoje, o que vale \u00e9 \u201co que voc\u00ea est\u00e1 sentindo no cora\u00e7\u00e3o\u201d. [&hellip;]<\/p>\n","protected":false},"author":24,"featured_media":0,"parent":0,"menu_order":1,"comment_status":"open","ping_status":"open","template":"","meta":{"footnotes":""},"class_list":["post-4","page","type-page","status-publish","hentry"],"_links":{"self":[{"href":"https:\/\/ultimato.com.br\/sites\/a-morte-da-razao\/wp-json\/wp\/v2\/pages\/4","targetHints":{"allow":["GET"]}}],"collection":[{"href":"https:\/\/ultimato.com.br\/sites\/a-morte-da-razao\/wp-json\/wp\/v2\/pages"}],"about":[{"href":"https:\/\/ultimato.com.br\/sites\/a-morte-da-razao\/wp-json\/wp\/v2\/types\/page"}],"author":[{"embeddable":true,"href":"https:\/\/ultimato.com.br\/sites\/a-morte-da-razao\/wp-json\/wp\/v2\/users\/24"}],"replies":[{"embeddable":true,"href":"https:\/\/ultimato.com.br\/sites\/a-morte-da-razao\/wp-json\/wp\/v2\/comments?post=4"}],"version-history":[{"count":2,"href":"https:\/\/ultimato.com.br\/sites\/a-morte-da-razao\/wp-json\/wp\/v2\/pages\/4\/revisions"}],"predecessor-version":[{"id":27,"href":"https:\/\/ultimato.com.br\/sites\/a-morte-da-razao\/wp-json\/wp\/v2\/pages\/4\/revisions\/27"}],"wp:attachment":[{"href":"https:\/\/ultimato.com.br\/sites\/a-morte-da-razao\/wp-json\/wp\/v2\/media?parent=4"}],"curies":[{"name":"wp","href":"https:\/\/api.w.org\/{rel}","templated":true}]}}