{"id":6,"date":"2013-06-07T04:51:28","date_gmt":"2013-06-07T04:51:28","guid":{"rendered":"http:\/\/ultimato.com.br\/sites\/a-missao-de-interceder\/?page_id=6"},"modified":"2013-06-12T16:23:04","modified_gmt":"2013-06-12T16:23:04","slug":"o-livro","status":"publish","type":"page","link":"https:\/\/ultimato.com.br\/sites\/a-missao-de-interceder\/","title":{"rendered":"O Livro"},"content":{"rendered":"<p><iframe loading=\"lazy\" width=\"600\" height=\"338\" src=\"http:\/\/www.youtube.com\/embed\/EgojFoeHrRI\" frameborder=\"0\" allowfullscreen><\/iframe><br \/>\nQuais s\u00e3o os desafios e motivos espec\u00edficos para um minist\u00e9rio de ora\u00e7\u00e3o que v\u00e1 al\u00e9m da minha casa, da minha igreja e do meu pa\u00eds?<\/p>\n<p>O lan\u00e7amento da segunda edi\u00e7\u00e3o ampliada de\u00a0<strong>A Miss\u00e3o de Interceder<\/strong>, uma parceria da Editora Ultimato com o Betel Brasileiro e Betel Publica\u00e7\u00f5es, \u00e9 uma resposta \u00e0 esta pergunta e atende a Igreja brasileira na pr\u00e1tica da intercess\u00e3o mission\u00e1ria.<\/p>\n<p>Mais do que um manual ou uma exposi\u00e7\u00e3o acad\u00eamica sobre a ora\u00e7\u00e3o, <strong>A Miss\u00e3o de Interceder<\/strong> contribui para o despertamento da igreja e conduz o intercessor \u00e0 coer\u00eancia entre a sua f\u00e9 e \u00e0 pr\u00e1tica di\u00e1ria, al\u00e9m de oferecer um leque de informa\u00e7\u00f5es para o exerc\u00edcio da miss\u00e3o de interceder.<\/p>\n","protected":false},"excerpt":{"rendered":"<p>Quais s\u00e3o os desafios e motivos espec\u00edficos para um minist\u00e9rio de ora\u00e7\u00e3o que v\u00e1 al\u00e9m da minha casa, da minha igreja e do meu pa\u00eds? O lan\u00e7amento da segunda edi\u00e7\u00e3o ampliada de\u00a0A Miss\u00e3o de Interceder, uma parceria da Editora Ultimato com o Betel Brasileiro e Betel Publica\u00e7\u00f5es, \u00e9 uma resposta \u00e0 esta pergunta e atende [&hellip;]<\/p>\n","protected":false},"author":24,"featured_media":0,"parent":0,"menu_order":1,"comment_status":"open","ping_status":"closed","template":"","meta":{"footnotes":""},"class_list":["post-6","page","type-page","status-publish","hentry"],"_links":{"self":[{"href":"https:\/\/ultimato.com.br\/sites\/a-missao-de-interceder\/wp-json\/wp\/v2\/pages\/6","targetHints":{"allow":["GET"]}}],"collection":[{"href":"https:\/\/ultimato.com.br\/sites\/a-missao-de-interceder\/wp-json\/wp\/v2\/pages"}],"about":[{"href":"https:\/\/ultimato.com.br\/sites\/a-missao-de-interceder\/wp-json\/wp\/v2\/types\/page"}],"author":[{"embeddable":true,"href":"https:\/\/ultimato.com.br\/sites\/a-missao-de-interceder\/wp-json\/wp\/v2\/users\/24"}],"replies":[{"embeddable":true,"href":"https:\/\/ultimato.com.br\/sites\/a-missao-de-interceder\/wp-json\/wp\/v2\/comments?post=6"}],"version-history":[{"count":5,"href":"https:\/\/ultimato.com.br\/sites\/a-missao-de-interceder\/wp-json\/wp\/v2\/pages\/6\/revisions"}],"predecessor-version":[{"id":51,"href":"https:\/\/ultimato.com.br\/sites\/a-missao-de-interceder\/wp-json\/wp\/v2\/pages\/6\/revisions\/51"}],"wp:attachment":[{"href":"https:\/\/ultimato.com.br\/sites\/a-missao-de-interceder\/wp-json\/wp\/v2\/media?parent=6"}],"curies":[{"name":"wp","href":"https:\/\/api.w.org\/{rel}","templated":true}]}}