{"id":70,"date":"2013-12-12T16:27:58","date_gmt":"2013-12-12T16:27:58","guid":{"rendered":"http:\/\/ultimato.com.br\/sites\/a-igreja-autentica\/?page_id=70"},"modified":"2013-12-12T16:45:01","modified_gmt":"2013-12-12T16:45:01","slug":"sonho","status":"publish","type":"page","link":"https:\/\/ultimato.com.br\/sites\/a-igreja-autentica\/extras\/sonho\/","title":{"rendered":"Sonho com uma Igreja Viva"},"content":{"rendered":"<p><b>Sonho com uma Igreja Viva <\/b><\/p>\n<p>&nbsp;<\/p>\n<p>Sonho com uma igreja que seja uma <b>igreja b\u00edblica<\/b> \u2013\u00a0que seja leal em cada detalhe \u00e0 revela\u00e7\u00e3o de Deus na Escritura,\u00a0cujos pastores exp\u00f5em a Escritura com integridade e relev\u00e2ncia,\u00a0e assim procuram apresentar cada membro maduro em Cristo,\u00a0cujo povo ama a palavra de Deus, e a adornam com uma vida\u00a0obediente e semelhante a Cristo,\u00a0que seja preservada de todas as \u00eanfases n\u00e3o b\u00edblicas,\u00a0cuja vida inteira manifeste a sa\u00fade e beleza do equil\u00edbrio\u00a0b\u00edblico.\u00a0Sonho com uma igreja <b>b\u00edblica<\/b>.<\/p>\n<p>&nbsp;<\/p>\n<p>Sonho com uma igreja que seja uma <b>igreja adoradora<\/b> \u2013\u00a0cujo povo se re\u00fana para se encontrar com Deus e ador\u00e1-lo,\u00a0que sabe que Deus sempre est\u00e1 no meio deles e que se curva\u00a0diante dele em grande humildade,\u00a0que frequente regularmente a mesa do Senhor Jesus, para\u00a0celebrar seu poderoso ato de reden\u00e7\u00e3o na cruz,\u00a0que enrique\u00e7a o culto com suas habilidades musicais,\u00a0que creia na ora\u00e7\u00e3o e se apegue a Deus em ora\u00e7\u00e3o,\u00a0cuja adora\u00e7\u00e3o seja expressa n\u00e3o s\u00f3 nos cultos de domingo e nas\u00a0reuni\u00f5es de ora\u00e7\u00e3o, mas tamb\u00e9m em suas casas, no trabalho\u00a0durante a semana e nas coisas comuns da vida.\u00a0Sonho com uma igreja <b>adoradora<\/b>.<\/p>\n<p>&nbsp;<\/p>\n<p>Sonho com uma igreja que seja uma <b>igreja acolhedora<\/b> \u2013\u00a0cuja congrega\u00e7\u00e3o seja formada de muitas ra\u00e7as, na\u00e7\u00f5es, idades\u00a0e origens sociais, e manifeste a unidade e diversidade da\u00a0fam\u00edlia de Deus,\u00a0cuja comunh\u00e3o seja calorosa e receptiva, jamais manchada por\u00a0ira, ego\u00edsmo, ci\u00fames ou orgulho,\u00a0cujos membros amem com fervor uns aos outros com cora\u00e7\u00e3o\u00a0puro, suportando uns aos outros, perdoando uns aos outros\u00a0e levando as cargas uns dos outros,\u00a0que ofere\u00e7a amizade aos solit\u00e1rios, apoio aos fracos e aceita\u00e7\u00e3o\u00a0aos que s\u00e3o desprezados e rejeitados pela sociedade,\u00a0cujo amor derrame sobre o mundo exterior o amor atraente,\u00a0contagioso e irresist\u00edvel do pr\u00f3prio Deus.\u00a0Sonho com uma igreja <b>acolhedora<\/b>.<\/p>\n<p>&nbsp;<\/p>\n<p>Sonho com uma igreja que seja uma <b>igreja que sirva<\/b> \u2013\u00a0que veja Cristo como o Servo e ou\u00e7a seu chamado para ser\u00a0tamb\u00e9m serva,\u00a0que seja liberta do interesse pr\u00f3prio, virada do avesso e se d\u00ea\u00a0de modo altru\u00edsta ao servi\u00e7o dos outros,\u00a0cujos membros obede\u00e7am ao mandamento de Cristo de viver\u00a0no mundo, permear a sociedade secular, ser o sal da terra e\u00a0a luz do mundo,\u00a0cujo povo compartilhe as boas-novas de Jesus simplesmente,\u00a0naturalmente e entusiasticamente com seus amigos,\u00a0que sirva com dilig\u00eancia \u00e0 pr\u00f3pria par\u00f3quia, bem como aos\u00a0residentes e trabalhadores, fam\u00edlias e solteiros, nacionais e\u00a0imigrantes, idosos e criancinhas,\u00a0que esteja alerta \u00e0s necessidades em mudan\u00e7a da sociedade,\u00a0sens\u00edvel e flex\u00edvel o bastante para continuar adaptando seu\u00a0programa para ser mais \u00fatil no servi\u00e7o,\u00a0que possua uma vis\u00e3o global e esteja constantemente desafiando\u00a0seus jovens a entregar a vida ao servi\u00e7o e constantemente\u00a0enviando seu povo para servir.\u00a0Sonho com uma <b>igreja que sirva<\/b>.<\/p>\n<p>&nbsp;<\/p>\n<p>Sonho com uma igreja que seja uma igreja que <b>espera<\/b> \u2013\u00a0cujos membros nunca consigam sossegar na aflu\u00eancia material\u00a0ou conforto, porque lembram que s\u00e3o estrangeiros e peregrinos\u00a0sobre a terra,\u00a0que seja ainda mais fiel e ativa porque est\u00e1 esperando e ansiando\u00a0a volta do seu Senhor,\u00a0que mantenha acesa a chama da esperan\u00e7a crist\u00e3 num mundo\u00a0escuro e desesperador,\u00a0que no dia de Cristo n\u00e3o vai se esconder dele envergonhada,\u00a0mas levantar-se exultante para receb\u00ea-lo.\u00a0Sonho com uma <b>igreja que espera<\/b>.<\/p>\n<address>__________<br \/>\nEste texto foi escrito e lido por John Stott em ocasi\u00e3o do anivers\u00e1rio de 150 anos da All Souls Church, a igreja dele na Inglaterra.<\/address>\n<p>&nbsp;<\/p>\n<p>&nbsp;<\/p>\n","protected":false},"excerpt":{"rendered":"<p>Sonho com uma Igreja Viva &nbsp; Sonho com uma igreja que seja uma igreja b\u00edblica \u2013\u00a0que seja leal em cada detalhe \u00e0 revela\u00e7\u00e3o de Deus na Escritura,\u00a0cujos pastores exp\u00f5em a Escritura com integridade e relev\u00e2ncia,\u00a0e assim procuram apresentar cada membro maduro em Cristo,\u00a0cujo povo ama a palavra de Deus, e a adornam com uma vida\u00a0obediente [&hellip;]<\/p>\n","protected":false},"author":24,"featured_media":0,"parent":11,"menu_order":5,"comment_status":"open","ping_status":"open","template":"","meta":{"footnotes":""},"class_list":["post-70","page","type-page","status-publish","hentry"],"_links":{"self":[{"href":"https:\/\/ultimato.com.br\/sites\/a-igreja-autentica\/wp-json\/wp\/v2\/pages\/70","targetHints":{"allow":["GET"]}}],"collection":[{"href":"https:\/\/ultimato.com.br\/sites\/a-igreja-autentica\/wp-json\/wp\/v2\/pages"}],"about":[{"href":"https:\/\/ultimato.com.br\/sites\/a-igreja-autentica\/wp-json\/wp\/v2\/types\/page"}],"author":[{"embeddable":true,"href":"https:\/\/ultimato.com.br\/sites\/a-igreja-autentica\/wp-json\/wp\/v2\/users\/24"}],"replies":[{"embeddable":true,"href":"https:\/\/ultimato.com.br\/sites\/a-igreja-autentica\/wp-json\/wp\/v2\/comments?post=70"}],"version-history":[{"count":4,"href":"https:\/\/ultimato.com.br\/sites\/a-igreja-autentica\/wp-json\/wp\/v2\/pages\/70\/revisions"}],"predecessor-version":[{"id":76,"href":"https:\/\/ultimato.com.br\/sites\/a-igreja-autentica\/wp-json\/wp\/v2\/pages\/70\/revisions\/76"}],"up":[{"embeddable":true,"href":"https:\/\/ultimato.com.br\/sites\/a-igreja-autentica\/wp-json\/wp\/v2\/pages\/11"}],"wp:attachment":[{"href":"https:\/\/ultimato.com.br\/sites\/a-igreja-autentica\/wp-json\/wp\/v2\/media?parent=70"}],"curies":[{"name":"wp","href":"https:\/\/api.w.org\/{rel}","templated":true}]}}